000
CXUS55 KBOU 010900
CF6APA
PRELIMINARY LOCAL CLIMATOLOGICAL DATA (WS FORM: F-6)
STATION: CENTENNIAL CO
MONTH: AUGUST
YEAR: 2022
LATITUDE: 39 33 N
LONGITUDE: 104 51 W
TEMPERATURE IN F: :PCPN: SNOW: WIND :SUNSHINE: SKY :PK WND
================================================================================
1 2 3 4 5 6A 6B 7 8 9 10 11 12 13 14 15 16 17 18
12Z AVG MX 2MIN
DY MAX MIN AVG DEP HDD CDD WTR SNW DPTH SPD SPD DIR MIN PSBL S-S WX SPD DR
================================================================================
1 93 62 78 5 0 13 0.00 M M 8.7 26 230 M M 5 33 220
2 93 68 81 8 0 16 T M M 8.7 22 360 M M 7 3 27 360
3 89 64 77 4 0 12 T M M 7.0 23 200 M M 5 28 200
4 94 66 80 7 0 15 0.00 M M 9.8 32 170 M M 4 46 170
5 97 66 82 10 0 17 T M M 6.2 20 310 M M 5 26 310
6 92 66 79 7 0 14 0.05 M M 6.7 32 160 M M 6 3 46 140
7 83 61 72 0 0 7 0.09 M M 9.2 23 210 M M 7 3 32 210
8 89 59 74 2 0 9 0.00 M M 8.8 24 170 M M 4 32 170
9 92 63 78 6 0 13 0.00 M M 8.2 16 170 M M 3 24 90
10 91 64 78 6 0 13 0.00 M M 10.5 21 180 M M 1 30 180
11 95 66 81 9 0 16 0.00 M M 10.5 21 170 M M 3 8 29 170
12 92 64 78 6 0 13 0.00 M M 6.5 17 180 M M 3 25 180
13 93 62 78 7 0 13 T M M 9.1 28 230 M M 4 36 230
14 92 63 78 7 0 13 0.15 M M 8.5 22 290 M M 5 3 28 300
15 84 58 71 0 0 6 1.28 M M 6.4 44 270 M M 7 13 63 280
16 68 60 64 -7 1 0 0.65 M M 6.3 10 230 M M 9 1 M M
17 80 55 68 -3 0 3 0.00 M M 4.8 13 210 M M 4 17 210
18 85 56 71 0 0 6 0.00 M M 7.0 16 10 M M 2 22 10
19 81 57 69 -1 0 4 0.00 M M 7.8 18 120 M M 5 3 24 350
20 75 57 66 -4 0 1 0.15 M M 9.0 25 170 M M 7 3 35 140
21 79 58 69 -1 0 4 0.29 M M 8.5 21 230 M M 7 13 28 260
22 81 59 70 0 0 5 0.03 M M 7.1 18 170 M M 6 3 24 180
23 83 57 70 0 0 5 0.00 M M 6.4 14 180 M M 3 20 160
24 84 57 71 1 0 6 0.00 M M 6.5 15 180 M M 2 22 180
25 85 57 71 2 0 6 T M M 7.7 24 240 M M 5 3 34 240
26 81 61 71 2 0 6 0.00 M M 7.7 22 160 M M 8 29 170
27 85 56 71 2 0 6 T M M 7.2 31 320 M M 3 43 30
28 86 61 74 5 0 9 T M M 9.6 36 240 M M 4 3 50 220
29 84 56 70 2 0 5 0.00 M M 5.8 13 160 M M 2 18 170
30 89 61 75 7 0 10 0.00 M M 7.4 20 170 M M 1 27 180
31 89 60 75 7 0 10 0.01 M M 8.0 23 30 M M 5 3 37 30
================================================================================
SM 2684 1880 1 276 2.70 M 241.6 M 142
================================================================================
AV 86.6 60.6 7.8 FASTST M M 5 MAX(MPH)
MISC ----> 44 270 63 280
================================================================================
NOTES:
# LAST OF SEVERAL OCCURRENCES
COLUMN 17 PEAK WIND IN M.P.H.
PRELIMINARY LOCAL CLIMATOLOGICAL DATA (WS FORM: F-6) , PAGE 2
STATION: CENTENNIAL CO
MONTH: AUGUST
YEAR: 2022
LATITUDE: 39 33 N
LONGITUDE: 104 51 W
[TEMPERATURE DATA] [PRECIPITATION DATA] SYMBOLS USED IN COLUMN 16
AVERAGE MONTHLY: 73.6 TOTAL FOR MONTH: 2.70 1 = FOG OR MIST
DPTR FM NORMAL: 2.8 DPTR FM NORMAL: 0.45 2 = FOG REDUCING VISIBILITY
HIGHEST: 97 ON 5 GRTST 24HR 1.93 ON 15-16 TO 1/4 MILE OR LESS
LOWEST: 55 ON 17 3 = THUNDER
SNOW, ICE PELLETS, HAIL 4 = ICE PELLETS
TOTAL MONTH: M 5 = HAIL
GRTST 24HR M ON M 6 = FREEZING RAIN OR DRIZZLE
GRTST DEPTH: M ON M 7 = DUSTSTORM OR SANDSTORM:
VSBY 1/2 MILE OR LESS
8 = SMOKE OR HAZE
[NO. OF DAYS WITH] [WEATHER - DAYS WITH] 9 = BLOWING SNOW
X = TORNADO
MAX 32 OR BELOW: 0 0.01 INCH OR MORE: 9
MAX 90 OR ABOVE: 11 0.10 INCH OR MORE: 5
MIN 32 OR BELOW: 0 0.50 INCH OR MORE: 2
MIN 0 OR BELOW: 0 1.00 INCH OR MORE: 1
[HDD (BASE 65) ]
TOTAL THIS MO. 1 CLEAR (SCALE 0-3) 8
DPTR FM NORMAL -13 PTCLDY (SCALE 4-7) 22
TOTAL FM JUL 1 1 CLOUDY (SCALE 8-10) 1
DPTR FM NORMAL -12
[CDD (BASE 65) ]
TOTAL THIS MO. 276
DPTR FM NORMAL 84 [PRESSURE DATA]
TOTAL FM JAN 1 767 HIGHEST SLP M ON M
DPTR FM NORMAL 195 LOWEST SLP 29.70 ON 28
[REMARKS]
#FINAL-08-22#