000
CXUS56 KMTR 010900
CF6APC
PRELIMINARY LOCAL CLIMATOLOGICAL DATA (WS FORM: F-6)
STATION: NAPA AIRPORT
MONTH: OCTOBER
YEAR: 2022
LATITUDE: 38 13 N
LONGITUDE: 122 17 W
TEMPERATURE IN F: :PCPN: SNOW: WIND :SUNSHINE: SKY :PK WND
================================================================================
1 2 3 4 5 6A 6B 7 8 9 10 11 12 13 14 15 16 17 18
12Z AVG MX 2MIN
DY MAX MIN AVG DEP HDD CDD WTR SNW DPTH SPD SPD DIR MIN PSBL S-S WX SPD DR
================================================================================
1 72 54 63 -1 2 0 0.00 M M 10.2 22 200 M M 5 1 26 210
2 75 56 66 2 0 1 0.00 M M 9.8 18 200 M M 4 21 200
3 79 49 64 1 1 0 0.00 M M 4.4 16 230 M M 0 12 20 230
4 74 50 62 -1 3 0 0.00 M M 5.2 12 200 M M 4 18 15 200
5 81 49 65 2 0 0 0.00 M M 3.9 10 210 M M 2 128 16 210
6 78 51 65 2 0 0 0.00 M M 5.2 10 210 M M 1 12 14 210
7 82 50 66 3 0 1 0.00 M M 4.6 9 160 M M 0 1 12 180
8 76 49 63 1 2 0 0.00 M M 5.0 15 190 M M 2 12 18 190
9 71 51 61 -1 4 0 0.00 M M 5.8 13 190 M M 3 12 16 200
10 74 49 62 0 3 0 0.00 M M 5.8 14 190 M M 4 12 17 210
11 72 49 61 -1 4 0 0.00 M M 5.8 14 200 M M 4 128 17 210
12 72 50 61 -1 4 0 0.00 M M 8.6 17 200 M M 5 1 20 200
13 72 49 61 -1 4 0 0.00 M M 7.5 16 270 M M 5 1 19 270
14 71 50 61 0 4 0 0.00 M M 5.0 13 210 M M 5 12 16 180
15 70 56 63 2 2 0 0.00 M M 10.3 23 200 M M 8 28 260
16 71 48 60 -1 5 0 0.00 M M 7.9 15 260 M M 7 18 290
17 77 43 60 -1 5 0 0.00 M M 3.5 13 230 M M 0 1 15 200
18 87 51 69 9 0 4 0.00 M M 3.1 10 230 M M 0 14 210
19 90 47 69 9 0 4 0.00 M M 4.2 12 200 M M 0 15 200
20 80 48 64 4 1 0 0.00 M M 4.3 10 180 M M 0 14 220
21 69 47 58 -2 7 0 0.00 M M 7.1 21 270 M M 3 128 26 260
22 76 49 63 4 2 0 0.00 M M 10.9 22 270 M M 0 28 270
23 75 37 56 -3 9 0 0.00 M M 9.2 31 10 M M 0 38 10
24 76 43 60 1 5 0 0.00 M M 5.3 17 200 M M 0 8 21 200
25 72 42 57 -2 8 0 0.00 M M 4.5 14 280 M M 1 1 16 280
26 71 37 54 -4 11 0 0.00 M M 4.5 15 200 M M 0 18 16 200
27 72 39 56 -2 9 0 0.00 M M 3.7 10 230 M M 0 14 210
28 69 39 54 -4 11 0 0.00 M M 4.2 13 200 M M 0 8 15 200
29 72 37 55 -3 10 0 0.00 M M 4.0 15 180 M M 0 12 17 180
30 72 42 57 0 8 0 0.00 M M 4.4 14 210 M M 5 128 15 210
31 66 45 56 -1 9 0 0.00 M M 5.0 14 200 M M 3 18 16 200
================================================================================
SM 2314 1456 133 10 0.00 M 182.9 M 71
================================================================================
AV 74.6 47.0 5.9 FASTST M M 2 MAX(MPH)
MISC ----> 31 10 38 10
================================================================================
NOTES:
# LAST OF SEVERAL OCCURRENCES
COLUMN 17 PEAK WIND IN M.P.H.
PRELIMINARY LOCAL CLIMATOLOGICAL DATA (WS FORM: F-6) , PAGE 2
STATION: NAPA AIRPORT
MONTH: OCTOBER
YEAR: 2022
LATITUDE: 38 13 N
LONGITUDE: 122 17 W
[TEMPERATURE DATA] [PRECIPITATION DATA] SYMBOLS USED IN COLUMN 16
AVERAGE MONTHLY: 60.8 TOTAL FOR MONTH: 0.00 1 = FOG OR MIST
DPTR FM NORMAL: 0.2 DPTR FM NORMAL: -0.93 2 = FOG REDUCING VISIBILITY
HIGHEST: 90 ON 19 GRTST 24HR T ON 15-15 TO 1/4 MILE OR LESS
LOWEST: 37 ON 29,26 3 = THUNDER
SNOW, ICE PELLETS, HAIL 4 = ICE PELLETS
TOTAL MONTH: M 5 = HAIL
GRTST 24HR M ON M 6 = FREEZING RAIN OR DRIZZLE
GRTST DEPTH: M ON M 7 = DUSTSTORM OR SANDSTORM:
VSBY 1/2 MILE OR LESS
8 = SMOKE OR HAZE
[NO. OF DAYS WITH] [WEATHER - DAYS WITH] 9 = BLOWING SNOW
X = TORNADO
MAX 32 OR BELOW: 0 0.01 INCH OR MORE: 0
MAX 90 OR ABOVE: 1 0.10 INCH OR MORE: 0
MIN 32 OR BELOW: 0 0.50 INCH OR MORE: 0
MIN 0 OR BELOW: 0 1.00 INCH OR MORE: 0
[HDD (BASE 65) ]
TOTAL THIS MO. 133 CLEAR (SCALE 0-3) 18
DPTR FM NORMAL -21 PTCLDY (SCALE 4-7) 13
TOTAL FM JUL 1 153 CLOUDY (SCALE 8-10) 0
DPTR FM NORMAL -83
[CDD (BASE 65) ]
TOTAL THIS MO. 10
DPTR FM NORMAL -9 [PRESSURE DATA]
TOTAL FM JAN 1 487 HIGHEST SLP M ON M
DPTR FM NORMAL 173 LOWEST SLP 29.67 ON 22
[REMARKS]
#FINAL-10-22#