000
CXUS52 KMFL 011350
CF6APF
PRELIMINARY LOCAL CLIMATOLOGICAL DATA (WS FORM: F-6)
STATION: NAPLES
MONTH: APRIL
YEAR: 2023
LATITUDE: 26 8 N
LONGITUDE: 81 46 W
TEMPERATURE IN F: :PCPN: SNOW: WIND :SUNSHINE: SKY :PK WND
================================================================================
1 2 3 4 5 6A 6B 7 8 9 10 11 12 13 14 15 16 17 18
12Z AVG MX 2MIN
DY MAX MIN AVG DEP HDD CDD WTR SNW DPTH SPD SPD DIR MIN PSBL S-S WX SPD DR
================================================================================
1 87 69 78 6 0 13 0.00 0.0 0 8.3 17 220 M M 0 22 200
2 85 71 78 6 0 13 0.00 0.0 0 6.7 16 270 M M 1 19 250
3 87 71 79 7 0 14 0.00 0.0 0 5.5 18 220 M M 0 1 23 220
4 89 72 81 8 0 16 0.00 0.0 0 6.8 15 230 M M 2 19 230
5 90 72 81 8 0 16 0.00 0.0 0 10.3 20 200 M M 2 1 24 120
6 92 72 82 9 0 17 1.50 0.0 0 8.2 18 220 M M 5 138 22 230
7 87 70 79 6 0 14 0.20 0.0 0 7.7 21 70 M M 3 18 27 70
8 84 68 76 3 0 11 0.00 0.0 0 6.5 15 280 M M 2 1 22 270
9 85 71 78 4 0 13 0.00 0.0 0 7.1 20 310 M M 5 24 280
10 87 68 78 4 0 13 0.00 0.0 0 13.8 25 50 M M 6 3 32 60
11 85 69 77 3 0 12 0.00 0.0 0 17.5 32 70 M M 6 39 60
12 77 69 73 -1 0 8 0.31 0.0 0 14.1 24 70 M M 7 1 32 80
13 86 68 77 3 0 12 0.02 0.0 0 7.0 17 210 M M 2 18 22 190
14 87 71 79 5 0 14 0.00 0.0 0 5.6 15 200 M M 1 M M
15 89 73 81 6 0 16 0.00 0.0 0 6.5 17 220 M M 1 1 21 210
16 89 69 79 4 0 14 0.65 0.0 0 8.5 24 270 M M 4 138 29 270
17 83 69 76 1 0 11 2.00 0.0 0 12.0 25 300 M M 3 138 33 290
18 86 64 75 0 0 10 0.00 0.0 0 6.9 16 50 M M 1 20 50
19 86 66 76 1 0 11 0.00 0.0 0 9.6 17 70 M M 1 23 100
20 88 66 77 1 0 12 0.00 0.0 0 8.4 16 90 M M 3 3 23 90
21 85 69 77 1 0 12 0.00 0.0 0 8.0 14 260 M M 2 20 250
22 85 69 77 1 0 12 0.00 0.0 0 6.4 15 260 M M 0 19 250
23 89 72 81 5 0 16 0.00 0.0 0 6.1 15 270 M M 1 18 280
24 88 72 80 4 0 15 0.00 0.0 0 8.7 16 210 M M 1 21 220
25 87 71 79 3 0 14 0.05 0.0 0 8.1 16 220 M M 4 13 20 210
26 87 71 79 3 0 14 0.00 0.0 0 7.0 15 260 M M 1 19 240
27 90 72 81 4 0 16 0.00 0.0 0 8.1 21 210 M M 1 25 210
28 89 70 80 3 0 15 0.05 0.0 0 7.2 18 350 M M 1 8 28 350
29 90 75 83 6 0 18 0.20 0.0 0 11.1 25 270 M M 3 38 36 260
30 83 75 79 2 0 14 0.20 0.0 0 18.9 32 260 M M 5 38 44 250
================================================================================
SM 2602 2104 0 406 5.18 0.0 266.6 M 74
================================================================================
AV 86.7 70.1 8.9 FASTST M M 2 MAX(MPH)
MISC ----> # 32 70 44 250
================================================================================
NOTES:
# LAST OF SEVERAL OCCURRENCES
COLUMN 17 PEAK WIND IN M.P.H.
PRELIMINARY LOCAL CLIMATOLOGICAL DATA (WS FORM: F-6) , PAGE 2
STATION: NAPLES
MONTH: APRIL
YEAR: 2023
LATITUDE: 26 8 N
LONGITUDE: 81 46 W
[TEMPERATURE DATA] [PRECIPITATION DATA] SYMBOLS USED IN COLUMN 16
AVERAGE MONTHLY: 78.4 TOTAL FOR MONTH: 5.18 1 = FOG OR MIST
DPTR FM NORMAL: 3.8 DPTR FM NORMAL: 2.66 2 = FOG REDUCING VISIBILITY
HIGHEST: 92 ON 6 GRTST 24HR 2.00 ON 17-17 TO 1/4 MILE OR LESS
LOWEST: 64 ON 18 3 = THUNDER
SNOW, ICE PELLETS, HAIL 4 = ICE PELLETS
TOTAL MONTH: 0.0 INCH 5 = HAIL
GRTST 24HR 0.0 6 = FREEZING RAIN OR DRIZZLE
GRTST DEPTH: 0 7 = DUSTSTORM OR SANDSTORM:
VSBY 1/2 MILE OR LESS
8 = SMOKE OR HAZE
[NO. OF DAYS WITH] [WEATHER - DAYS WITH] 9 = BLOWING SNOW
X = TORNADO
MAX 32 OR BELOW: 0 0.01 INCH OR MORE: 10
MAX 90 OR ABOVE: 4 0.10 INCH OR MORE: 7
MIN 32 OR BELOW: 0 0.50 INCH OR MORE: 3
MIN 0 OR BELOW: 0 1.00 INCH OR MORE: 2
[HDD (BASE 65) ]
TOTAL THIS MO. 0 CLEAR (SCALE 0-3) 22
DPTR FM NORMAL -2 PTCLDY (SCALE 4-7) 8
TOTAL FM JUL 1 93 CLOUDY (SCALE 8-10) 0
DPTR FM NORMAL -127
[CDD (BASE 65) ]
TOTAL THIS MO. 406
DPTR FM NORMAL 114 [PRESSURE DATA]
TOTAL FM JAN 1 1124 HIGHEST SLP 30.17 ON 1
DPTR FM NORMAL 431 LOWEST SLP 29.68 ON 30
[REMARKS]
#FINAL-04-23#