000
CXUS54 KLCH 051717
CF6ARA
PRELIMINARY LOCAL CLIMATOLOGICAL DATA (WS FORM: F-6)
STATION: NEW IBERIA
MONTH: DECEMBER
YEAR: 2022
LATITUDE: 30 1 N
LONGITUDE: 91 53 W
TEMPERATURE IN F: :PCPN: SNOW: WIND :SUNSHINE: SKY :PK WND
================================================================================
1 2 3 4 5 6A 6B 7 8 9 10 11 12 13 14 15 16 17 18
12Z AVG MX 2MIN
DY MAX MIN AVG DEP HDD CDD WTR SNW DPTH SPD SPD DIR MIN PSBL S-S WX SPD DR
================================================================================
1 64 41 53 -4 12 0 0.00 M M 8.6 18 70 M M 0 24 50
2 79 43 61 4 4 0 0.00 M M 8.4 17 160 M M 5 25 170
3 81 62 72 15 0 7 0.07 M M 5.0 13 330 M M 7 12 16 170
4 76 61 69 12 0 4 0.00 M M 4.9 10 220 M M 9 1 14 220
5 80 65 73 16 0 8 0.00 M M 7.7 20 210 M M 6 12 27 210
6 83 64 74 18 0 9 0.00 0.0 M 8.1 21 200 M M 5 12 27 200
7 82 63 73 17 0 8 0.00 M M 6.1 16 180 M M 6 12 20 210
8 80 64 72 16 0 7 0.00 M M 3.7 12 210 M M 7 12 13 200
9 81 62 72 16 0 7 0.00 0.0 0 4.0 9 210 M M 6 128 12 200
10 80 63 72 16 0 7 0.00 M M 5.8 17 170 M M 6 12 21 170
11 76 60 68 12 0 3 0.71 M M 6.1 18 330 M M 6 1 24 330
12 75 59 67 11 0 2 0.00 M M 4.6 10 40 M M 6 12 15 40
13 79 62 71 16 0 6 T M M 14.0 25 170 M M 6 1 37 150
14 78 47 63 8 2 0 0.28 M M 13.0 31 180 M M 6 138 42 180
15 63 40 52 -3 13 0 0.00 M M 3.4 10 360 M M 0 15 320
16 65 39 52 -3 13 0 0.00 M M 5.3 16 10 M M 2 21 20
17 52 37 45 -10 20 0 0.14 M M 8.9 20 20 M M 6 1 26 20
18 55 32 44 -11 21 0 0.00 M M 6.8 16 40 M M 0 21 50
19 53 43 48 -6 17 0 1.56 M M 12.3 26 100 M M 9 13 37 90
20 55 47 51 -3 14 0 0.03 M M 12.8 21 20 M M 10 1 27 20
21 50 46 48 -6 17 0 0.00 M M 4.6 15 30 M M 10 1 20 20
22 59 30 45 -9 20 0 0.02 M M 9.4 29 330 M M 10 12 38 330
23 30 20 25 -29 40 0 0.00 M M 17.2 26 10 M M 0 42 360
24 38 22 30 -24 35 0 0.00 M M 11.5 20 10 M M 0 29 350
25 48 22 35 -19 30 0 0.00 M M 3.7 14 30 M M 0 19 30
26 56 25 41 -13 24 0 0.00 M M 3.5 9 170 M M 3 13 110
27 61 30 46 -8 19 0 0.00 M M 3.1 10 340 M M 0 18 14 350
28 73 33 53 0 12 0 0.07 M M 8.4 24 150 M M 5 18 31 150
29 78 62 70 17 0 5 T M M 15.4 28 160 M M 4 40 140
30 69 61 65 12 0 0 1.06 M M 9.2 22 170 M M 9 13 33 170
31 72 51 62 9 3 0 0.00 M M 5.4 13 240 M M 5 12 18 270
================================================================================
SM 2071 1456 316 73 3.94 0.0 240.9 M 154
================================================================================
AV 66.8 47.0 7.8 FASTST M M 5 MAX(MPH)
MISC ----> 31 180 # 42 180
================================================================================
NOTES:
# LAST OF SEVERAL OCCURRENCES
COLUMN 17 PEAK WIND IN M.P.H.
PRELIMINARY LOCAL CLIMATOLOGICAL DATA (WS FORM: F-6) , PAGE 2
STATION: NEW IBERIA
MONTH: DECEMBER
YEAR: 2022
LATITUDE: 30 1 N
LONGITUDE: 91 53 W
[TEMPERATURE DATA] [PRECIPITATION DATA] SYMBOLS USED IN COLUMN 16
AVERAGE MONTHLY: 56.9 TOTAL FOR MONTH: 3.94 1 = FOG OR MIST
DPTR FM NORMAL: 1.9 DPTR FM NORMAL: -0.55 2 = FOG REDUCING VISIBILITY
HIGHEST: 83 ON 6 GRTST 24HR 1.59 ON 19-20 TO 1/4 MILE OR LESS
LOWEST: 20 ON 23 3 = THUNDER
SNOW, ICE PELLETS, HAIL 4 = ICE PELLETS
TOTAL MONTH: 0.0 INCH 5 = HAIL
GRTST 24HR 0.0 6 = FREEZING RAIN OR DRIZZLE
GRTST DEPTH: 0 7 = DUSTSTORM OR SANDSTORM:
VSBY 1/2 MILE OR LESS
8 = SMOKE OR HAZE
[NO. OF DAYS WITH] [WEATHER - DAYS WITH] 9 = BLOWING SNOW
X = TORNADO
MAX 32 OR BELOW: 1 0.01 INCH OR MORE: 9
MAX 90 OR ABOVE: 0 0.10 INCH OR MORE: 5
MIN 32 OR BELOW: 7 0.50 INCH OR MORE: 3
MIN 0 OR BELOW: 0 1.00 INCH OR MORE: 2
[HDD (BASE 65) ]
TOTAL THIS MO. 316 CLEAR (SCALE 0-3) 9
DPTR FM NORMAL -20 PTCLDY (SCALE 4-7) 16
TOTAL FM JUL 1 562 CLOUDY (SCALE 8-10) 6
DPTR FM NORMAL 22
[CDD (BASE 65) ]
TOTAL THIS MO. 73
DPTR FM NORMAL 47 [PRESSURE DATA]
TOTAL FM JAN 1 3094 HIGHEST SLP 30.60 ON 24
DPTR FM NORMAL 162 LOWEST SLP 29.63 ON 14
[REMARKS]
#FINAL-12-22#