000
CXUS51 KBUF 290805
CF6ART
PRELIMINARY LOCAL CLIMATOLOGICAL DATA (WS FORM: F-6)
STATION: WATERTOWN NY
MONTH: MARCH
YEAR: 2024
LATITUDE: 43 59 N
LONGITUDE: 76 2 W
TEMPERATURE IN F: :PCPN: SNOW: WIND :SUNSHINE: SKY :PK WND
================================================================================
1 2 3 4 5 6A 6B 7 8 9 10 11 12 13 14 15 16 17 18
12Z AVG MX 2MIN
DY MAX MIN AVG DEP HDD CDD WTR SNW DPTH SPD SPD DIR MIN PSBL S-S WX SPD DR
================================================================================
1 47 19 33 8 32 0 0.00 M M 7.8 18 220 M M 4 27 240
2 46 41 44 19 21 0 0.21 M M 5.6 13 180 M M 8 1 25 170
3 49 41 45 19 20 0 0.00 M M 2.6 8 50 M M 10 12 10 50
4 67 43 55 29 10 0 0.00 M M 7.7 16 170 M M 4 31 150
5 64 44 54 28 11 0 0.03 M M 7.3 17 170 M M 1 34 160
6 50 39 45 18 20 0 0.39 M M 11.2 23 40 M M 10 1 32 20
7 52 28 40 13 25 0 0.00 M M 14.1 23 40 M M 3 32 40
8 58 22 40 13 25 0 0.00 M M 5.3 15 160 M M 0 27 150
9 51 42 47 19 18 0 0.27 M M 15.9 28 160 M M 6 49 160
10 42 26 34 6 31 0 0.20 M M 12.8 22 300 M M 10 1 29 320
11 42 27 35 7 30 0 T M M 15.6 28 290 M M 5 39 260
12 51 23 37 8 28 0 0.00 M M 4.5 14 260 M M 1 18 280
13 62 28 45 16 20 0 0.00 M M 7.2 18 260 M M 1 25 270
14 56 27 42 12 23 0 0.17 M M 5.1 22 50 M M 5 1 29 60
15 54 40 47 17 18 0 0.12 M M 9.5 18 50 M M 9 1 24 60
16 48 35 42 12 23 0 0.01 M M 6.2 18 290 M M 9 25 290
17 46 35 41 10 24 0 0.12 M M 12.9 24 250 M M 7 1 37 260
18 37 29 33 2 32 0 0.02 M M 15.7 25 260 M M 9 1 38 260
19 35 24 30 -1 35 0 0.11 M M 10.1 22 240 M M 10 34 250
20 36 22 29 -3 36 0 0.08 M M 13.7 29 270 M M 9 39 260
21 29 18 24 -8 41 0 0.00 M M 14.6 23 260 M M 6 34 270
22 27 10 19 -14 46 0 M M M 6.6 15 50 M M 6 1 19 60
23 26 2 14 -19 51 0 M M M 9.7 18 10 M M 8 18 25 50
24 31 -2 15 -18 50 0 0.00 M M 4.2 12 230 M M 0 15 260
25 56 15 36 2 29 0 0.00 M M 4.6 13 140 M M 0 20 120
26 64 31 48 14 17 0 0.00 M M 6.8 18 160 M M 0 35 170
27 63 41 52 17 13 0 T M M 11.7 20 170 M M 7 34 140
28 44 32 38 3 27 0 0.00 M M 7.9 18 260 M M 5 26 280
================================================================================
SM 1333 782 756 0 1.73 M 256.9 M 153
================================================================================
AV 47.6 27.9 9.2 FASTST M M 5 MAX(MPH)
MISC ----> 29 270 49 160
================================================================================
NOTES:
# LAST OF SEVERAL OCCURRENCES
COLUMN 17 PEAK WIND IN M.P.H.
PRELIMINARY LOCAL CLIMATOLOGICAL DATA (WS FORM: F-6) , PAGE 2
STATION: WATERTOWN NY
MONTH: MARCH
YEAR: 2024
LATITUDE: 43 59 N
LONGITUDE: 76 2 W
[TEMPERATURE DATA] [PRECIPITATION DATA] SYMBOLS USED IN COLUMN 16
AVERAGE MONTHLY: 37.8 TOTAL FOR MONTH: 1.73 1 = FOG OR MIST
DPTR FM NORMAL: 7.9 DPTR FM NORMAL: -0.40 2 = FOG REDUCING VISIBILITY
HIGHEST: 67 ON 4 GRTST 24HR 0.47 ON 9-10 TO 1/4 MILE OR LESS
LOWEST: -2 ON 24 3 = THUNDER
SNOW, ICE PELLETS, HAIL 4 = ICE PELLETS
TOTAL MONTH: M 5 = HAIL
GRTST 24HR M ON M 6 = FREEZING RAIN OR DRIZZLE
GRTST DEPTH: M ON M 7 = DUSTSTORM OR SANDSTORM:
VSBY 1/2 MILE OR LESS
8 = SMOKE OR HAZE
[NO. OF DAYS WITH] [WEATHER - DAYS WITH] 9 = BLOWING SNOW
X = TORNADO
MAX 32 OR BELOW: 4 0.01 INCH OR MORE: 12
MAX 90 OR ABOVE: 0 0.10 INCH OR MORE: 8
MIN 32 OR BELOW: 18 0.50 INCH OR MORE: 0
MIN 0 OR BELOW: 1 1.00 INCH OR MORE: 0
[HDD (BASE 65) ]
TOTAL THIS MO. 756 CLEAR (SCALE 0-3) 8
DPTR FM NORMAL -231 PTCLDY (SCALE 4-7) 12
TOTAL FM JUL 1 5219 CLOUDY (SCALE 8-10) 8
DPTR FM NORMAL -1133
[CDD (BASE 65) ]
TOTAL THIS MO. 0
DPTR FM NORMAL 0 [PRESSURE DATA]
TOTAL FM JAN 1 0 HIGHEST SLP M ON M
DPTR FM NORMAL 0 LOWEST SLP 29.40 ON 10
[REMARKS]