000
CXUS55 KGJT 011000
CF6ASE
PRELIMINARY LOCAL CLIMATOLOGICAL DATA (WS FORM: F-6)
STATION: ASPEN CO
MONTH: MAY
YEAR: 2020
LATITUDE: 39 13 N
LONGITUDE: 106 52 W
TEMPERATURE IN F: :PCPN: SNOW: WIND :SUNSHINE: SKY :PK WND
================================================================================
1 2 3 4 5 6A 6B 7 8 9 10 11 12 13 14 15 16 17 18
12Z AVG MX 2MIN
DY MAX MIN AVG DEP HDD CDD WTR SNW DPTH SPD SPD DIR MIN PSBL S-S WX SPD DR
================================================================================
1 75 40 58 14 7 0 0.00 M M 7.6 18 260 M M 1 27 220
2 70 34 52 8 13 0 T M M 9.2 25 320 M M 2 39 330
3 70 33 52 7 13 0 T M M 7.2 29 200 M M 1 44 170
4 60 33 47 2 18 0 T M M 9.4 26 320 M M 4 41 360
5 64 30 47 2 18 0 0.00 M M 8.1 18 360 M M 0 28 330
6 70 31 51 5 14 0 0.00 M M 6.7 20 190 M M 0 31 190
7 66 31 49 3 16 0 0.00 M M 8.5 25 350 M M 0 44 350
8 66 24 45 -1 20 0 0.00 M M 6.7 21 340 M M 0 31 340
9 64 30 47 1 18 0 0.00 M M 8.6 22 340 M M 0 33 350
10 69 29 49 2 16 0 0.00 M M 8.0 24 330 M M 0 35 360
11 58 38 48 1 17 0 0.61 M M 4.8 22 180 M M 7 13 30 170
12 65 40 53 6 12 0 0.10 M M 7.8 18 200 M M 5 1 28 270
13 65 39 52 4 13 0 0.00 M M 7.6 21 230 M M 1 30 300
14 67 35 51 3 14 0 0.00 M M 5.3 18 250 M M 6 27 210
15 66 36 51 3 14 0 0.00 M M 5.2 28 340 M M 6 42 350
16 66 36 51 3 14 0 0.00 M M 6.2 17 340 M M 6 24 330
17 75 39 57 8 8 0 0.00 M M 6.2 17 180 M M 2 27 220
18 80 46 63 14 2 0 0.00 M M 7.4 17 250 M M 0 28 260
19 79 39 59 10 6 0 0.00 M M 10.4 36 150 M M 2 59 150
20 69 34 52 2 13 0 0.00 M M 8.4 29 220 M M 0 44 210
21 64 30 47 -3 18 0 0.00 M M 7.0 16 250 M M 0 23 200
22 71 36 54 4 11 0 0.00 M M 7.4 18 270 M M 0 27 260
23 65 40 53 3 12 0 0.00 M M 6.7 18 260 M M 3 29 270
24 57 33 45 -6 20 0 0.01 M M 6.9 24 320 M M 7 35 320
25 63 27 45 -6 20 0 0.00 M M 6.2 17 330 M M 2 30 320
26 71 34 53 2 12 0 T M M 6.9 17 320 M M 3 30 330
27 74 42 58 6 7 0 0.07 M M 6.9 18 340 M M 5 3 29 330
28 78 41 60 8 5 0 0.00 M M 6.0 14 350 M M 2 20 350
29 80 46 63 11 2 0 0.01 M M 5.7 20 260 M M 4 29 290
30 81 47 64 12 1 0 0.03 M M 7.8 30 170 M M M 40 180
31 78 49 64 11 1 0 T M M 6.3 18 350 M M M 29 360
================================================================================
SM 2146 1122 375 0 0.83 M 223.1 M 69
================================================================================
AV 69.2 36.2 7.2 FASTST M M 2 MAX(MPH)
MISC ----> # 36 150 # 59 150
================================================================================
NOTES:
# LAST OF SEVERAL OCCURRENCES
COLUMN 17 PEAK WIND IN M.P.H.
PRELIMINARY LOCAL CLIMATOLOGICAL DATA (WS FORM: F-6) , PAGE 2
STATION: ASPEN CO
MONTH: MAY
YEAR: 2020
LATITUDE: 39 13 N
LONGITUDE: 106 52 W
[TEMPERATURE DATA] [PRECIPITATION DATA] SYMBOLS USED IN COLUMN 16
AVERAGE MONTHLY: 52.7 TOTAL FOR MONTH: 0.83 1 = FOG OR MIST
DPTR FM NORMAL: 4.3 DPTR FM NORMAL: -0.71 2 = FOG REDUCING VISIBILITY
HIGHEST: 81 ON 30 GRTST 24HR 0.61 ON 11-11 TO 1/4 MILE OR LESS
LOWEST: 24 ON 8 3 = THUNDER
SNOW, ICE PELLETS, HAIL 4 = ICE PELLETS
TOTAL MONTH: M 5 = HAIL
GRTST 24HR M ON M 6 = FREEZING RAIN OR DRIZZLE
GRTST DEPTH: M ON M 7 = DUSTSTORM OR SANDSTORM:
VSBY 1/2 MILE OR LESS
8 = SMOKE OR HAZE
[NO. OF DAYS WITH] [WEATHER - DAYS WITH] 9 = BLOWING SNOW
X = TORNADO
MAX 32 OR BELOW: 0 0.01 INCH OR MORE: 6
MAX 90 OR ABOVE: 0 0.10 INCH OR MORE: 2
MIN 32 OR BELOW: 8 0.50 INCH OR MORE: 1
MIN 0 OR BELOW: 0 1.00 INCH OR MORE: 0
[HDD (BASE 65) ]
TOTAL THIS MO. 375 CLEAR (SCALE 0-3) 20
DPTR FM NORMAL -140 PTCLDY (SCALE 4-7) 9
TOTAL FM JUL 1 7990 CLOUDY (SCALE 8-10) 0
DPTR FM NORMAL -655
[CDD (BASE 65) ]
TOTAL THIS MO. 0
DPTR FM NORMAL 0 [PRESSURE DATA]
TOTAL FM JAN 1 0 HIGHEST SLP M ON M
DPTR FM NORMAL 0 LOWEST SLP 29.50 ON 20
[REMARKS]
#FINAL-05-20#