000
CXUS56 KPQR 011201
CF6AST
PRELIMINARY LOCAL CLIMATOLOGICAL DATA (WS FORM: F-6)
STATION: ASTORIA OR
MONTH: AUGUST
YEAR: 2023
LATITUDE: 46 9 N
LONGITUDE: 123 53 W
TEMPERATURE IN F: :PCPN: SNOW: WIND :SUNSHINE: SKY :PK WND
================================================================================
1 2 3 4 5 6A 6B 7 8 9 10 11 12 13 14 15 16 17 18
12Z AVG MX 2MIN
DY MAX MIN AVG DEP HDD CDD WTR SNW DPTH SPD SPD DIR MIN PSBL S-S WX SPD DR
================================================================================
1 76 54 65 3 0 0 0.00 M M 7.7 21 310 M M 3 25 310
2 76 51 64 2 1 0 0.00 M M 6.3 16 320 M M 2 20 310
3 73 62 68 6 0 3 0.00 M M 8.4 17 320 M M 5 20 310
4 75 55 65 3 0 0 0.00 M M 9.7 20 310 M M 2 23 310
5 71 63 67 5 0 2 T M M 8.3 18 330 M M 10 23 320
6 72 61 67 5 0 2 T M M 5.6 14 330 M M 10 18 16 320
7 75 63 69 7 0 4 T M M 6.3 14 300 M M 8 1 18 290
8 74 58 66 4 0 1 T M M 6.7 17 300 M M 5 1 20 300
9 71 58 65 3 0 0 0.09 M M 5.4 15 210 M M 9 1 19 220
10 74 57 66 5 0 1 0.00 M M 5.3 15 310 M M 8 19 320
11 75 52 64 3 1 0 0.00 M M 7.4 17 310 M M 0 22 310
12 77 56 67 6 0 2 0.00 M M 9.2 23 320 M M 0 30 310
13 93 56 75 14 0 10 0.00 M M 6.6 20 320 M M 0 25 320
14 95 60 78 17 0 13 0.00 M M 6.5 22 310 M M 0 8 27 310
15 79 57 68 7 0 3 0.00 M M 6.0 14 260 M M 0 18 17 260
16 77 59 68 7 0 3 0.00 M M 5.7 13 240 M M 5 1 15 240
17 72 59 66 5 0 1 T M M 6.4 15 300 M M 10 1 19 290
18 69 57 63 2 2 0 0.00 M M 9.7 18 310 M M 6 18 24 320
19 76 52 64 3 1 0 0.00 M M 7.9 22 310 M M 3 30 320
20 78 48 63 2 2 0 0.00 M M 9.9 23 310 M M 4 8 30 310
21 69 53 61 0 4 0 0.00 M M 10.0 20 320 M M 3 24 320
22 69 50 60 -1 5 0 0.06 M M 9.0 21 220 M M 5 1 26 220
23 70 54 62 1 3 0 0.00 M M 6.8 18 320 M M 4 22 320
24 82 49 66 5 0 1 0.00 M M 5.3 14 320 M M 0 12 17 330
25 73 57 65 4 0 0 T M M 7.9 22 220 M M 2 1 28 220
26 70 59 65 4 0 0 0.00 M M 4.5 13 250 M M 9 18 17 280
27 67 61 64 3 1 0 0.00 M M 4.6 10 220 M M 10 18 13 230
28 69 61 65 4 0 0 0.00 M M 3.6 10 260 M M 10 18 13 290
29 69 61 65 4 0 0 0.19 M M 7.8 17 220 M M 8 1 25 230
30 70 60 65 4 0 0 0.04 M M 6.3 14 250 M M 7 1 18 230
31 65 59 62 1 3 0 0.43 M M 6.2 17 330 M M 10 1 22 330
================================================================================
SM 2301 1762 23 46 0.81 M 217.0 M 158
================================================================================
AV 74.2 56.8 7.0 FASTST M M 5 MAX(MPH)
MISC ----> # 23 320 # 30 310
================================================================================
NOTES:
# LAST OF SEVERAL OCCURRENCES
COLUMN 17 PEAK WIND IN M.P.H.
PRELIMINARY LOCAL CLIMATOLOGICAL DATA (WS FORM: F-6) , PAGE 2
STATION: ASTORIA OR
MONTH: AUGUST
YEAR: 2023
LATITUDE: 46 9 N
LONGITUDE: 123 53 W
[TEMPERATURE DATA] [PRECIPITATION DATA] SYMBOLS USED IN COLUMN 16
AVERAGE MONTHLY: 65.5 TOTAL FOR MONTH: 0.81 1 = FOG OR MIST
DPTR FM NORMAL: 4.2 DPTR FM NORMAL: -0.31 2 = FOG REDUCING VISIBILITY
HIGHEST: 95 ON 14 GRTST 24HR 0.43 ON 31-31 TO 1/4 MILE OR LESS
LOWEST: 48 ON 20 3 = THUNDER
SNOW, ICE PELLETS, HAIL 4 = ICE PELLETS
TOTAL MONTH: M 5 = HAIL
GRTST 24HR M ON M 6 = FREEZING RAIN OR DRIZZLE
GRTST DEPTH: M ON M 7 = DUSTSTORM OR SANDSTORM:
VSBY 1/2 MILE OR LESS
8 = SMOKE OR HAZE
[NO. OF DAYS WITH] [WEATHER - DAYS WITH] 9 = BLOWING SNOW
X = TORNADO
MAX 32 OR BELOW: 0 0.01 INCH OR MORE: 5
MAX 90 OR ABOVE: 2 0.10 INCH OR MORE: 2
MIN 32 OR BELOW: 0 0.50 INCH OR MORE: 0
MIN 0 OR BELOW: 0 1.00 INCH OR MORE: 0
[HDD (BASE 65) ]
TOTAL THIS MO. 23 CLEAR (SCALE 0-3) 12
DPTR FM NORMAL -99 PTCLDY (SCALE 4-7) 11
TOTAL FM JUL 1 102 CLOUDY (SCALE 8-10) 8
DPTR FM NORMAL -162
[CDD (BASE 65) ]
TOTAL THIS MO. 46
DPTR FM NORMAL 39 [PRESSURE DATA]
TOTAL FM JAN 1 61 HIGHEST SLP 30.25 ON 6
DPTR FM NORMAL 45 LOWEST SLP 29.79 ON 31
[REMARKS]
#FINAL-08-23#