000
CXUS54 KMAF 011110
CF6ATS
PRELIMINARY LOCAL CLIMATOLOGICAL DATA (WS FORM: F-6)
STATION: ARTESIA
MONTH: MARCH
YEAR: 2023
LATITUDE: 32 54 N
LONGITUDE: 104 30 W
TEMPERATURE IN F: :PCPN: SNOW: WIND :SUNSHINE: SKY :PK WND
================================================================================
1 2 3 4 5 6A 6B 7 8 9 10 11 12 13 14 15 16 17 18
12Z AVG MX 2MIN
DY MAX MIN AVG DEP HDD CDD WTR SNW DPTH SPD SPD DIR MIN PSBL S-S WX SPD DR
================================================================================
1 72 39 56 M 9 0 0.00 M M 14.3 33 230 M M 0 43 230
2 61 34 48 M 17 0 0.00 M M 18.6 37 240 M M 2 43 230
3 68 32 50 M 15 0 0.00 M M 12.8 23 230 M M 0 29 190
4 70 32 51 M 14 0 0.00 M M 9.1 17 190 M M 0 30 300
5 79 37 58 M 7 0 0.00 M M 15.2 28 230 M M 0 36 240
6 82 48 65 M 0 0 0.00 M M 16.0 26 260 M M 0 32 260
7 75 48 62 M 3 0 0.00 M M 9.0 18 260 M M 2 44 360
8 72 39 56 M 9 0 0.00 M M 12.5 25 160 M M 0 1 33 160
9 70 39 55 M 10 0 0.00 M M 5.7 12 240 M M 0 18 12 170
10 82 45 64 M 1 0 0.00 M M 14.3 26 230 M M 3 1 37 230
11 84 50 67 M 0 2 0.00 M M 15.4 24 300 M M 0 30 250
12 73 43 58 M 7 0 0.00 M M 8.7 21 120 M M 1 30 120
13 64 36 50 M 15 0 0.00 M M 10.7 17 150 M M 0 23 150
14 68 30 49 M 16 0 0.00 M M 8.5 17 140 M M 0 23 160
15 81 43 62 M 3 0 0.00 M M 15.3 30 220 M M 0 1 37 150
16 72 39 56 M 9 0 0.00 M M 20.9 30 240 M M 2 41 270
17 50 37 44 M 21 0 0.00 M M 6.0 14 40 M M 6 17 130
18 52 36 44 M 21 0 0.00 M M 6.6 12 90 M M 8 18 80
19 55 27 41 M 24 0 0.00 M M 14.6 28 180 M M 0 35 180
20 72 39 56 M 9 0 0.00 M M 16.5 30 240 M M 4 40 240
21 79 41 60 M 5 0 0.00 M M 15.4 31 230 M M 0 45 230
22 79 55 67 M 0 2 0.00 M M 14.5 29 250 M M 0 43 240
23 75 46 61 M 4 0 0.00 M M 11.7 29 250 M M 1 36 250
24 66 34 50 M 15 0 0.00 M M 12.2 24 280 M M 1 37 260
25 68 36 52 M 13 0 0.00 M M 10.9 31 240 M M 0 38 240
26 72 30 51 M 14 0 0.00 M M 10.7 25 220 M M 0 33 220
27 66 34 50 M 15 0 0.00 M M 10.0 14 350 M M 0 23 30
28 59 30 45 M 20 0 0.00 M M 9.3 18 150 M M 1 21 130
29 79 30 55 M 10 0 0.00 M M 10.0 22 200 M M 0 30 200
30 82 48 65 M 0 0 0.00 M M 19.5 38 250 M M 0 46 230
31 70 46 58 M 7 0 0.00 M M 14.5 30 310 M M 0 38 310
================================================================================
SM 2197 1203 313 4 0.00 M 389.3 M 31
================================================================================
AV 70.9 38.8 12.6 FASTST M M 1 MAX(MPH)
MISC ----> 38 250 46 230
================================================================================
NOTES:
# LAST OF SEVERAL OCCURRENCES
COLUMN 17 PEAK WIND IN M.P.H.
PRELIMINARY LOCAL CLIMATOLOGICAL DATA (WS FORM: F-6) , PAGE 2
STATION: ARTESIA
MONTH: MARCH
YEAR: 2023
LATITUDE: 32 54 N
LONGITUDE: 104 30 W
[TEMPERATURE DATA] [PRECIPITATION DATA] SYMBOLS USED IN COLUMN 16
AVERAGE MONTHLY: 54.8 TOTAL FOR MONTH: 0.00 1 = FOG OR MIST
DPTR FM NORMAL: 0.0 DPTR FM NORMAL: M 2 = FOG REDUCING VISIBILITY
HIGHEST: 84 ON 11 GRTST 24HR 0.00 ON 1- 1 TO 1/4 MILE OR LESS
LOWEST: 27 ON 19 3 = THUNDER
SNOW, ICE PELLETS, HAIL 4 = ICE PELLETS
TOTAL MONTH: M 5 = HAIL
GRTST 24HR M ON M 6 = FREEZING RAIN OR DRIZZLE
GRTST DEPTH: M ON M 7 = DUSTSTORM OR SANDSTORM:
VSBY 1/2 MILE OR LESS
8 = SMOKE OR HAZE
[NO. OF DAYS WITH] [WEATHER - DAYS WITH] 9 = BLOWING SNOW
X = TORNADO
MAX 32 OR BELOW: 0 0.01 INCH OR MORE: 0
MAX 90 OR ABOVE: 0 0.10 INCH OR MORE: 0
MIN 32 OR BELOW: 7 0.50 INCH OR MORE: 0
MIN 0 OR BELOW: 0 1.00 INCH OR MORE: 0
[HDD (BASE 65) ]
TOTAL THIS MO. 313 CLEAR (SCALE 0-3) 28
DPTR FM NORMAL M PTCLDY (SCALE 4-7) 3
TOTAL FM JUL 1 2696 CLOUDY (SCALE 8-10) 0
DPTR FM NORMAL M
[CDD (BASE 65) ]
TOTAL THIS MO. 4
DPTR FM NORMAL M [PRESSURE DATA]
TOTAL FM JAN 1 4 HIGHEST SLP M ON M
DPTR FM NORMAL M LOWEST SLP M ON M
[REMARKS]
#FINAL-03-23#