000
CXUS53 KGRB 171622
CF6ATW
PRELIMINARY LOCAL CLIMATOLOGICAL DATA (WS FORM: F-6)
STATION: APPLETON WI
MONTH: MARCH
YEAR: 2022
LATITUDE: 44 16 N
LONGITUDE: 88 31 W
TEMPERATURE IN F: :PCPN: SNOW: WIND :SUNSHINE: SKY :PK WND
================================================================================
1 2 3 4 5 6A 6B 7 8 9 10 11 12 13 14 15 16 17 18
12Z AVG MX 2MIN
DY MAX MIN AVG DEP HDD CDD WTR SNW DPTH SPD SPD DIR MIN PSBL S-S WX SPD DR
================================================================================
1 39 27 33 8 32 0 M M M 7.9 12 350 M M 4 M M
2 48 21 35 9 30 0 M M M 8.4 14 20 M M 6 1 21 20
3 28 14 21 -5 44 0 M M M 5.6 10 320 M M 3 M M
4 37 16 27 1 38 0 M M M 5.6 12 120 M M 6 16 100
5 45 32 39 12 26 0 0.05 M M 7.6 13 120 M M 9 13 M M
6 45 30 38 11 27 0 M M M 15.6 30 260 M M 10 12 38 260
7 30 21 26 -1 39 0 M M M 9.1 16 280 M M 9 21 300
8 36 12 24 -4 41 0 M M M 11.7 18 210 M M 0 23 210
9 32 18 25 -3 40 0 M M M 14.5 21 290 M M 7 29 290
10 23 0 12 -17 53 0 M M M 8.4 15 280 M M 3 21 300
11 27 9 18 -11 47 0 M M M 16.0 26 270 M M 4 35 270
12 18 1 10 -20 55 0 M M M 12.6 17 290 M M 1 22 290
13 45 18 32 2 33 0 M M M 11.9 25 270 M M 6 32 270
14 37 32 35 5 30 0 M M M 6.7 16 30 M M 8 22 30
15 46 28 37 6 28 0 M M M 5.2 9 360 M M 7 12 M M
16 63 30 47 16 18 0 M M M 9.7 17 210 M M 4 1 24 210
17 61 39 50 18 15 0 M M M 8.4 13 30 M M 7 17 30
18 39 32 36 4 29 0 0.01 M M 12.3 20 30 M M 10 25 30
19 48 32 40 8 25 0 M M M 11.6 17 20 M M 8 23 20
20 55 28 42 9 23 0 M M M 4.1 12 270 M M 2 M M
21 48 36 42 9 23 0 M M M 10.2 21 70 M M 7 29 50
22 41 36 39 5 26 0 0.23 M M 13.0 21 90 M M 8 28 90
23 39 32 36 2 29 0 M M M 11.6 15 30 M M 10 1 23 60
24 37 32 35 0 30 0 M M M 9.9 18 40 M M 10 1 24 40
25 43 30 37 2 28 0 M M M 13.8 22 290 M M 8 1 31 290
26 41 18 30 -6 35 0 M M M 17.0 23 320 M M 9 30 310
27 28 16 22 -14 43 0 M M M 12.7 17 330 M M 4 24 340
28 32 14 23 -14 42 0 M M M 6.2 9 340 M M 1 M M
29 34 21 28 -9 37 0 M M M 12.5 17 110 M M 8 25 120
30 41 32 37 -1 28 0 0.42 M M 10.4 21 20 M M 10 13 25 130
31 34 28 31 -7 34 0 0.22 M M 12.4 20 20 M M 10 1 29 20
================================================================================
SM 1220 735 1028 0 0.93 M 322.6 M 199
================================================================================
AV 39.4 23.7 10.4 FASTST M M 6 MAX(MPH)
MISC ----> 30 260 38 260
================================================================================
NOTES:
# LAST OF SEVERAL OCCURRENCES
COLUMN 17 PEAK WIND IN M.P.H.
PRELIMINARY LOCAL CLIMATOLOGICAL DATA (WS FORM: F-6) , PAGE 2
STATION: APPLETON WI
MONTH: MARCH
YEAR: 2022
LATITUDE: 44 16 N
LONGITUDE: 88 31 W
[TEMPERATURE DATA] [PRECIPITATION DATA] SYMBOLS USED IN COLUMN 16
AVERAGE MONTHLY: 31.5 TOTAL FOR MONTH: 0.93 1 = FOG OR MIST
DPTR FM NORMAL: 0.2 DPTR FM NORMAL: -0.89 2 = FOG REDUCING VISIBILITY
HIGHEST: 63 ON 16 GRTST 24HR 0.42 ON 30-30 TO 1/4 MILE OR LESS
LOWEST: 0 ON 10 3 = THUNDER
SNOW, ICE PELLETS, HAIL 4 = ICE PELLETS
TOTAL MONTH: M 5 = HAIL
GRTST 24HR M ON M 6 = FREEZING RAIN OR DRIZZLE
GRTST DEPTH: M ON M 7 = DUSTSTORM OR SANDSTORM:
VSBY 1/2 MILE OR LESS
8 = SMOKE OR HAZE
[NO. OF DAYS WITH] [WEATHER - DAYS WITH] 9 = BLOWING SNOW
X = TORNADO
MAX 32 OR BELOW: 8 0.01 INCH OR MORE: 5
MAX 90 OR ABOVE: 0 0.10 INCH OR MORE: 3
MIN 32 OR BELOW: 28 0.50 INCH OR MORE: 0
MIN 0 OR BELOW: 1 1.00 INCH OR MORE: 0
[HDD (BASE 65) ]
TOTAL THIS MO. 1028 CLEAR (SCALE 0-3) 5
DPTR FM NORMAL -15 PTCLDY (SCALE 4-7) 13
TOTAL FM JUL 1 6331 CLOUDY (SCALE 8-10) 13
DPTR FM NORMAL -376
[CDD (BASE 65) ]
TOTAL THIS MO. 0
DPTR FM NORMAL 0 [PRESSURE DATA]
TOTAL FM JAN 1 0 HIGHEST SLP M ON M
DPTR FM NORMAL 0 LOWEST SLP M ON M
[REMARKS]
#FINAL-03-22#