000
CXUS53 KGRB 280806
CF6ATW
PRELIMINARY LOCAL CLIMATOLOGICAL DATA (WS FORM: F-6)
STATION: APPLETON WI
MONTH: JANUARY
YEAR: 2021
LATITUDE: 44 16 N
LONGITUDE: 88 31 W
TEMPERATURE IN F: :PCPN: SNOW: WIND :SUNSHINE: SKY :PK WND
================================================================================
1 2 3 4 5 6A 6B 7 8 9 10 11 12 13 14 15 16 17 18
12Z AVG MX 2MIN
DY MAX MIN AVG DEP HDD CDD WTR SNW DPTH SPD SPD DIR MIN PSBL S-S WX SPD DR
================================================================================
1 23 16 20 2 45 0 M M M 6.2 13 10 M M 9 128 M M
2 25 21 23 5 42 0 M M M 6.0 9 250 M M 9 1 M M
3 23 19 21 3 44 0 M M M 3.0 7 230 M M 10 12 M M
4 28 19 24 6 41 0 M M M 4.1 12 260 M M 10 1 M M
5 30 27 29 11 36 0 M M M 4.5 8 300 M M 10 12 M M
6 28 23 26 8 39 0 M M M 1.5 5 99 M M 10 12 M M
7 30 23 27 9 38 0 M M M 6.0 15 10 M M 10 1 M M
8 30 19 25 7 40 0 M M M 7.4 12 10 M M 9 M M
9 27 18 23 5 42 0 M M M 4.3 8 250 M M 8 M M
10 21 19 20 3 45 0 M M M 6.8 9 230 M M 10 1 M M
11 32 19 26 9 39 0 M M M 11.5 17 230 M M 9 1 M M
12 32 23 28 11 37 0 M M M 6.7 9 230 M M 9 M M
13 37 21 29 12 36 0 M M M 4.7 10 250 M M 5 1 M M
14 39 25 32 15 33 0 0.09 M M 6.7 12 80 M M 7 12 18 100
15 36 32 34 17 31 0 0.08 M M 8.6 15 360 M M 10 1 21 360
16 34 28 31 14 34 0 M M M 11.1 16 330 M M 10 21 350
17 28 27 28 11 37 0 M M M 6.2 9 310 M M 9 M M
18 27 18 23 6 42 0 M M M 7.9 15 280 M M 9 21 280
19 23 12 18 1 47 0 M M M 9.1 13 320 M M 8 M M
20 32 5 19 2 46 0 M M M 13.6 23 200 M M 5 32 200
21 36 16 26 9 39 0 M M M 17.7 31 280 M M 5 37 280
22 18 9 14 -3 51 0 M M M 12.1 18 320 M M 6 28 320
23 21 5 13 -4 52 0 M M M 6.4 10 170 M M 4 M M
24 27 14 21 4 44 0 0.01 M M 8.5 13 150 M M 7 M M
25 21 7 14 -3 51 0 M M M 9.5 20 40 M M 5 26 40
26 23 10 17 0 48 0 M M M 14.5 23 20 M M 8 29 10
27 18 5 12 -5 53 0 M M M 6.6 12 340 M M 2 M M
================================================================================
SM 749 480 1132 0 0.18 M 210.9 M 213
================================================================================
AV 27.7 17.8 7.8 FASTST M M 8 MAX(MPH)
MISC ----> 31 280 37 280
================================================================================
NOTES:
# LAST OF SEVERAL OCCURRENCES
COLUMN 17 PEAK WIND IN M.P.H.
PRELIMINARY LOCAL CLIMATOLOGICAL DATA (WS FORM: F-6) , PAGE 2
STATION: APPLETON WI
MONTH: JANUARY
YEAR: 2021
LATITUDE: 44 16 N
LONGITUDE: 88 31 W
[TEMPERATURE DATA] [PRECIPITATION DATA] SYMBOLS USED IN COLUMN 16
AVERAGE MONTHLY: 22.8 TOTAL FOR MONTH: 0.18 1 = FOG OR MIST
DPTR FM NORMAL: 5.4 DPTR FM NORMAL: -0.82 2 = FOG REDUCING VISIBILITY
HIGHEST: 39 ON 14 GRTST 24HR 0.29 ON 25-26 TO 1/4 MILE OR LESS
LOWEST: 5 ON 27,23 3 = THUNDER
SNOW, ICE PELLETS, HAIL 4 = ICE PELLETS
TOTAL MONTH: M 5 = HAIL
GRTST 24HR M ON M 6 = FREEZING RAIN OR DRIZZLE
GRTST DEPTH: M ON M 7 = DUSTSTORM OR SANDSTORM:
VSBY 1/2 MILE OR LESS
8 = SMOKE OR HAZE
[NO. OF DAYS WITH] [WEATHER - DAYS WITH] 9 = BLOWING SNOW
X = TORNADO
MAX 32 OR BELOW: 22 0.01 INCH OR MORE: 3
MAX 90 OR ABOVE: 0 0.10 INCH OR MORE: 0
MIN 32 OR BELOW: 27 0.50 INCH OR MORE: 0
MIN 0 OR BELOW: 0 1.00 INCH OR MORE: 0
[HDD (BASE 65) ]
TOTAL THIS MO. 1132 CLEAR (SCALE 0-3) 1
DPTR FM NORMAL -156 PTCLDY (SCALE 4-7) 10
TOTAL FM JUL 1 3421 CLOUDY (SCALE 8-10) 16
DPTR FM NORMAL -817
[CDD (BASE 65) ]
TOTAL THIS MO. 0
DPTR FM NORMAL 0 [PRESSURE DATA]
TOTAL FM JAN 1 0 HIGHEST SLP M ON M
DPTR FM NORMAL 0 LOWEST SLP M ON M
[REMARKS]