000
CXUS53 KABR 011100
CF6ATY
PRELIMINARY LOCAL CLIMATOLOGICAL DATA (WS FORM: F-6)
STATION: WATERTOWN SD
MONTH: JUNE
YEAR: 2023
LATITUDE: 44 55 N
LONGITUDE: 97 9 W
TEMPERATURE IN F: :PCPN: SNOW: WIND :SUNSHINE: SKY :PK WND
================================================================================
1 2 3 4 5 6A 6B 7 8 9 10 11 12 13 14 15 16 17 18
12Z AVG MX 2MIN
DY MAX MIN AVG DEP HDD CDD WTR SNW DPTH SPD SPD DIR MIN PSBL S-S WX SPD DR
================================================================================
1 88 63 76 14 0 11 0.00 0.0 0 9.9 22 170 M M 0 29 140
2 88 65 77 15 0 12 0.02 0.0 0 10.2 20 150 M M 1 3 31 140
3 88 66 77 15 0 12 0.00 0.0 0 6.5 16 160 M M 1 23 100
4 89 65 77 14 0 12 0.01 0.0 0 4.5 14 230 M M 3 20 70
5 88 61 75 12 0 10 T 0.0 0 5.2 18 360 M M 2 3 27 360
6 92 63 78 14 0 13 0.00 0.0 0 4.5 10 80 M M 2 1 18 110
7 90 69 80 16 0 15 T 0.0 0 6.2 15 80 M M 2 38 22 80
8 85 62 74 10 0 9 T 0.0 0 8.4 14 80 M M 2 18 20 110
9 80 64 72 8 0 7 0.22 0.0 0 4.8 14 170 M M 5 138 18 180
10 77 60 69 4 0 4 0.03 0.0 0 12.4 24 30 M M 3 138 35 10
11 73 49 61 -4 4 0 0.00 0.0 0 10.2 23 20 M M 1 31 20
12 78 45 62 -3 3 0 0.00 0.0 0 5.1 17 300 M M 0 25 300
13 83 51 67 1 0 2 0.00 0.0 0 6.3 15 290 M M 1 21 310
14 85 51 68 2 0 3 0.00 0.0 0 3.6 13 60 M M 0 19 50
15 87 56 72 6 0 7 0.00 0.0 0 6.0 18 60 M M 1 18 27 70
16 82 57 70 4 0 5 0.00 0.0 0 8.1 15 130 M M 3 23 100
17 77 59 68 1 0 3 T 0.0 0 5.3 12 250 M M 5 17 250
18 82 60 71 4 0 6 T 0.0 0 4.8 12 110 M M 7 17 100
19 95 64 80 13 0 15 0.00 0.0 0 14.5 23 160 M M 0 1 33 150
20 92 70 81 13 0 16 0.00 0.0 0 15.3 25 160 M M 0 36 170
21 88 65 77 9 0 12 0.00 0.0 0 8.4 18 170 M M 1 8 23 180
22 86 65 76 8 0 11 0.56 0.0 0 6.7 21 10 M M 5 13 32 360
23 80 64 72 4 0 7 0.45 0.0 0 5.6 20 170 M M 6 13 27 170
24 76 60 68 0 0 3 0.46 0.0 0 15.6 30 200 M M 6 13 38 210
25 73 59 66 -3 0 1 0.04 0.0 0 15.2 25 340 M M 8 1 33 330
26 81 57 69 0 0 4 0.00 0.0 0 7.9 16 350 M M 1 1 23 330
27 81 56 69 0 0 4 0.42 0.0 0 7.8 16 160 M M 4 138 22 190
28 78 63 71 2 0 6 0.07 0.0 0 7.9 15 280 M M 3 138 24 130
29 85 62 74 4 0 9 0.00 0.0 0 4.9 14 340 M M 0 1 19 290
30 81 60 71 1 0 6 0.00 0.0 0 3.7 10 280 M M 1 16 320
================================================================================
SM 2508 1811 7 225 2.28 0.0 235.5 M 74
================================================================================
AV 83.6 60.4 7.8 FASTST M M 2 MAX(MPH)
MISC ----> 30 200 38 210
================================================================================
NOTES:
# LAST OF SEVERAL OCCURRENCES
COLUMN 17 PEAK WIND IN M.P.H.
PRELIMINARY LOCAL CLIMATOLOGICAL DATA (WS FORM: F-6) , PAGE 2
STATION: WATERTOWN SD
MONTH: JUNE
YEAR: 2023
LATITUDE: 44 55 N
LONGITUDE: 97 9 W
[TEMPERATURE DATA] [PRECIPITATION DATA] SYMBOLS USED IN COLUMN 16
AVERAGE MONTHLY: 72.0 TOTAL FOR MONTH: 2.28 1 = FOG OR MIST
DPTR FM NORMAL: 5.9 DPTR FM NORMAL: -1.57 2 = FOG REDUCING VISIBILITY
HIGHEST: 95 ON 19 GRTST 24HR 0.99 ON 22-23 TO 1/4 MILE OR LESS
LOWEST: 45 ON 12 3 = THUNDER
SNOW, ICE PELLETS, HAIL 4 = ICE PELLETS
TOTAL MONTH: 0.0 INCH 5 = HAIL
GRTST 24HR 0.0 6 = FREEZING RAIN OR DRIZZLE
GRTST DEPTH: 0 7 = DUSTSTORM OR SANDSTORM:
VSBY 1/2 MILE OR LESS
8 = SMOKE OR HAZE
[NO. OF DAYS WITH] [WEATHER - DAYS WITH] 9 = BLOWING SNOW
X = TORNADO
MAX 32 OR BELOW: 0 0.01 INCH OR MORE: 10
MAX 90 OR ABOVE: 4 0.10 INCH OR MORE: 5
MIN 32 OR BELOW: 0 0.50 INCH OR MORE: 1
MIN 0 OR BELOW: 0 1.00 INCH OR MORE: 0
[HDD (BASE 65) ]
TOTAL THIS MO. 7 CLEAR (SCALE 0-3) 21
DPTR FM NORMAL -62 PTCLDY (SCALE 4-7) 9
TOTAL FM JUL 1 8640 CLOUDY (SCALE 8-10) 0
DPTR FM NORMAL 139
[CDD (BASE 65) ]
TOTAL THIS MO. 225
DPTR FM NORMAL 123 [PRESSURE DATA]
TOTAL FM JAN 1 292 HIGHEST SLP 30.10 ON 4
DPTR FM NORMAL 167 LOWEST SLP 29.50 ON 25
[REMARKS]
#FINAL-06-23#