000
CXUS53 KABR 011200
CF6ATY
PRELIMINARY LOCAL CLIMATOLOGICAL DATA (WS FORM: F-6)
STATION: WATERTOWN SD
MONTH: JANUARY
YEAR: 2024
LATITUDE: 44 55 N
LONGITUDE: 97 9 W
TEMPERATURE IN F: :PCPN: SNOW: WIND :SUNSHINE: SKY :PK WND
================================================================================
1 2 3 4 5 6A 6B 7 8 9 10 11 12 13 14 15 16 17 18
12Z AVG MX 2MIN
DY MAX MIN AVG DEP HDD CDD WTR SNW DPTH SPD SPD DIR MIN PSBL S-S WX SPD DR
================================================================================
1 33 13 23 9 42 0 0.00 0.0 T 8.8 17 210 M M 4 12 23 180
2 33 19 26 13 39 0 0.00 0.0 T 8.5 17 330 M M 4 12 23 330
3 28 15 22 9 43 0 T T T 9.8 20 10 M M 10 1 25 10
4 28 15 22 9 43 0 T T T 9.6 20 190 M M 10 1 28 190
5 32 28 30 17 35 0 0.02 0.2 T 11.1 21 190 M M 10 1 26 190
6 30 14 22 9 43 0 0.09 1.0 1 12.5 23 330 M M 10 1 30 340
7 18 8 13 0 52 0 T T 1 5.2 13 60 M M 6 1 16 60
8 20 8 14 2 51 0 0.24 4.0 1 11.2 16 360 M M 10 1 21 360
9 14 -2 6 -6 59 0 T T 5 7.6 16 340 M M 5 129 20 340
10 21 3 12 0 53 0 T T 5 10.0 23 320 M M 9 18 29 330
11 3 -2 1 -11 64 0 0.00 0.0 5 11.0 17 320 M M 0 22 300
12 1 -5 -2 -14 67 0 T T 5 18.0 26 330 M M 8 189 33 330
13 -4 -20 -12 -24 77 0 T T 5 22.3 29 300 M M 10 8 41 330
14 -9 -19 -14 -26 79 0 T T 5 12.8 22 300 M M 3 29 300
15 -5 -15 -10 -22 75 0 0.00 0.0 5 17.4 28 290 M M 3 8 38 280
16 5 -8 -1 -13 66 0 0.00 0.0 5 16.1 24 240 M M 0 35 280
17 14 -1 7 -5 58 0 0.00 0.0 5 8.5 16 290 M M 0 22 290
18 2 -4 -1 -13 66 0 0.04 0.8 5 11.5 24 310 M M 7 189 32 320
19 2 -13 -5 -17 70 0 T T 6 11.4 22 330 M M 3 8 29 330
20 4 -16 -6 -18 71 0 0.00 0.0 6 11.9 30 170 M M 0 44 170
21 20 4 12 0 53 0 0.00 0.0 6 20.5 36 190 M M 1 89 48 200
22 26 9 18 6 47 0 0.00 0.0 6 5.3 10 60 M M 7 14 50
23 29 23 26 14 39 0 T T 6 8.4 20 170 M M 10 12 25 170
24 30 27 29 17 36 0 0.00 0.0 6 11.3 21 200 M M 10 12 26 170
25 31 28 30 18 35 0 0.00 0.0 6 3.1 8 160 M M 10 1 11 160
26 30 26 28 16 37 0 0.00 0.0 6 5.7 10 260 M M 10 12 13 220
27 39 15 27 15 38 0 0.00 0.0 5 1.9 7 310 M M 3 12 9 290
28 42 17 30 18 35 0 0.00 0.0 3 5.6 13 200 M M 0 12 16 190
29 44 22 33 21 32 0 0.00 0.0 1 8.6 17 330 M M 0 23 330
30 46 21 34 22 31 0 0.00 0.0 1 6.7 14 310 M M 0 1 17 310
31 54 26 40 28 25 0 0.00 0.0 T 4.0 10 180 M M 0 12 12 180
================================================================================
SM 661 236 1561 0 0.39 6.0 316.3 M 163
================================================================================
AV 21.3 7.6 10.2 FASTST M M 5 MAX(MPH)
MISC ----> 36 190 48 200
================================================================================
NOTES:
# LAST OF SEVERAL OCCURRENCES
COLUMN 17 PEAK WIND IN M.P.H.
PRELIMINARY LOCAL CLIMATOLOGICAL DATA (WS FORM: F-6) , PAGE 2
STATION: WATERTOWN SD
MONTH: JANUARY
YEAR: 2024
LATITUDE: 44 55 N
LONGITUDE: 97 9 W
[TEMPERATURE DATA] [PRECIPITATION DATA] SYMBOLS USED IN COLUMN 16
AVERAGE MONTHLY: 14.5 TOTAL FOR MONTH: 0.39 1 = FOG OR MIST
DPTR FM NORMAL: 2.3 DPTR FM NORMAL: -0.19 2 = FOG REDUCING VISIBILITY
HIGHEST: 54 ON 31 GRTST 24HR 0.24 ON 8- 8 TO 1/4 MILE OR LESS
LOWEST: -20 ON 13 3 = THUNDER
SNOW, ICE PELLETS, HAIL 4 = ICE PELLETS
TOTAL MONTH: 6.0 INCHES 5 = HAIL
GRTST 24HR 4.0 ON 8- 8 6 = FREEZING RAIN OR DRIZZLE
GRTST DEPTH: 6 ON 26,25 7 = DUSTSTORM OR SANDSTORM:
VSBY 1/2 MILE OR LESS
8 = SMOKE OR HAZE
[NO. OF DAYS WITH] [WEATHER - DAYS WITH] 9 = BLOWING SNOW
X = TORNADO
MAX 32 OR BELOW: 24 0.01 INCH OR MORE: 4
MAX 90 OR ABOVE: 0 0.10 INCH OR MORE: 1
MIN 32 OR BELOW: 31 0.50 INCH OR MORE: 0
MIN 0 OR BELOW: 11 1.00 INCH OR MORE: 0
[HDD (BASE 65) ]
TOTAL THIS MO. 1561 CLEAR (SCALE 0-3) 11
DPTR FM NORMAL -74 PTCLDY (SCALE 4-7) 9
TOTAL FM JUL 1 4234 CLOUDY (SCALE 8-10) 11
DPTR FM NORMAL -742
[CDD (BASE 65) ]
TOTAL THIS MO. 0
DPTR FM NORMAL 0 [PRESSURE DATA]
TOTAL FM JAN 1 0 HIGHEST SLP 30.68 ON 20
DPTR FM NORMAL 0 LOWEST SLP 29.41 ON 10
[REMARKS]
#FINAL-01-24#