000
CXUS54 KBMX 011010
CF6AUO
PRELIMINARY LOCAL CLIMATOLOGICAL DATA (WS FORM: F-6)
STATION: AUBURN AWOS
MONTH: MARCH
YEAR: 2022
LATITUDE: 32 34 N
LONGITUDE: 85 30 W
TEMPERATURE IN F: :PCPN: SNOW: WIND :SUNSHINE: SKY :PK WND
================================================================================
1 2 3 4 5 6A 6B 7 8 9 10 11 12 13 14 15 16 17 18
12Z AVG MX 2MIN
DY MAX MIN AVG DEP HDD CDD WTR SNW DPTH SPD SPD DIR MIN PSBL S-S WX SPD DR
================================================================================
1 70 41 56 M 9 0 M M M 6.3 10 280 M M 0 M M
2 76 40 58 M 7 0 M M M 4.7 8 260 M M 0 M M
3 77 49 63 M 2 0 M M M 5.9 12 230 M M 0 M M
4 81 46 64 M 1 0 0.00 0.0 0 5.8 10 100 M M 0 M M
5 79 54 67 M 0 2 0.00 0.0 0 9.2 17 160 M M 0 21 160
6 81 57 69 M 0 4 0.00 0.0 0 8.0 15 180 M M 4 22 170
7 78 58 68 M 0 3 0.25 0.0 M 8.2 24 190 M M 7 1 31 190
8 58 49 54 M 11 0 0.39 0.0 0 8.4 15 30 M M 10 13 17 90
9 61 49 55 M 10 0 0.19 0.0 0 7.0 17 180 M M 7 12 24 320
10 70 48 59 M 6 0 0.00 0.0 0 3.6 8 30 M M 4 M M
11 61 55 58 M 7 0 T 0.0 0 5.9 12 150 M M 10 1 M M
12 59 28 44 M 21 0 0.30 T 0 16.6 28 320 M M 5 1 41 310
13 57 24 41 M 24 0 0.00 0.0 0 2.9 7 160 M M 0 M M
14 67 33 50 M 15 0 0.00 0.0 0 5.7 12 180 M M 1 17 150
15 64 52 58 M 7 0 1.08 0.0 0 8.5 16 90 M M 9 1 24 90
16 70 52 61 M 4 0 0.36 0.0 M 6.8 20 250 M M 6 13 30 270
17 74 45 60 M 5 0 0.00 0.0 0 3.3 8 170 M M 0 1 M M
18 59 54 57 M 8 0 0.92 0.0 0 9.0 21 300 M M 8 13 30 300
19 M M M M M M M M M M M M M M M 18 M M
20 M M M M M M 0.00 0.0 0 6.7 15 330 M M 0 41 360
21 75 M M M M M 0.00 0.0 0 8.0 14 130 M M 0 20 190
22 79 55 67 M 0 2 0.03 0.0 0 14.0 22 150 M M 3 35 150
23 78 56 67 M 0 2 0.30 0.0 M 11.8 18 170 M M 7 13 29 170
24 67 46 57 M 8 0 M M M 6.6 13 290 M M 3 21 290
25 66 48 57 M 8 0 M M M 9.0 17 280 M M 3 22 300
26 66 47 57 M 8 0 M M M 9.9 21 300 M M 0 31 270
27 70 45 58 M 7 0 M M M 7.1 13 260 M M 1 8 18 290
28 74 44 59 M 6 0 0.00 0.0 0 5.8 12 40 M M 0 M M
29 78 52 65 M 0 0 0.00 0.0 0 6.9 13 180 M M 2 M M
30 83 58 71 M 0 6 T 0.0 0 15.7 29 180 M M 2 40 170
31 71 53 62 M 3 0 1.42 0.0 0 9.7 21 180 M M 5 1 39 180
================================================================================
SM 2049 1338 177 19 5.24 T 237.0 M 97
================================================================================
AV 70.7 47.8 7.9 FASTST M M 3 MAX(MPH)
MISC ----> 29 180 # 41 310
================================================================================
NOTES:
# LAST OF SEVERAL OCCURRENCES
COLUMN 17 PEAK WIND IN M.P.H.
PRELIMINARY LOCAL CLIMATOLOGICAL DATA (WS FORM: F-6) , PAGE 2
STATION: AUBURN AWOS
MONTH: MARCH
YEAR: 2022
LATITUDE: 32 34 N
LONGITUDE: 85 30 W
[TEMPERATURE DATA] [PRECIPITATION DATA] SYMBOLS USED IN COLUMN 16
AVERAGE MONTHLY: 59.2 TOTAL FOR MONTH: 5.24 1 = FOG OR MIST
DPTR FM NORMAL: 0.0 DPTR FM NORMAL: M 2 = FOG REDUCING VISIBILITY
HIGHEST: 83 ON 30 GRTST 24HR 1.42 ON 31-31 TO 1/4 MILE OR LESS
LOWEST: 24 ON 13 3 = THUNDER
SNOW, ICE PELLETS, HAIL 4 = ICE PELLETS
TOTAL MONTH: T 5 = HAIL
GRTST 24HR T ON 12-12 6 = FREEZING RAIN OR DRIZZLE
GRTST DEPTH: 0 7 = DUSTSTORM OR SANDSTORM:
VSBY 1/2 MILE OR LESS
8 = SMOKE OR HAZE
[NO. OF DAYS WITH] [WEATHER - DAYS WITH] 9 = BLOWING SNOW
X = TORNADO
MAX 32 OR BELOW: 0 0.01 INCH OR MORE: 10
MAX 90 OR ABOVE: 0 0.10 INCH OR MORE: 9
MIN 32 OR BELOW: 2 0.50 INCH OR MORE: 3
MIN 0 OR BELOW: 0 1.00 INCH OR MORE: 2
[HDD (BASE 65) ]
TOTAL THIS MO. 177 CLEAR (SCALE 0-3) 16
DPTR FM NORMAL M PTCLDY (SCALE 4-7) 11
TOTAL FM JUL 1 1679 CLOUDY (SCALE 8-10) 4
DPTR FM NORMAL M
[CDD (BASE 65) ]
TOTAL THIS MO. 19
DPTR FM NORMAL M [PRESSURE DATA]
TOTAL FM JAN 1 38 HIGHEST SLP M ON M
DPTR FM NORMAL M LOWEST SLP M ON M
[REMARKS]
#FINAL-03-22#