000
CXUS54 KEWX 011010
CF6BAZ
PRELIMINARY LOCAL CLIMATOLOGICAL DATA (WS FORM: F-6)
STATION: NEW BRAUNFELS
MONTH: MARCH
YEAR: 2022
LATITUDE: 29 43 N
LONGITUDE: 98 3 W
TEMPERATURE IN F: :PCPN: SNOW: WIND :SUNSHINE: SKY :PK WND
================================================================================
1 2 3 4 5 6A 6B 7 8 9 10 11 12 13 14 15 16 17 18
12Z AVG MX 2MIN
DY MAX MIN AVG DEP HDD CDD WTR SNW DPTH SPD SPD DIR MIN PSBL S-S WX SPD DR
================================================================================
1 73 32 53 -6 12 0 0.00 M M 5.0 13 200 M M 0 21 140
2 75 38 57 -2 8 0 0.00 M M 6.7 13 160 M M 0 25 140
3 79 47 63 4 2 0 0.00 0.0 0 5.3 13 160 M M 1 1 18 170
4 82 59 71 11 0 6 0.00 0.0 0 11.8 24 160 M M 7 1 32 170
5 83 65 74 14 0 9 0.00 M M 14.8 29 200 M M 9 36 200
6 82 63 73 13 0 8 0.00 M M 13.4 31 180 M M 9 1 43 170
7 72 46 59 -1 6 0 T M M 18.5 32 10 M M 10 43 40
8 58 42 50 -11 15 0 0.02 M M 12.7 24 40 M M 7 8 34 40
9 64 38 51 -10 14 0 0.00 0.0 0 8.1 17 20 M M 0 27 50
10 76 33 55 -6 10 0 0.00 M M 6.7 16 160 M M 2 22 160
11 64 39 52 -9 13 0 T M M 17.7 32 360 M M 8 42 10
12 59 26 43 -19 22 0 0.00 M M 6.5 26 10 M M 0 36 10
13 70 26 48 -14 17 0 0.00 M M 10.1 23 170 M M 1 32 190
14 84 42 63 1 2 0 T M M 8.7 28 220 M M 3 18 38 220
15 80 50 65 3 0 0 0.00 M M 10.8 28 330 M M 0 37 340
16 84 42 63 0 2 0 0.00 M M 8.3 20 170 M M 0 27 170
17 78 45 62 -1 3 0 T M M 6.9 24 170 M M 7 128 30 170
18 76 51 64 1 1 0 0.00 M M 13.7 29 340 M M 1 1 39 340
19 81 40 61 -3 4 0 0.00 M M 4.5 15 160 M M 0 19 160
20 80 41 61 -3 4 0 0.00 M M 11.8 25 150 M M 3 34 130
21 82 61 72 8 0 7 0.31 M M 14.1 33 180 M M 9 138 42 170
22 71 47 59 -5 6 0 0.50 M M 14.1 29 150 M M 2 13 37 320
23 72 40 56 -9 9 0 0.00 M M 9.4 23 330 M M 0 33 350
24 79 40 60 -5 5 0 0.00 M M 11.7 24 330 M M 0 35 340
25 86 41 64 -1 1 0 0.00 M M 3.8 12 160 M M 0 8 16 150
26 90 47 69 4 0 4 0.00 M M 9.0 24 200 M M 0 33 200
27 87 50 69 3 0 4 0.00 M M 11.5 23 150 M M 0 30 150
28 87 55 71 5 0 6 0.00 M M 12.2 26 200 M M 2 1 36 200
29 83 67 75 9 0 10 T M M 19.3 31 160 M M 7 40 180
30 85 57 71 5 0 6 0.06 M M 14.8 30 180 M M 4 1 43 280
31 79 43 61 -6 4 0 0.00 M M 5.0 15 70 M M 0 20 80
================================================================================
SM 2401 1413 160 60 0.89 0.0 326.9 M 92
================================================================================
AV 77.5 45.6 10.5 FASTST M M 3 MAX(MPH)
MISC ----> 33 180 # 43 170
================================================================================
NOTES:
# LAST OF SEVERAL OCCURRENCES
COLUMN 17 PEAK WIND IN M.P.H.
PRELIMINARY LOCAL CLIMATOLOGICAL DATA (WS FORM: F-6) , PAGE 2
STATION: NEW BRAUNFELS
MONTH: MARCH
YEAR: 2022
LATITUDE: 29 43 N
LONGITUDE: 98 3 W
[TEMPERATURE DATA] [PRECIPITATION DATA] SYMBOLS USED IN COLUMN 16
AVERAGE MONTHLY: 61.5 TOTAL FOR MONTH: 0.89 1 = FOG OR MIST
DPTR FM NORMAL: -1.3 DPTR FM NORMAL: -1.60 2 = FOG REDUCING VISIBILITY
HIGHEST: 90 ON 26 GRTST 24HR 0.81 ON 21-22 TO 1/4 MILE OR LESS
LOWEST: 26 ON 13,12 3 = THUNDER
SNOW, ICE PELLETS, HAIL 4 = ICE PELLETS
TOTAL MONTH: 0.0 INCH 5 = HAIL
GRTST 24HR 0.0 6 = FREEZING RAIN OR DRIZZLE
GRTST DEPTH: 0 7 = DUSTSTORM OR SANDSTORM:
VSBY 1/2 MILE OR LESS
8 = SMOKE OR HAZE
[NO. OF DAYS WITH] [WEATHER - DAYS WITH] 9 = BLOWING SNOW
X = TORNADO
MAX 32 OR BELOW: 0 0.01 INCH OR MORE: 4
MAX 90 OR ABOVE: 1 0.10 INCH OR MORE: 2
MIN 32 OR BELOW: 3 0.50 INCH OR MORE: 1
MIN 0 OR BELOW: 0 1.00 INCH OR MORE: 0
[HDD (BASE 65) ]
TOTAL THIS MO. 160 CLEAR (SCALE 0-3) 19
DPTR FM NORMAL 16 PTCLDY (SCALE 4-7) 8
TOTAL FM JUL 1 1317 CLOUDY (SCALE 8-10) 4
DPTR FM NORMAL -91
[CDD (BASE 65) ]
TOTAL THIS MO. 60
DPTR FM NORMAL -14 [PRESSURE DATA]
TOTAL FM JAN 1 79 HIGHEST SLP 30.56 ON 12
DPTR FM NORMAL -30 LOWEST SLP 29.48 ON 21
[REMARKS]
#FINAL-03-22#