000
CXUS53 KLBF 011041
CLMBBW
CLIMATE REPORT
NATIONAL WEATHER SERVICE NORTH PLATTE NE
541 AM CDT TUE AUG 01 2023
...................................
...THE BROKEN BOW CLIMATE SUMMARY FOR THE MONTH OF JULY 2023...
CLIMATE NORMAL PERIOD 1991 TO 2020
CLIMATE RECORD PERIOD 1894 TO 2023
WEATHER OBSERVED NORMAL DEPART LAST YEAR`S
VALUE DATE(S) VALUE FROM VALUE DATE(S)
NORMAL
................................................................
TEMPERATURE (F)
RECORD
HIGH 116 07/11/1954
LOW 37 07/30/1971
HIGHEST 100 07/27 98 2 101 07/10
LOWEST 49 07/09 47 2 54 07/30
AVG. MAXIMUM 86.2 87.4 -1.2 88.3
AVG. MINIMUM 60.6 63.2 -2.6 63.3
MEAN 73.4 75.3 -1.9 75.8
DAYS MAX >= 90 10 12.1 -2.1 16
DAYS MAX <= 32 0 0.0 0.0 0
DAYS MIN <= 32 0 0.0 0.0 0
DAYS MIN <= 0 0 0.0 0.0 0
PRECIPITATION (INCHES)
RECORD
MAXIMUM 9.06 1993
MINIMUM 0.23 2002
TOTALS 3.23 3.17 0.06 6.46
DAILY AVG. 0.10 0.10 -0.00 0.21
DAYS >= .01 15 11.4 3.6 13
DAYS >= .10 9 5.8 3.2 12
DAYS >= .50 1 1.8 -0.8 4
DAYS >= 1.00 1 0.8 0.2 2
GREATEST
24 HR. TOTAL 1.09 07/31 TO 07/31 MM
SNOWFALL (INCHES)
TOTALS MM
SINCE 7/1 MM
SNOWDEPTH AVG. MM
DAYS >= TRACE MM
DAYS >= 1.0 MM
GREATEST
SNOW DEPTH MM
DEGREE DAYS
HEATING TOTAL 9 3 6 0
SINCE 7/1 9 0 9 MM
COOLING TOTAL 278 322 -44 342
SINCE 1/1 498 557 -59 MM
................................................................
WIND (MPH)
AVERAGE WIND SPEED 6.0
HIGHEST WIND SPEED/DIRECTION 37/210 DATE 07/10
HIGHEST GUST SPEED/DIRECTION 58/210 DATE 07/10
AVERAGE RH (PERCENT) 71
WEATHER CONDITIONS. NUMBER OF DAYS WITH
THUNDERSTORM 18 MIXED PRECIP 0
HEAVY RAIN 4 RAIN 7
LIGHT RAIN 15 FREEZING RAIN 0
LT FREEZING RAIN 0 HAIL 0
HEAVY SNOW 0 SNOW 0
LIGHT SNOW 0 SLEET 0
FOG 17 FOG W/VIS <= 1/4 MILE 1
HAZE 3
- INDICATES NEGATIVE NUMBERS.
R INDICATES RECORD WAS SET OR TIED.
MM INDICATES DATA IS MISSING.
T INDICATES TRACE AMOUNT.
&&
...SNOWFALL AND SNOW DEPTH ARE UNAVAILABLE AT THIS LOCATION...
$$