000
CXAK56 PAFC 010951
CF6BET
PRELIMINARY LOCAL CLIMATOLOGICAL DATA (WS FORM: F-6)
STATION: BETHEL
MONTH: MARCH
YEAR: 2023
LATITUDE: 60 46 N
LONGITUDE: 161 48 W
TEMPERATURE IN F: :PCPN: SNOW: WIND :SUNSHINE: SKY :PK WND
================================================================================
1 2 3 4 5 6A 6B 7 8 9 10 11 12 13 14 15 16 17 18
12Z AVG MX 2MIN
DY MAX MIN AVG DEP HDD CDD WTR SNW DPTH SPD SPD DIR MIN PSBL S-S WX SPD DR
================================================================================
1 26 1 14 0 51 0 T M M 23.8 39 230 M M 10 1289 48 230
2 1 -10 -4 -18 69 0 T M M 9.9 25 280 M M 5 18 33 280
3 7 -12 -2 -16 67 0 0.02 M M 8.6 16 190 M M 6 1 18 190
4 32 7 20 6 45 0 0.03 M M 14.1 24 160 M M 7 1 28 160
5 38 31 35 22 30 0 0.02 M M 18.1 37 150 M M 10 45 150
6 41 35 38 25 27 0 0.00 M M 8.6 23 150 M M 3 27 150
7 39 33 36 23 29 0 T M M 13.4 29 170 M M 8 1 34 180
8 36 19 28 15 37 0 0.09 M M 8.7 16 310 M M 10 1 20 300
9 24 14 19 6 46 0 T M M 12.3 18 10 M M 6 1 22 10
10 24 13 19 6 46 0 0.00 M M 14.0 20 10 M M 0 23 10
11 24 10 17 4 48 0 0.00 M M 11.6 17 20 M M 1 19 10
12 20 5 13 0 52 0 0.00 M M 18.0 30 340 M M 5 36 340
13 19 0 10 -3 55 0 0.05 M M 12.2 21 190 M M 5 1 25 280
14 9 -2 4 -9 61 0 T M M 19.8 30 10 M M 4 189 34 10
15 10 1 6 -7 59 0 0.00 M M 20.6 32 10 M M 0 38 20
16 8 -4 2 -11 63 0 0.00 M M 16.7 28 20 M M 0 33 20
17 13 -2 6 -8 59 0 0.00 M M 19.5 30 10 M M 2 36 10
18 26 7 17 3 48 0 0.00 M M 12.6 22 10 M M 0 26 360
19 24 5 15 1 50 0 0.00 M M 9.2 15 140 M M 0 19 140
20 34 23 29 15 36 0 0.02 M M 24.2 41 150 M M 8 9 50 160
21 34 22 28 14 37 0 0.02 M M 11.4 22 160 M M 8 1 26 150
22 22 10 16 1 49 0 T M M 12.2 23 290 M M 6 1 30 270
23 32 8 20 5 45 0 0.04 M M 17.3 41 220 M M 8 129 51 240
24 26 7 17 2 48 0 0.05 M M 9.5 21 170 M M 4 1 24 170
25 36 6 21 5 44 0 T M M 20.0 35 160 M M 6 1 46 160
26 36 32 34 18 31 0 0.72 M M 27.3 36 170 M M 10 1 43 170
27 32 21 27 10 38 0 0.23 M M 10.2 20 190 M M 6 1 23 190
28 29 15 22 5 43 0 T M M 8.1 16 140 M M 6 1 20 150
29 33 28 31 13 34 0 0.09 M M 15.3 24 160 M M 10 16 29 160
30 31 23 27 9 38 0 0.05 M M 16.3 24 290 M M 10 1 32 300
31 25 14 20 1 45 0 0.01 M M 17.3 28 300 M M 9 1 34 310
================================================================================
SM 791 360 1430 0 1.44 M 460.8 M 173
================================================================================
AV 25.5 11.6 14.9 FASTST M M 6 MAX(MPH)
MISC ----> # 41 150 51 240
================================================================================
NOTES:
# LAST OF SEVERAL OCCURRENCES
COLUMN 17 PEAK WIND IN M.P.H.
PRELIMINARY LOCAL CLIMATOLOGICAL DATA (WS FORM: F-6) , PAGE 2
STATION: BETHEL
MONTH: MARCH
YEAR: 2023
LATITUDE: 60 46 N
LONGITUDE: 161 48 W
[TEMPERATURE DATA] [PRECIPITATION DATA] SYMBOLS USED IN COLUMN 16
AVERAGE MONTHLY: 18.6 TOTAL FOR MONTH: 1.44 1 = FOG OR MIST
DPTR FM NORMAL: 4.1 DPTR FM NORMAL: 0.70 2 = FOG REDUCING VISIBILITY
HIGHEST: 41 ON 6 GRTST 24HR 0.73 ON 26-27 TO 1/4 MILE OR LESS
LOWEST: -12 ON 3 3 = THUNDER
SNOW, ICE PELLETS, HAIL 4 = ICE PELLETS
TOTAL MONTH: M 5 = HAIL
GRTST 24HR M ON M 6 = FREEZING RAIN OR DRIZZLE
GRTST DEPTH: M ON M 7 = DUSTSTORM OR SANDSTORM:
VSBY 1/2 MILE OR LESS
8 = SMOKE OR HAZE
[NO. OF DAYS WITH] [WEATHER - DAYS WITH] 9 = BLOWING SNOW
X = TORNADO
MAX 32 OR BELOW: 22 0.01 INCH OR MORE: 14
MAX 90 OR ABOVE: 0 0.10 INCH OR MORE: 2
MIN 32 OR BELOW: 29 0.50 INCH OR MORE: 1
MIN 0 OR BELOW: 6 1.00 INCH OR MORE: 0
[HDD (BASE 65) ]
TOTAL THIS MO. 1430 CLEAR (SCALE 0-3) 8
DPTR FM NORMAL -135 PTCLDY (SCALE 4-7) 14
TOTAL FM JUL 1 9772 CLOUDY (SCALE 8-10) 9
DPTR FM NORMAL -345
[CDD (BASE 65) ]
TOTAL THIS MO. 0
DPTR FM NORMAL 0 [PRESSURE DATA]
TOTAL FM JAN 1 0 HIGHEST SLP M ON M
DPTR FM NORMAL 0 LOWEST SLP 28.82 ON 1
[REMARKS]
#FINAL-03-23#