000
CXAK56 PAFC 011017
CF6BET
PRELIMINARY LOCAL CLIMATOLOGICAL DATA (WS FORM: F-6)
STATION: BETHEL
MONTH: APRIL
YEAR: 2022
LATITUDE: 60 46 N
LONGITUDE: 161 48 W
TEMPERATURE IN F: :PCPN: SNOW: WIND :SUNSHINE: SKY :PK WND
================================================================================
1 2 3 4 5 6A 6B 7 8 9 10 11 12 13 14 15 16 17 18
12Z AVG MX 2MIN
DY MAX MIN AVG DEP HDD CDD WTR SNW DPTH SPD SPD DIR MIN PSBL S-S WX SPD DR
================================================================================
1 32 19 26 7 39 0 T M M 20.0 32 30 M M 7 8 39 30
2 38 18 28 8 37 0 0.00 M M 11.0 18 50 M M 4 24 50
3 35 20 28 7 37 0 0.00 M M 8.6 13 360 M M 5 15 350
4 29 20 25 4 40 0 T M M 6.9 14 20 M M 9 1 17 20
5 22 11 17 -5 48 0 0.00 M M 13.4 18 360 M M 6 23 360
6 16 5 11 -12 54 0 0.00 M M 11.6 17 320 M M 4 21 310
7 11 -1 5 -18 60 0 T M M 10.1 15 340 M M 1 18 19 290
8 15 -3 6 -18 59 0 0.00 M M 7.8 16 160 M M 3 8 20 160
9 33 15 24 -1 41 0 0.08 M M 12.1 21 180 M M 8 1 25 170
10 42 23 33 7 32 0 0.00 M M 7.9 14 40 M M 5 12 M M
11 45 22 34 8 31 0 0.00 M M 2.7 9 20 M M 4 10 20
12 50 34 42 15 23 0 0.00 M M 8.7 16 110 M M 5 20 110
13 42 36 39 11 26 0 0.00 M M 9.0 20 160 M M 10 25 160
14 41 38 40 12 25 0 0.00 M M 17.8 20 90 M M M 25 90
15 45 33 39 10 26 0 0.03 M M 12.0 22 120 M M 10 1 28 110
16 47 30 39 9 26 0 0.01 M M 6.5 13 190 M M 7 15 190
17 46 33 40 10 25 0 0.03 M M 8.9 22 170 M M 10 28 150
18 44 29 37 6 28 0 0.00 M M 12.4 22 100 M M 7 28 90
19 45 24 35 3 30 0 0.00 M M 5.8 13 70 M M 4 16 120
20 43 30 37 5 28 0 T M M 6.3 13 120 M M 8 16 170
21 46 28 37 4 28 0 0.00 M M 13.4 23 80 M M 5 31 90
22 49 32 41 7 24 0 0.00 M M 14.3 22 80 M M 3 29 50
23 53 33 43 9 22 0 0.00 M M 6.2 13 240 M M 9 15 240
24 35 27 31 -4 34 0 T M M 10.2 16 270 M M 10 18 19 250
25 40 29 35 0 30 0 0.01 M M 4.9 10 340 M M 8 1 M M
26 47 27 37 1 28 0 0.00 M M 9.2 15 300 M M 0 8 19 300
27 55 28 42 6 23 0 T M M 5.6 13 160 M M 2 16 190
28 50 28 39 2 26 0 0.00 M M 10.6 24 170 M M 4 31 180
29 49 37 43 6 22 0 0.00 M M 16.4 26 80 M M 4 35 90
30 47 34 41 3 24 0 0.00 M M 14.4 23 70 M M 4 30 80
================================================================================
SM 1192 739 976 0 0.16 M 304.7 M 166
================================================================================
AV 39.7 24.6 10.2 FASTST M M 6 MAX(MPH)
MISC ----> 32 30 39 30
================================================================================
NOTES:
# LAST OF SEVERAL OCCURRENCES
COLUMN 17 PEAK WIND IN M.P.H.
PRELIMINARY LOCAL CLIMATOLOGICAL DATA (WS FORM: F-6) , PAGE 2
STATION: BETHEL
MONTH: APRIL
YEAR: 2022
LATITUDE: 60 46 N
LONGITUDE: 161 48 W
[TEMPERATURE DATA] [PRECIPITATION DATA] SYMBOLS USED IN COLUMN 16
AVERAGE MONTHLY: 32.2 TOTAL FOR MONTH: 0.16 1 = FOG OR MIST
DPTR FM NORMAL: 3.2 DPTR FM NORMAL: -0.63 2 = FOG REDUCING VISIBILITY
HIGHEST: 55 ON 27 GRTST 24HR 0.08 ON 9- 9 TO 1/4 MILE OR LESS
LOWEST: -3 ON 8 3 = THUNDER
SNOW, ICE PELLETS, HAIL 4 = ICE PELLETS
TOTAL MONTH: M 5 = HAIL
GRTST 24HR M ON M 6 = FREEZING RAIN OR DRIZZLE
GRTST DEPTH: M ON M 7 = DUSTSTORM OR SANDSTORM:
VSBY 1/2 MILE OR LESS
8 = SMOKE OR HAZE
[NO. OF DAYS WITH] [WEATHER - DAYS WITH] 9 = BLOWING SNOW
X = TORNADO
MAX 32 OR BELOW: 6 0.01 INCH OR MORE: 5
MAX 90 OR ABOVE: 0 0.10 INCH OR MORE: 0
MIN 32 OR BELOW: 22 0.50 INCH OR MORE: 0
MIN 0 OR BELOW: 2 1.00 INCH OR MORE: 0
[HDD (BASE 65) ]
TOTAL THIS MO. 976 CLEAR (SCALE 0-3) 4
DPTR FM NORMAL -102 PTCLDY (SCALE 4-7) 18
TOTAL FM JUL 1 11360 CLOUDY (SCALE 8-10) 8
DPTR FM NORMAL 167
[CDD (BASE 65) ]
TOTAL THIS MO. 0
DPTR FM NORMAL 0 [PRESSURE DATA]
TOTAL FM JAN 1 0 HIGHEST SLP M ON M
DPTR FM NORMAL 0 LOWEST SLP 29.06 ON 3
[REMARKS]
#FINAL-04-22#