000
CXUS56 KHNX 011201
CF6BFL
PRELIMINARY LOCAL CLIMATOLOGICAL DATA (WS FORM: F-6)
STATION: BAKERSFIELD CA
MONTH: AUGUST
YEAR: 2022
LATITUDE: 35 25 N
LONGITUDE: 119 3 W
TEMPERATURE IN F: :PCPN: SNOW: WIND :SUNSHINE: SKY :PK WND
================================================================================
1 2 3 4 5 6A 6B 7 8 9 10 11 12 13 14 15 16 17 18
12Z AVG MX 2MIN
DY MAX MIN AVG DEP HDD CDD WTR SNW DPTH SPD SPD DIR MIN PSBL S-S WX SPD DR
================================================================================
1 101 78 90 5 0 25 0.00 0.0 0 8.3 16 330 M M 0 21 310
2 101 77 89 4 0 24 0.00 0.0 0 6.9 16 320 M M 0 8 19 320
3 102 74 88 3 0 23 0.00 0.0 0 4.9 14 310 M M 0 18 310
4 104 82 93 8 0 28 0.00 0.0 0 7.7 16 140 M M 0 8 20 140
5 99 78 89 4 0 24 0.00 0.0 0 9.7 17 320 M M 1 20 320
6 97 72 85 0 0 20 0.00 0.0 0 6.7 16 310 M M 0 22 300
7 97 70 84 0 0 19 0.00 0.0 0 6.8 14 320 M M 0 8 21 310
8 96 72 84 0 0 19 0.00 0.0 0 7.1 14 310 M M 0 18 300
9 99 71 85 1 0 20 0.00 0.0 0 7.0 15 310 M M 0 8 19 300
10 95 69 82 -2 0 17 0.00 0.0 0 5.1 12 320 M M 0 8 15 330
11 97 69 83 -1 0 18 0.00 0.0 0 5.8 13 330 M M 0 8 17 300
12 98 69 84 0 0 19 0.00 0.0 0 5.2 14 320 M M 0 18 310
13 99 70 85 1 0 20 0.00 0.0 0 5.9 14 310 M M 0 18 310
14 101 71 86 2 0 21 0.00 0.0 0 6.7 15 320 M M 0 19 330
15 102 68 85 1 0 20 0.00 0.0 0 4.8 15 320 M M 0 20 310
16 105 76 91 7 0 26 0.00 0.0 0 5.3 14 300 M M 0 8 18 310
17 106 83 95 12 0 30 T 0.0 0 6.8 15 300 M M 0 8 22 310
18 105 72 89 6 0 24 0.00 0.0 0 5.5 16 340 M M 0 8 20 340
19 104 75 90 7 0 25 0.00 0.0 0 5.2 16 310 M M 0 8 20 310
20 108 74 91 8 0 26 0.00 0.0 0 6.8 15 310 M M 1 8 20 310
21 106 79 93 10 0 28 0.00 0.0 0 7.9 17 320 M M 1 20 320
22 101 75 88 5 0 23 0.00 0.0 0 5.6 15 310 M M 0 19 300
23 100 74 87 4 0 22 0.00 0.0 0 4.5 13 310 M M 0 8 18 300
24 105 72 89 6 0 24 0.00 0.0 0 6.3 18 360 M M 1 8 22 10
25 103 77 90 8 0 25 0.00 0.0 0 8.0 15 320 M M 1 8 19 310
26 102 75 89 7 0 24 0.00 0.0 0 4.9 12 330 M M 1 8 14 330
27 101 73 87 5 0 22 0.00 0.0 0 7.7 17 310 M M 0 20 310
28 98 73 86 4 0 21 0.00 0.0 0 7.2 16 320 M M 0 8 19 320
29 97 73 85 3 0 20 0.00 0.0 0 5.0 14 330 M M 0 8 17 310
30 100 75 88 6 0 23 0.00 0.0 0 4.5 14 310 M M 1 8 19 300
31 100 72 86 4 0 21 0.00 0.0 0 3.6 12 300 M M 0 8 15 300
================================================================================
SM 3129 2288 0 701 T 0.0 193.4 M 7
================================================================================
AV100.9 73.8 6.2 FASTST M M 0 MAX(MPH)
MISC ----> 18 360 # 22 300
================================================================================
NOTES:
# LAST OF SEVERAL OCCURRENCES
COLUMN 17 PEAK WIND IN M.P.H.
PRELIMINARY LOCAL CLIMATOLOGICAL DATA (WS FORM: F-6) , PAGE 2
STATION: BAKERSFIELD CA
MONTH: AUGUST
YEAR: 2022
LATITUDE: 35 25 N
LONGITUDE: 119 3 W
[TEMPERATURE DATA] [PRECIPITATION DATA] SYMBOLS USED IN COLUMN 16
AVERAGE MONTHLY: 87.4 TOTAL FOR MONTH: T 1 = FOG OR MIST
DPTR FM NORMAL: 4.0 DPTR FM NORMAL: -0.00 2 = FOG REDUCING VISIBILITY
HIGHEST: 108 ON 20 GRTST 24HR T ON 17-17 TO 1/4 MILE OR LESS
LOWEST: 68 ON 15 3 = THUNDER
SNOW, ICE PELLETS, HAIL 4 = ICE PELLETS
TOTAL MONTH: 0.0 INCH 5 = HAIL
GRTST 24HR 0.0 6 = FREEZING RAIN OR DRIZZLE
GRTST DEPTH: 0 7 = DUSTSTORM OR SANDSTORM:
VSBY 1/2 MILE OR LESS
8 = SMOKE OR HAZE
[NO. OF DAYS WITH] [WEATHER - DAYS WITH] 9 = BLOWING SNOW
X = TORNADO
MAX 32 OR BELOW: 0 0.01 INCH OR MORE: 0
MAX 90 OR ABOVE: 31 0.10 INCH OR MORE: 0
MIN 32 OR BELOW: 0 0.50 INCH OR MORE: 0
MIN 0 OR BELOW: 0 1.00 INCH OR MORE: 0
[HDD (BASE 65) ]
TOTAL THIS MO. 0 CLEAR (SCALE 0-3) 31
DPTR FM NORMAL 0 PTCLDY (SCALE 4-7) 0
TOTAL FM JUL 1 0 CLOUDY (SCALE 8-10) 0
DPTR FM NORMAL 0
[CDD (BASE 65) ]
TOTAL THIS MO. 701
DPTR FM NORMAL 129 [PRESSURE DATA]
TOTAL FM JAN 1 2220 HIGHEST SLP 30.05 ON 10
DPTR FM NORMAL 331 LOWEST SLP 29.65 ON 28
[REMARKS]
#FINAL-08-22#