000
CXUS54 KAMA 011552
CLMBGD
CLIMATE REPORT
NATIONAL WEATHER SERVICE AMARILLO
1052 AM CDT WED NOV 01 2023
...................................
...THE BORGER CLIMATE SUMMARY FOR THE MONTH OF OCTOBER 2023...
CLIMATE NORMAL PERIOD: 1991 TO 2020
CLIMATE RECORD PERIOD: 1949 TO 2023
WEATHER OBSERVED NORMAL DEPART LAST YEAR`S
VALUE DATE(S) VALUE FROM VALUE DATE(S)
NORMAL
................................................................
TEMPERATURE (F)
HIGHEST 93 10/11 89 10/01
10/21
10/22
LOWEST 21 10/30 38 10/25
AVG. MAXIMUM 78.1 74.2 3.9 75.0
AVG. MINIMUM 51.1 48.5 2.6 50.8
MEAN 64.6 61.3 3.3 62.9
DAYS MAX >= 90 5 2.2 2.8 0
DAYS MAX <= 32 0 0.1 -0.1 0
DAYS MIN <= 32 4 1.3 2.7 0
DAYS MIN <= 0 0 0.0 0.0 0
PRECIPITATION (INCHES)
TOTALS 0.11 1.65 -1.54 2.15
DAILY AVG. 0.00 0.05 -0.05 0.07
DAYS >= .01 4 5.9 -1.9 6
DAYS >= .10 0 3.4 -3.4 4
DAYS >= .50 0 1.1 -1.1 2
DAYS >= 1.00 0 0.5 -0.5 0
GREATEST
24 HR. TOTAL 0.08 10/24 TO 10/25
SNOWFALL (INCHES)
TOTALS MM MM MM MM
SINCE 7/1 MM MM MM MM
DAYS >= TRACE 0 MM MM 0
DAYS >= 1.0 0 MM MM 0
GREATEST
SNOW DEPTH MM
24 HR TOTAL MM
DEGREE DAYS
HEATING TOTAL 163 179 -16 135
SINCE 7/1 163 201 -38 MM
COOLING TOTAL 156 66 90 79
SINCE 1/1 2410 2043 367 MM
................................................................
WIND (MPH)
AVERAGE WIND SPEED 10.0
HIGHEST WIND SPEED/DIRECTION 41/240 DATE 10/12
HIGHEST GUST SPEED/DIRECTION 59/260 DATE 10/12
SKY COVER
POSSIBLE SUNSHINE (PERCENT) MM
NUMBER OF DAYS FAIR 27
NUMBER OF DAYS PC 2
NUMBER OF DAYS CLOUDY 2
AVERAGE RH (PERCENT) 49
WEATHER CONDITIONS. NUMBER OF DAYS WITH
THUNDERSTORM 3 MIXED PRECIP 0
HEAVY RAIN 0 RAIN 1
LIGHT RAIN 5 FREEZING RAIN 0
LT FREEZING RAIN 2 HEAVY SNOW 0
SNOW 0 LIGHT SNOW 0
SLEET 0 FOG 2
FOG W/VIS <= 1/4 MILE 0 HAZE 0
- INDICATES NEGATIVE NUMBERS.
R INDICATES RECORD WAS SET OR TIED.
MM INDICATES DATA IS MISSING.
T INDICATES TRACE AMOUNT.
$$