000
CXUS53 KBIS 011956
CLSBIS
CLIMATE REPORT
NATIONAL WEATHER SERVICE BISMARCK, ND
1229 PM CST FRI DEC 01 2023
...................................
...THE BISMARCK ND CLIMATE SUMMARY FOR THE SEASON, FROM
9/1/2023 TO 11/30/2023...
CLIMATE NORMAL PERIOD: 1991 TO 2020
CLIMATE RECORD PERIOD: 1875 TO 2023
WEATHER OBSERVED NORMAL DEPART LAST YEAR`S
VALUE DATE(S) VALUE FROM VALUE DATE(S)
NORMAL
................................................................
TEMPERATURE (F)
RECORD
HIGH 105 09/08/1959
09/07/1931
LOW -30 11/29/1985
HIGHEST 99 09/02 MM MM 102 09/01
LOWEST 5 10/28 MM MM -6 11/12
11/24
AVG. MAXIMUM 58.9 57.0 1.9 58.0
AVG. MINIMUM 35.8 32.6 3.2 31.8
MEAN 47.4 44.8 2.6 44.9
DAYS MAX >= 90 4 2.0 2.0 5
DAYS MAX <= 32 8 9.6 -1.6 15
DAYS MIN <= 32 39 44.6 -5.6 45
DAYS MIN <= 0 0 1.7 -1.7 2
PRECIPITATION (INCHES)
RECORD
MAXIMUM 10.13 2019
MINIMUM 1.12 2014
TOTALS 4.86 3.84 1.02 2.87
DAILY AVG. 0.05 0.04 0.01 0.03
DAYS >= .01 24 21.1 2.9 16
DAYS >= .10 12 8.4 3.6 5
DAYS >= .50 3 1.9 1.1 1
DAYS >= 1.00 0 0.7 -0.7 1
GREATEST
24 HR. TOTAL 1.05 09/23 TO 09/24 1.23 11/10 TO 11/10
STORM TOTAL 0.95 1.23
(MM/DD(HH)) MM
SNOWFALL (INCHES)
RECORDS
TOTAL 30.2 2019
TOTALS 9.2 10.5
SINCE 7/1 9.2
DEGREE DAYS
HEATING TOTAL 1647
COOLING TOTAL 64
................................................................
WIND (MPH)
HIGHEST WIND SPEED/DIRECTION 46/290 DATE 09/04
HIGHEST GUST SPEED/DIRECTION 64/280 DATE 09/04
- INDICATES NEGATIVE NUMBERS.
R INDICATES RECORD WAS SET OR TIED.
MM INDICATES DATA IS MISSING.
T INDICATES TRACE AMOUNT.