000
CXUS53 KGRR 010910
CF6BIV
PRELIMINARY LOCAL CLIMATOLOGICAL DATA (WS FORM: F-6)
STATION: HOLLAND
MONTH: AUGUST
YEAR: 2021
LATITUDE: 42 49 N
LONGITUDE: 86 10 W
TEMPERATURE IN F: :PCPN: SNOW: WIND :SUNSHINE: SKY :PK WND
================================================================================
1 2 3 4 5 6A 6B 7 8 9 10 11 12 13 14 15 16 17 18
12Z AVG MX 2MIN
DY MAX MIN AVG DEP HDD CDD WTR SNW DPTH SPD SPD DIR MIN PSBL S-S WX SPD DR
================================================================================
1 74 59 67 -5 0 2 0.00 M M 6.8 18 310 M M 2 8 31 320
2 77 53 65 -6 0 0 0.00 M M 3.4 12 280 M M 0 17 280
3 79 52 66 -5 0 1 0.00 M M 3.1 12 260 M M 0 1 18 260
4 82 56 69 -2 0 4 0.00 M M 2.9 9 280 M M 0 18 14 260
5 83 58 71 0 0 6 0.00 M M 5.3 14 250 M M 0 20 260
6 81 63 72 1 0 7 0.57 M M 7.7 20 250 M M 6 13 27 260
7 83 66 75 4 0 10 0.01 M M 3.7 13 250 M M 3 3 17 250
8 89 70 80 9 0 15 T M M 8.0 17 190 M M 1 18 25 200
9 82 70 76 5 0 11 0.08 M M 9.2 20 170 M M 5 138 27 180
10 89 72 81 10 0 16 0.08 M M 7.9 31 270 M M 5 3 48 260
11 87 68 78 7 0 13 1.01 M M 9.2 29 240 M M 3 13 48 240
12 84 70 77 6 0 12 0.09 M M 10.2 29 230 M M 4 8 40 240
13 81 61 71 0 0 6 0.00 M M 4.7 14 230 M M 2 19 230
14 78 54 66 -4 0 1 0.00 M M 3.7 12 100 M M 0 21 100
15 80 51 66 -4 0 1 0.00 M M 2.2 8 340 M M 0 14 290
16 80 54 67 -3 0 2 0.00 M M 2.4 12 120 M M 0 1 15 150
17 84 59 72 2 0 7 0.00 M M 1.4 10 270 M M 1 128 14 260
18 87 63 75 5 0 10 0.00 M M 2.5 9 320 M M 1 18 13 300
19 88 65 77 7 0 12 0.01 M M 1.3 9 310 M M 3 128 13 300
20 89 64 77 7 0 12 0.00 M M 3.0 12 140 M M 1 18 17 140
21 89 69 79 9 0 14 0.00 M M 5.6 13 240 M M 0 1 18 280
22 86 63 75 5 0 10 0.00 M M 4.5 13 290 M M 3 1 20 280
23 84 60 72 3 0 7 0.00 M M 3.5 10 260 M M 1 1 19 260
24 92 67 80 11 0 15 0.12 M M 5.8 17 340 M M 4 3 30 350
25 86 67 77 8 0 12 0.00 M M 5.8 18 240 M M 1 1 26 240
26 88 68 78 9 0 13 0.00 M M 4.6 17 250 M M 1 23 260
27 89 68 79 10 0 14 0.00 M M 4.3 9 160 M M 2 14 130
28 92 72 82 14 0 17 0.00 M M 8.1 16 230 M M 0 18 23 230
29 91 73 82 14 0 17 0.00 M M 10.7 26 240 M M 2 38 240
30 83 60 72 4 0 7 0.00 M M 3.5 12 270 M M 0 1 18 290
31 82 55 69 1 0 4 0.00 M M 3.1 10 30 M M 2 1 16 60
================================================================================
SM 2619 1950 0 278 1.97 M 158.1 M 53
================================================================================
AV 84.5 62.9 5.1 FASTST M M 2 MAX(MPH)
MISC ----> 31 270 48 240
================================================================================
NOTES:
# LAST OF SEVERAL OCCURRENCES
COLUMN 17 PEAK WIND IN M.P.H.
PRELIMINARY LOCAL CLIMATOLOGICAL DATA (WS FORM: F-6) , PAGE 2
STATION: HOLLAND
MONTH: AUGUST
YEAR: 2021
LATITUDE: 42 49 N
LONGITUDE: 86 10 W
[TEMPERATURE DATA] [PRECIPITATION DATA] SYMBOLS USED IN COLUMN 16
AVERAGE MONTHLY: 73.7 TOTAL FOR MONTH: 1.97 1 = FOG OR MIST
DPTR FM NORMAL: 3.7 DPTR FM NORMAL: -1.09 2 = FOG REDUCING VISIBILITY
HIGHEST: 92 ON 28,24 GRTST 24HR 1.01 ON 11-11 TO 1/4 MILE OR LESS
LOWEST: 51 ON 15 3 = THUNDER
SNOW, ICE PELLETS, HAIL 4 = ICE PELLETS
TOTAL MONTH: M 5 = HAIL
GRTST 24HR M ON M 6 = FREEZING RAIN OR DRIZZLE
GRTST DEPTH: M ON M 7 = DUSTSTORM OR SANDSTORM:
VSBY 1/2 MILE OR LESS
8 = SMOKE OR HAZE
[NO. OF DAYS WITH] [WEATHER - DAYS WITH] 9 = BLOWING SNOW
X = TORNADO
MAX 32 OR BELOW: 0 0.01 INCH OR MORE: 8
MAX 90 OR ABOVE: 3 0.10 INCH OR MORE: 3
MIN 32 OR BELOW: 0 0.50 INCH OR MORE: 2
MIN 0 OR BELOW: 0 1.00 INCH OR MORE: 1
[HDD (BASE 65) ]
TOTAL THIS MO. 0 CLEAR (SCALE 0-3) 25
DPTR FM NORMAL -15 PTCLDY (SCALE 4-7) 6
TOTAL FM JUL 1 2 CLOUDY (SCALE 8-10) 0
DPTR FM NORMAL -15
[CDD (BASE 65) ]
TOTAL THIS MO. 278
DPTR FM NORMAL 107 [PRESSURE DATA]
TOTAL FM JAN 1 749 HIGHEST SLP 30.30 ON 14
DPTR FM NORMAL 188 LOWEST SLP 29.73 ON 11
[REMARKS]
#FINAL-08-21#