000
CXUS53 KGRR 011305
CLMBIV
CLIMATE REPORT
NATIONAL WEATHER SERVICE GRAND RAPIDS, MICHIGAN
905 AM EDT FRI SEP 01 2023
...................................
...THE HOLLAND CLIMATE SUMMARY FOR THE MONTH OF AUGUST 2023...
CLIMATE NORMAL PERIOD: 1991 TO 2020
CLIMATE RECORD PERIOD: 1905 TO 2023
WEATHER OBSERVED NORMAL DEPART LAST YEAR`S
VALUE DATE(S) VALUE FROM VALUE DATE(S)
NORMAL
................................................................
TEMPERATURE (F)
RECORD
HIGH 101 08/05/1947
08/06/1947
LOW 36 08/09/1964
08/18/1963
HIGHEST 93 08/24 MM MM 89 08/06
08/28
LOWEST 45 08/31 MM MM 50 08/12
AVG. MAXIMUM 79.0 80.2 -1.2 80.1
AVG. MINIMUM 59.4 59.9 -0.5 61.7
MEAN 69.2 70.0 -0.8 70.9
DAYS MAX >= 90 2 1.5 0.5 0
DAYS MAX <= 32 0 0.0 0.0 0
DAYS MIN <= 32 0 0.0 0.0 0
DAYS MIN <= 0 0 0.0 0.0 0
PRECIPITATION (INCHES)
RECORD
MAXIMUM 11.27 1940
MINIMUM 0.38 1948
TOTALS 3.47 3.06 0.41 3.22
DAILY AVG. 0.11 0.10 0.01 0.10
DAYS >= .01 6 10.9 -4.9 10
DAYS >= .10 4 5.7 -1.7 6
DAYS >= .50 1 2.1 -1.1 2
DAYS >= 1.00 1 0.7 0.3 1
GREATEST
24 HR. TOTAL 2.81 08/14 TO 08/15
DEGREE DAYS
HEATING TOTAL 10 15 -5 9
SINCE 7/1 10 17 -7 MM
COOLING TOTAL 151 171 -20 199
SINCE 1/1 529 561 -32 MM
................................................................
WIND (MPH)
AVERAGE WIND SPEED 6.3
RESULTANT WIND SPEED/DIRECTION 1/240
HIGHEST WIND SPEED/DIRECTION 25/220 DATE 08/17
HIGHEST GUST SPEED/DIRECTION 37/210 DATE 08/17
SKY COVER
POSSIBLE SUNSHINE (PERCENT) MM
AVERAGE SKY COVER 0.28
NUMBER OF DAYS FAIR 20
NUMBER OF DAYS PC 10
NUMBER OF DAYS CLOUDY 1
AVERAGE RH (PERCENT) 74
WEATHER CONDITIONS. NUMBER OF DAYS WITH
THUNDERSTORM 4 MIXED PRECIP 0
HEAVY RAIN 3 RAIN 4
LIGHT RAIN 7 FREEZING RAIN 0
LT FREEZING RAIN 0 HAIL 0
HEAVY SNOW 0 SNOW 0
LIGHT SNOW 0 SLEET 0
FOG 15 FOG W/VIS <= 1/4 MILE 3
HAZE 4
- INDICATES NEGATIVE NUMBERS.
R INDICATES RECORD WAS SET OR TIED.
MM INDICATES DATA IS MISSING.
T INDICATES TRACE AMOUNT.
$$