000
CXUS51 KRLX 020005
CF6BKW
PRELIMINARY LOCAL CLIMATOLOGICAL DATA (WS FORM: F-6)
STATION: BECKLEY WV
MONTH: AUGUST
YEAR: 2020
LATITUDE: 37 46 N
LONGITUDE: 81 7 W
TEMPERATURE IN F: :PCPN: SNOW: WIND :SUNSHINE: SKY :PK WND
================================================================================
1 2 3 4 5 6A 6B 7 8 9 10 11 12 13 14 15 16 17 18
12Z AVG MX 2MIN
DY MAX MIN AVG DEP HDD CDD WTR SNW DPTH SPD SPD DIR MIN PSBL S-S WX SPD DR
================================================================================
1 85 65 75 5 0 10 0.26 0.0 0 7.3 38 260 M M 5 13 51 250
2 81 64 73 3 0 8 0.00 0.0 0 8.2 21 220 M M 5 28 220
3 72 62 67 -3 0 2 0.09 0.0 0 4.9 12 130 M M 5 16 150
4 79 61 70 0 0 5 0.00 0.0 0 5.8 15 270 M M 5 1 20 290
5 81 60 71 1 0 6 0.00 0.0 0 3.8 12 330 M M 5 12 15 20
6 81 64 73 3 0 8 0.32 0.0 0 5.4 12 340 M M 7 123 16 350
7 82 63 73 3 0 8 T 0.0 0 4.6 12 170 M M 5 1 15 300
8 83 62 73 3 0 8 0.00 0.0 0 3.2 12 320 M M 1 1 14 330
9 84 60 72 2 0 7 0.00 0.0 0 2.3 9 350 M M 1 1 12 230
10 86 59 73 3 0 8 0.00 0.0 0 2.9 10 340 M M 1 15 340
11 83 64 74 4 0 9 0.00 0.0 0 4.3 14 330 M M 2 18 20
12 84 66 75 5 0 10 2.35 0.0 0 2.9 22 140 M M 6 1238 27 140
13 84 66 75 5 0 10 0.03 0.0 0 3.6 13 100 M M 5 3 17 110
14 80 66 73 3 0 8 0.89 0.0 0 7.0 14 100 M M 6 123 19 210
15 73 62 68 -2 0 3 0.51 0.0 0 7.3 15 110 M M 8 1 19 110
16 79 60 70 0 0 5 0.00 0.0 0 5.0 10 290 M M 7 18 16 300
17 78 62 70 0 0 5 0.00 0.0 0 5.3 16 340 M M 5 1 21 340
18 80 58 69 -1 0 4 0.11 0.0 0 4.2 12 350 M M 3 13 13 350
19 75 59 67 -3 0 2 0.02 0.0 0 5.7 15 360 M M 5 1 19 350
20 78 58 68 -2 0 3 0.00 0.0 0 7.4 17 120 M M 2 21 120
21 73 66 70 0 0 5 0.30 0.0 0 4.6 12 130 M M 6 1 16 150
22 82 64 73 3 0 8 0.05 0.0 0 4.6 16 170 M M 5 3 21 180
23 81 62 72 3 0 7 0.04 0.0 0 4.5 13 310 M M 4 17 300
24 83 64 74 5 0 9 0.00 0.0 0 5.8 15 260 M M 3 20 270
25 83 63 73 4 0 8 0.46 0.0 0 6.9 28 360 M M 3 13 36 350
26 83 61 72 3 0 7 0.00 0.0 0 4.8 10 290 M M 1 1 16 260
27 82 67 75 6 0 10 T 0.0 0 6.3 16 290 M M 3 1 23 260
28 82 68 75 6 0 10 0.20 0.0 0 5.2 16 190 M M 3 13 20 170
29 79 68 74 6 0 9 0.44 0.0 0 7.7 17 300 M M 8 1 24 290
30 77 60 69 1 0 4 T 0.0 0 4.4 14 330 M M 2 1 20 300
31 76 64 70 2 0 5 0.90 0.0 0 7.0 15 170 M M 8 13 20 170
================================================================================
SM 2489 1948 0 211 6.97 0.0 162.9 M 135
================================================================================
AV 80.3 62.8 5.3 FASTST M M 4 MAX(MPH)
MISC ----> 38 260 51 250
================================================================================
NOTES:
# LAST OF SEVERAL OCCURRENCES
COLUMN 17 PEAK WIND IN M.P.H.
PRELIMINARY LOCAL CLIMATOLOGICAL DATA (WS FORM: F-6) , PAGE 2
STATION: BECKLEY WV
MONTH: AUGUST
YEAR: 2020
LATITUDE: 37 46 N
LONGITUDE: 81 7 W
[TEMPERATURE DATA] [PRECIPITATION DATA] SYMBOLS USED IN COLUMN 16
AVERAGE MONTHLY: 71.6 TOTAL FOR MONTH: 6.97 1 = FOG OR MIST
DPTR FM NORMAL: 1.9 DPTR FM NORMAL: 3.50 2 = FOG REDUCING VISIBILITY
HIGHEST: 86 ON 10 GRTST 24HR 2.35 ON 12-12 TO 1/4 MILE OR LESS
LOWEST: 58 ON 20,18 3 = THUNDER
SNOW, ICE PELLETS, HAIL 4 = ICE PELLETS
TOTAL MONTH: 0.0 INCH 5 = HAIL
GRTST 24HR 0.0 6 = FREEZING RAIN OR DRIZZLE
GRTST DEPTH: 0 7 = DUSTSTORM OR SANDSTORM:
VSBY 1/2 MILE OR LESS
8 = SMOKE OR HAZE
[NO. OF DAYS WITH] [WEATHER - DAYS WITH] 9 = BLOWING SNOW
X = TORNADO
MAX 32 OR BELOW: 0 0.01 INCH OR MORE: 16
MAX 90 OR ABOVE: 0 0.10 INCH OR MORE: 11
MIN 32 OR BELOW: 0 0.50 INCH OR MORE: 4
MIN 0 OR BELOW: 0 1.00 INCH OR MORE: 1
[HDD (BASE 65) ]
TOTAL THIS MO. 0 CLEAR (SCALE 0-3) 10
DPTR FM NORMAL -13 PTCLDY (SCALE 4-7) 19
TOTAL FM JUL 1 0 CLOUDY (SCALE 8-10) 2
DPTR FM NORMAL -15
[CDD (BASE 65) ]
TOTAL THIS MO. 211
DPTR FM NORMAL 51 [PRESSURE DATA]
TOTAL FM JAN 1 719 HIGHEST SLP 30.19 ON 9
DPTR FM NORMAL 226 LOWEST SLP 29.65 ON 29
[REMARKS]
#FINAL-08-20#