000
CXUS51 KRNK 031910
CF6BLF
PRELIMINARY LOCAL CLIMATOLOGICAL DATA (WS FORM: F-6)
STATION: BLUEFIELD WV
MONTH: AUGUST
YEAR: 2021
LATITUDE: 37 17 N
LONGITUDE: 81 12 W
TEMPERATURE IN F: :PCPN: SNOW: WIND :SUNSHINE: SKY :PK WND
================================================================================
1 2 3 4 5 6A 6B 7 8 9 10 11 12 13 14 15 16 17 18
12Z AVG MX 2MIN
DY MAX MIN AVG DEP HDD CDD WTR SNW DPTH SPD SPD DIR MIN PSBL S-S WX SPD DR
================================================================================
1 76 57 67 -3 0 2 0.02 0.0 0 4.9 15 310 M M 7 1 21 320
2 74 54 64 -6 1 0 0.00 0.0 0 5.1 12 310 M M 2 12 15 10
3 73 59 66 -4 0 1 T 0.0 0 5.2 19 100 M M 6 13 90
4 76 58 67 -3 0 2 T 0.0 0 2.9 10 90 M M 6 3 16 110
5 80 60 70 0 0 5 T 0.0 0 2.0 9 250 M M 6 13 170
6 82 62 72 2 0 7 0.00 0.0 0 2.7 10 210 M M 1 15 180
7 82 58 70 0 0 5 0.00 0.0 0 3.2 17 300 M M 1 3 24 330
8 81 57 69 -1 0 4 0.00 0.0 0 4.2 12 60 M M 1 14 40
9 85 61 73 3 0 8 T 0.0 0 4.0 15 240 M M 2 22 260
10 83 67 75 5 0 10 0.03 0.0 0 4.3 15 240 M M 4 3 20 250
11 86 66 76 6 0 11 T 0.0 0 5.3 16 260 M M 2 20 250
12 87 67 77 7 0 12 0.00 0.0 0 6.3 14 260 M M 2 21 310
13 87 65 76 6 0 11 0.16 0.0 0 6.0 16 240 M M 3 13 22 290
14 82 64 73 3 0 8 0.43 0.0 0 3.7 24 280 M M 5 13 32 270
15 80 65 73 3 0 8 0.13 0.0 0 2.8 10 150 M M 6 13 16 160
16 80 65 73 3 0 8 0.40 0.0 0 4.1 14 160 M M 8 1 20 150
17 69 64 67 -3 0 2 0.84 0.0 0 5.8 14 150 M M 9 1 25 140
18 77 65 71 2 0 6 0.39 0.0 0 9.5 18 260 M M 7 1 27 190
19 78 65 72 3 0 7 0.48 0.0 0 3.9 10 260 M M 6 13 17 300
20 79 62 71 2 0 6 0.01 0.0 0 3.9 9 330 M M 8 1 14 320
21 82 57 70 1 0 5 0.00 0.0 0 2.1 7 300 M M 4 12 11 230
22 82 60 71 2 0 6 0.00 0.0 0 2.8 13 10 M M 1 12 16 10
23 82 62 72 3 0 7 0.00 0.0 0 5.9 12 10 M M 1 1 17 10
24 85 65 75 6 0 10 0.00 0.0 0 3.4 9 270 M M 1 14 350
25 86 63 75 6 0 10 0.10 0.0 0 2.4 16 280 M M 3 13 20 50
26 83 61 72 4 0 7 0.36 0.0 0 3.2 14 240 M M 3 13 19 190
27 85 64 75 7 0 10 0.03 0.0 0 3.5 12 220 M M 1 13 17 230
28 85 65 75 7 0 10 0.00 0.0 0 2.8 8 260 M M 2 12 260
29 85 65 75 7 0 10 0.00 0.0 0 3.7 15 50 M M 2 123 21 50
30 75 64 70 2 0 5 0.19 0.0 0 3.1 14 240 M M 4 123 22 310
31 69 65 67 -1 0 2 0.32 0.0 0 3.7 17 140 M M 9 12 29 140
================================================================================
SM 2496 1932 1 205 3.89 0.0 126.4 M 123
================================================================================
AV 80.5 62.3 4.1 FASTST M M 4 MAX(MPH)
MISC ----> 24 280 32 270
================================================================================
NOTES:
# LAST OF SEVERAL OCCURRENCES
COLUMN 17 PEAK WIND IN M.P.H.
PRELIMINARY LOCAL CLIMATOLOGICAL DATA (WS FORM: F-6) , PAGE 2
STATION: BLUEFIELD WV
MONTH: AUGUST
YEAR: 2021
LATITUDE: 37 17 N
LONGITUDE: 81 12 W
[TEMPERATURE DATA] [PRECIPITATION DATA] SYMBOLS USED IN COLUMN 16
AVERAGE MONTHLY: 71.4 TOTAL FOR MONTH: 3.89 1 = FOG OR MIST
DPTR FM NORMAL: 2.1 DPTR FM NORMAL: 0.75 2 = FOG REDUCING VISIBILITY
HIGHEST: 87 ON 13,12 GRTST 24HR 1.05 ON 17-18 TO 1/4 MILE OR LESS
LOWEST: 54 ON 2 3 = THUNDER
SNOW, ICE PELLETS, HAIL 4 = ICE PELLETS
TOTAL MONTH: 0.0 INCH 5 = HAIL
GRTST 24HR 0.0 6 = FREEZING RAIN OR DRIZZLE
GRTST DEPTH: 0 7 = DUSTSTORM OR SANDSTORM:
VSBY 1/2 MILE OR LESS
8 = SMOKE OR HAZE
[NO. OF DAYS WITH] [WEATHER - DAYS WITH] 9 = BLOWING SNOW
X = TORNADO
MAX 32 OR BELOW: 0 0.01 INCH OR MORE: 15
MAX 90 OR ABOVE: 0 0.10 INCH OR MORE: 11
MIN 32 OR BELOW: 0 0.50 INCH OR MORE: 1
MIN 0 OR BELOW: 0 1.00 INCH OR MORE: 0
[HDD (BASE 65) ]
TOTAL THIS MO. 1 CLEAR (SCALE 0-3) 16
DPTR FM NORMAL -12 PTCLDY (SCALE 4-7) 13
TOTAL FM JUL 1 8 CLOUDY (SCALE 8-10) 2
DPTR FM NORMAL -7
[CDD (BASE 65) ]
TOTAL THIS MO. 205
DPTR FM NORMAL 59 [PRESSURE DATA]
TOTAL FM JAN 1 556 HIGHEST SLP 30.25 ON 28
DPTR FM NORMAL 83 LOWEST SLP 29.67 ON 31
[REMARKS]
#FINAL-08-21#