000
CXUS51 KRNK 011011
CLMBLF
CLIMATE REPORT
NATIONAL WEATHER SERVICE BLACKSBURG, VA
511 AM EST FRI MAR 01 2024
...................................
...THE BLUEFIELD WV CLIMATE SUMMARY FOR THE MONTH OF FEBRUARY 2024...
CLIMATE NORMAL PERIOD: 1991 TO 2020
CLIMATE RECORD PERIOD: 1909 TO 2024
WEATHER OBSERVED NORMAL DEPART LAST YEAR`S
VALUE DATE(S) VALUE FROM VALUE
NORMAL
..............................................................
TEMPERATURE (F)
RECORD
HIGH 75 02/26/1977
LOW -9 02/05/1996
HIGHEST 62 02/08 75
02/27
02/28
LOWEST 15 02/18 8
AVG. MAXIMUM 50.4 43.4 7.0 52.5
AVG. MINIMUM 31.5 26.5 5.0 34.6
MEAN 41.0 34.9 6.1 43.6
DAYS MAX >= 90 0 0.0 0.0 0
DAYS MAX <= 32 0 4.9 -4.9 3
DAYS MIN <= 32 17 18.6 -1.6 11
DAYS MIN <= 0 0 0.2 -0.2 0
PRECIPITATION (INCHES)
RECORD
MAXIMUM 6.16 2003
MINIMUM 0.60 1968
TOTALS 2.94 2.90 0.04 4.88
DAYS >= .01 13 13.5 -0.5 12
DAYS >= .10 9 6.9 2.1 9
DAYS >= .50 1 1.5 -0.5 3
DAYS >= 1.00 0 0.4 -0.4 1
GREATEST
24 HR. TOTAL 0.86 1.71
SNOWFALL (INCHES)
TOTALS 0.7 8.8 -8.1 4.3
DAYS >= TRACE 4 6.3 -2.3 6
DAYS >= 1.0 0 2.9 -2.9 2
GREATEST
24 HR TOTAL MM MM
DEGREE DAYS
HEATING TOTAL 687 841 -154 593
COOLING TOTAL 0 0 0 0
..............................................................
WIND (MPH)
AVERAGE WIND SPEED 7.0
RESULTANT WIND SPEED/DIRECTION 4/260
HIGHEST WIND SPEED/DIRECTION 29/300 DATE 02/10
29/230 02/15
HIGHEST GUST SPEED/DIRECTION 50/310 DATE 02/28
SKY COVER
AVERAGE SKY COVER 0.40
AVERAGE RH (PERCENT) 63
WEATHER CONDITIONS. NUMBER OF DAYS WITH
THUNDERSTORM 2 MIXED PRECIP 0
HEAVY RAIN 2 RAIN 8
LIGHT RAIN 13 FREEZING RAIN 0
LT FREEZING RAIN 0 HAIL 0
HEAVY SNOW 0 SNOW 0
LIGHT SNOW 4 SLEET 1
FOG 11 FOG W/VIS <= 1/4 MILE 3
HAZE 0
- INDICATES NEGATIVE NUMBERS.
R INDICATES RECORD WAS SET OR TIED.
MM INDICATES DATA IS MISSING.
T INDICATES TRACE AMOUNT.
$$