000
CXUS55 KPSR 011005
CF6BLH
PRELIMINARY LOCAL CLIMATOLOGICAL DATA (WS FORM: F-6)
STATION: BLYTHE CA
MONTH: JUNE
YEAR: 2021
LATITUDE: 33 37 N
LONGITUDE: 114 43 W
TEMPERATURE IN F: :PCPN: SNOW: WIND :SUNSHINE: SKY :PK WND
================================================================================
1 2 3 4 5 6A 6B 7 8 9 10 11 12 13 14 15 16 17 18
12Z AVG MX 2MIN
DY MAX MIN AVG DEP HDD CDD WTR SNW DPTH SPD SPD DIR MIN PSBL S-S WX SPD DR
================================================================================
1 106 76 91 6 0 26 0.00 M M 10.4 23 190 M M 0 29 190
2 109 78 94 9 0 29 0.00 M M 13.4 23 190 M M 0 28 160
3 110 75 93 7 0 28 0.00 M M 12.4 23 220 M M 0 39 220
4 110 73 92 6 0 27 0.00 M M 11.9 23 170 M M 0 8 27 200
5 109 76 93 7 0 28 0.00 M M 11.5 21 170 M M 0 25 170
6 103 75 89 3 0 24 0.00 M M 13.3 21 190 M M 0 26 180
7 100 74 87 0 0 22 0.00 M M 13.9 24 230 M M 0 30 240
8 98 68 83 -4 0 18 0.00 M M 10.0 21 160 M M 0 25 170
9 102 72 87 0 0 22 0.00 M M 10.2 22 240 M M 0 31 170
10 97 74 86 -2 0 21 0.00 M M 9.3 23 350 M M 0 28 360
11 101 69 85 -3 0 20 0.00 M M 3.4 12 170 M M 0 16 120
12 109 68 89 1 0 24 0.00 M M 5.1 13 240 M M 0 16 240
13 114 73 94 5 0 29 0.00 M M 8.8 22 150 M M 0 27 210
14 113 74 94 5 0 29 0.00 M M 6.0 14 230 M M 0 16 160
15 120 81 101 12 0 36 0.00 M M 5.6 13 170 M M 2 15 300
16 113 85 99 10 0 34 0.00 M M 8.8 23 170 M M 0 30 170
17 119 84 102 12 0 37 0.00 M M 6.4 14 240 M M 1 17 140
18 119 87 103 13 0 38 0.00 M M 8.7 18 180 M M 2 24 170
19 119 88 104 14 0 39 0.00 M M 12.9 22 160 M M 1 25 180
20 119 84 102 11 0 37 0.00 M M 13.8 28 250 M M 1 35 260
21 114 81 98 7 0 33 0.00 M M 15.9 25 260 M M 0 29 270
22 108 84 96 5 0 31 0.00 M M 9.3 22 170 M M 0 8 26 170
23 104 77 91 0 0 26 0.06 M M 9.3 32 260 M M 2 3 38 250
24 107 74 91 -1 0 26 0.00 M M 6.4 21 240 M M 0 25 240
25 108 80 94 2 0 29 0.00 M M 5.9 16 240 M M 0 20 230
26 112 78 95 3 0 30 0.00 M M 5.8 16 250 M M 2 20 240
27 116 80 98 6 0 33 0.00 M M 6.7 15 140 M M 2 18 180
28 115 86 101 8 0 36 0.00 M M 9.5 22 60 M M 2 25 60
29 109 87 98 5 0 33 0.00 M M 9.2 21 210 M M 0 25 200
30 107 87 97 4 0 32 0.00 M M 10.1 17 210 M M 0 22 170
================================================================================
SM 3290 2348 0 877 0.06 M 283.9 M 15
================================================================================
AV109.7 78.3 9.5 FASTST M M 1 MAX(MPH)
MISC ----> 32 260 39 220
================================================================================
NOTES:
# LAST OF SEVERAL OCCURRENCES
COLUMN 17 PEAK WIND IN M.P.H.
PRELIMINARY LOCAL CLIMATOLOGICAL DATA (WS FORM: F-6) , PAGE 2
STATION: BLYTHE CA
MONTH: JUNE
YEAR: 2021
LATITUDE: 33 37 N
LONGITUDE: 114 43 W
[TEMPERATURE DATA] [PRECIPITATION DATA] SYMBOLS USED IN COLUMN 16
AVERAGE MONTHLY: 94.0 TOTAL FOR MONTH: 0.06 1 = FOG OR MIST
DPTR FM NORMAL: 4.8 DPTR FM NORMAL: 0.05 2 = FOG REDUCING VISIBILITY
HIGHEST: 120 ON 15 GRTST 24HR 0.06 ON 23-23 TO 1/4 MILE OR LESS
LOWEST: 68 ON 12, 8 3 = THUNDER
SNOW, ICE PELLETS, HAIL 4 = ICE PELLETS
TOTAL MONTH: M 5 = HAIL
GRTST 24HR M ON M 6 = FREEZING RAIN OR DRIZZLE
GRTST DEPTH: M ON M 7 = DUSTSTORM OR SANDSTORM:
VSBY 1/2 MILE OR LESS
8 = SMOKE OR HAZE
[NO. OF DAYS WITH] [WEATHER - DAYS WITH] 9 = BLOWING SNOW
X = TORNADO
MAX 32 OR BELOW: 0 0.01 INCH OR MORE: 1
MAX 90 OR ABOVE: 30 0.10 INCH OR MORE: 0
MIN 32 OR BELOW: 0 0.50 INCH OR MORE: 0
MIN 0 OR BELOW: 0 1.00 INCH OR MORE: 0
[HDD (BASE 65) ]
TOTAL THIS MO. 0 CLEAR (SCALE 0-3) 30
DPTR FM NORMAL 0 PTCLDY (SCALE 4-7) 0
TOTAL FM JUL 1 989 CLOUDY (SCALE 8-10) 0
DPTR FM NORMAL -23
[CDD (BASE 65) ]
TOTAL THIS MO. 877
DPTR FM NORMAL 151 [PRESSURE DATA]
TOTAL FM JAN 1 1747 HIGHEST SLP M ON M
DPTR FM NORMAL 212 LOWEST SLP 29.45 ON 18
[REMARKS]
#FINAL-06-21#