152
CXUS55 KPSR 011005
CF6BLH
PRELIMINARY LOCAL CLIMATOLOGICAL DATA (WS FORM: F-6)
STATION: BLYTHE CA
MONTH: SEPTEMBER
YEAR: 2020
LATITUDE: 33 37 N
LONGITUDE: 114 43 W
TEMPERATURE IN F: :PCPN: SNOW: WIND :SUNSHINE: SKY :PK WND
================================================================================
1 2 3 4 5 6A 6B 7 8 9 10 11 12 13 14 15 16 17 18
12Z AVG MX 2MIN
DY MAX MIN AVG DEP HDD CDD WTR SNW DPTH SPD SPD DIR MIN PSBL S-S WX SPD DR
================================================================================
1 108 84 96 5 0 31 0.00 M M 10.2 20 200 M M 0 24 200
2 107 83 95 4 0 30 0.00 M M 10.4 20 170 M M 0 25 160
3 110 83 97 6 0 32 0.00 M M 7.1 15 250 M M 1 18 240
4 115 83 99 8 0 34 0.00 M M 5.0 13 190 M M 2 16 180
5 120 84 102 12 0 37 0.00 M M 4.4 15 50 M M 1 19 50
6 118 83 101 11 0 36 0.00 M M 5.8 14 240 M M 3 M M
7 113 82 98 8 0 33 0.00 M M 12.1 21 180 M M 1 26 210
8 100 78 89 -1 0 24 0.00 M M 16.5 32 360 M M 2 8 39 350
9 92 70 81 -8 0 16 0.00 M M 18.1 32 360 M M 0 42 10
10 94 66 80 -9 0 15 0.00 M M 5.4 15 30 M M 0 21 20
11 97 63 80 -9 0 15 0.00 M M 2.4 9 340 M M 0 12 50
12 100 63 82 -6 0 17 0.00 M M 4.0 10 330 M M 0 12 340
13 104 67 86 -2 0 21 0.00 M M 3.3 10 260 M M 0 12 260
14 107 73 90 2 0 25 0.00 M M 5.5 13 200 M M 1 15 200
15 109 74 92 5 0 27 0.00 M M 4.9 13 270 M M 2 15 270
16 112 78 95 8 0 30 0.00 M M 5.3 17 270 M M 2 8 21 280
17 110 77 94 8 0 29 0.00 M M 4.9 12 190 M M 2 15 90
18 110 72 91 5 0 26 0.00 M M 6.3 15 260 M M 2 19 260
19 108 75 92 6 0 27 0.00 M M 8.1 16 160 M M 2 20 190
20 107 75 91 6 0 26 0.00 M M 6.9 13 180 M M 2 21 190
21 106 75 91 6 0 26 0.00 M M 7.8 16 180 M M 0 3 20 180
22 105 73 89 5 0 24 0.00 M M 7.4 20 170 M M 0 26 170
23 105 72 89 5 0 24 0.00 M M 4.4 13 250 M M 0 18 170
24 107 72 90 6 0 25 0.00 M M 5.7 20 170 M M 0 23 180
25 106 71 89 6 0 24 0.00 M M 5.5 20 180 M M 0 24 160
26 102 70 86 3 0 21 0.00 M M 6.3 12 140 M M 0 15 150
27 102 69 86 4 0 21 0.00 M M 4.2 10 140 M M 0 13 80
28 103 70 87 5 0 22 0.00 M M 9.4 21 340 M M 0 26 340
29 105 68 87 6 0 22 0.00 M M 5.7 14 40 M M 0 18 30
30 108 67 88 7 0 23 0.00 M M 3.2 12 350 M M 0 16 30
================================================================================
SM 3190 2220 0 763 0.00 M 206.2 M 23
================================================================================
AV106.3 74.0 6.9 FASTST M M 1 MAX(MPH)
MISC ----> # 32 360 42 10
================================================================================
NOTES:
# LAST OF SEVERAL OCCURRENCES
COLUMN 17 PEAK WIND IN M.P.H.
PRELIMINARY LOCAL CLIMATOLOGICAL DATA (WS FORM: F-6) , PAGE 2
STATION: BLYTHE CA
MONTH: SEPTEMBER
YEAR: 2020
LATITUDE: 33 37 N
LONGITUDE: 114 43 W
[TEMPERATURE DATA] [PRECIPITATION DATA] SYMBOLS USED IN COLUMN 16
AVERAGE MONTHLY: 90.2 TOTAL FOR MONTH: 0.00 1 = FOG OR MIST
DPTR FM NORMAL: 3.4 DPTR FM NORMAL: -0.41 2 = FOG REDUCING VISIBILITY
HIGHEST: 120 ON 5 GRTST 24HR 0.00 ON 1- 1 TO 1/4 MILE OR LESS
LOWEST: 63 ON 12,11 3 = THUNDER
SNOW, ICE PELLETS, HAIL 4 = ICE PELLETS
TOTAL MONTH: M 5 = HAIL
GRTST 24HR M ON M 6 = FREEZING RAIN OR DRIZZLE
GRTST DEPTH: M ON M 7 = DUSTSTORM OR SANDSTORM:
VSBY 1/2 MILE OR LESS
8 = SMOKE OR HAZE
[NO. OF DAYS WITH] [WEATHER - DAYS WITH] 9 = BLOWING SNOW
X = TORNADO
MAX 32 OR BELOW: 0 0.01 INCH OR MORE: 0
MAX 90 OR ABOVE: 30 0.10 INCH OR MORE: 0
MIN 32 OR BELOW: 0 0.50 INCH OR MORE: 0
MIN 0 OR BELOW: 0 1.00 INCH OR MORE: 0
[HDD (BASE 65) ]
TOTAL THIS MO. 0 CLEAR (SCALE 0-3) 30
DPTR FM NORMAL 0 PTCLDY (SCALE 4-7) 0
TOTAL FM JUL 1 0 CLOUDY (SCALE 8-10) 0
DPTR FM NORMAL 0
[CDD (BASE 65) ]
TOTAL THIS MO. 763
DPTR FM NORMAL 111 [PRESSURE DATA]
TOTAL FM JAN 1 4384 HIGHEST SLP M ON M
DPTR FM NORMAL 474 LOWEST SLP 29.45 ON 7
[REMARKS]
#FINAL-09-20#