000
CXUS55 KSEW 020122
CF6BLI
PRELIMINARY LOCAL CLIMATOLOGICAL DATA (WS FORM: F-6)
STATION: BELLINGHAM WA AIRPORT
MONTH: NOVEMBER
YEAR: 2020
LATITUDE: 48 47 N
LONGITUDE: 122 32 W
TEMPERATURE IN F: :PCPN: SNOW: WIND :SUNSHINE: SKY :PK WND
================================================================================
1 2 3 4 5 6A 6B 7 8 9 10 11 12 13 14 15 16 17 18
12Z AVG MX 2MIN
DY MAX MIN AVG DEP HDD CDD WTR SNW DPTH SPD SPD DIR MIN PSBL S-S WX SPD DR
================================================================================
1 58 36 47 1 18 0 0.00 0.0 0 3.4 13 20 M M 0 128 16 360
2 60 32 46 0 19 0 0.00 0.0 0 1.3 7 30 M M 1 12 10 330
3 60 44 52 6 13 0 1.28 0.0 0 5.8 18 160 M M 10 18 26 150
4 63 56 60 14 5 0 0.31 0.0 0 14.3 25 170 M M 10 1 34 180
5 60 43 52 6 13 0 T 0.0 0 4.6 13 230 M M 4 22 250
6 52 33 43 -2 22 0 0.00 0.0 0 6.6 16 330 M M 0 22 300
7 49 33 41 -4 24 0 T 0.0 0 4.5 15 30 M M 6 20 340
8 48 32 40 -5 25 0 0.00 0.0 0 15.0 30 30 M M 0 43 40
9 44 26 35 -10 30 0 0.06 0.0 0 7.5 20 160 M M 7 26 160
10 43 32 38 -7 27 0 0.12 0.0 0 2.2 16 170 M M 8 1 26 170
11 43 28 36 -8 29 0 0.00 0.0 0 1.0 12 110 M M 8 12 14 100
12 48 35 42 -2 23 0 0.35 0.0 0 11.2 26 170 M M 10 36 170
13 50 38 44 0 21 0 0.36 0.0 0 10.6 25 170 M M 8 1 37 180
14 49 41 45 1 20 0 0.06 0.0 0 8.1 21 170 M M 7 26 170
15 52 43 48 5 17 0 0.30 0.0 0 8.8 20 180 M M 7 29 200
16 45 43 44 1 21 0 0.64 0.0 0 8.2 17 40 M M 9 18 22 50
17 62 41 52 9 13 0 0.50 0.0 0 12.1 41 170 M M 6 1 57 170
18 50 45 48 5 17 0 0.59 0.0 0 10.4 24 170 M M 9 18 32 170
19 49 39 44 2 21 0 0.01 0.0 0 9.7 18 170 M M 6 26 170
20 51 47 49 7 16 0 0.20 0.0 0 11.0 20 170 M M 10 1 26 180
21 50 35 43 1 22 0 0.00 0.0 0 4.1 14 40 M M 4 1 17 40
22 47 34 41 -1 24 0 0.01 0.0 0 4.1 15 160 M M 6 20 170
23 46 41 44 2 21 0 0.11 0.0 0 3.8 13 170 M M 10 18 18 190
24 51 41 46 5 19 0 0.19 0.0 0 13.4 33 170 M M 9 1 44 160
25 46 42 44 3 21 0 0.72 0.0 0 4.2 12 190 M M 10 18 17 180
26 49 43 46 5 19 0 0.07 0.0 0 7.9 16 170 M M 10 1 23 180
27 54 47 51 10 14 0 0.13 0.0 0 15.8 28 160 M M 7 36 150
28 49 33 41 1 24 0 0.00 0.0 0 3.3 14 190 M M 2 1 20 190
29 48 30 39 -1 26 0 0.00 0.0 0 1.7 7 10 M M 6 12 9 350
30 52 36 44 4 21 0 0.22 0.0 0 8.0 35 160 M M 7 46 180
================================================================================
SM 1528 1149 605 0 6.23 0.0 222.6 M 197
================================================================================
AV 50.9 38.3 7.4 FASTST M M 7 MAX(MPH)
MISC ----> # 41 170 # 57 170
================================================================================
NOTES:
# LAST OF SEVERAL OCCURRENCES
COLUMN 17 PEAK WIND IN M.P.H.
PRELIMINARY LOCAL CLIMATOLOGICAL DATA (WS FORM: F-6) , PAGE 2
STATION: BELLINGHAM WA AIRPORT
MONTH: NOVEMBER
YEAR: 2020
LATITUDE: 48 47 N
LONGITUDE: 122 32 W
[TEMPERATURE DATA] [PRECIPITATION DATA] SYMBOLS USED IN COLUMN 16
AVERAGE MONTHLY: 44.6 TOTAL FOR MONTH: 6.23 1 = FOG OR MIST
DPTR FM NORMAL: 1.4 DPTR FM NORMAL: 0.43 2 = FOG REDUCING VISIBILITY
HIGHEST: 63 ON 4 GRTST 24HR 1.28 ON 3- 3 TO 1/4 MILE OR LESS
LOWEST: 26 ON 9 3 = THUNDER
SNOW, ICE PELLETS, HAIL 4 = ICE PELLETS
TOTAL MONTH: 0.0 INCH 5 = HAIL
GRTST 24HR 0.0 6 = FREEZING RAIN OR DRIZZLE
GRTST DEPTH: 0 7 = DUSTSTORM OR SANDSTORM:
VSBY 1/2 MILE OR LESS
8 = SMOKE OR HAZE
[NO. OF DAYS WITH] [WEATHER - DAYS WITH] 9 = BLOWING SNOW
X = TORNADO
MAX 32 OR BELOW: 0 0.01 INCH OR MORE: 20
MAX 90 OR ABOVE: 0 0.10 INCH OR MORE: 15
MIN 32 OR BELOW: 6 0.50 INCH OR MORE: 5
MIN 0 OR BELOW: 0 1.00 INCH OR MORE: 1
[HDD (BASE 65) ]
TOTAL THIS MO. 605 CLEAR (SCALE 0-3) 5
DPTR FM NORMAL -49 PTCLDY (SCALE 4-7) 14
TOTAL FM JUL 1 1247 CLOUDY (SCALE 8-10) 11
DPTR FM NORMAL -311
[CDD (BASE 65) ]
TOTAL THIS MO. 0
DPTR FM NORMAL 0 [PRESSURE DATA]
TOTAL FM JAN 1 84 HIGHEST SLP 30.53 ON 30
DPTR FM NORMAL 42 LOWEST SLP 29.13 ON 13
[REMARKS]
CORRECTEDO0O
#FINAL-11-20#