000
CXUS53 KILX 010900
CF6BMI
PRELIMINARY LOCAL CLIMATOLOGICAL DATA (WS FORM: F-6)
STATION: BLOOMINGTON IL AIRPORT
MONTH: SEPTEMBER
YEAR: 2022
LATITUDE: 40 28 N
LONGITUDE: 88 56 W
TEMPERATURE IN F: :PCPN: SNOW: WIND :SUNSHINE: SKY :PK WND
================================================================================
1 2 3 4 5 6A 6B 7 8 9 10 11 12 13 14 15 16 17 18
12Z AVG MX 2MIN
DY MAX MIN AVG DEP HDD CDD WTR SNW DPTH SPD SPD DIR MIN PSBL S-S WX SPD DR
================================================================================
1 83 60 72 M 0 7 0.00 M M 7.2 10 170 M M 0 M M
2 82 64 73 M 0 8 0.00 M M 7.5 15 200 M M 0 M M
3 81 63 72 M 0 7 0.03 M M 3.4 9 160 M M 2 M M
4 78 67 73 M 0 8 0.11 M M 11.2 18 50 M M 9 1 24 50
5 73 66 70 M 0 5 0.00 M M 10.8 15 20 M M 10 1 M M
6 82 65 74 M 0 9 0.00 M M 8.1 10 50 M M 7 1 M M
7 79 61 70 M 0 5 0.00 M M 8.4 16 10 M M 2 1 17 360
8 80 55 68 M 0 3 0.00 M M 4.0 9 150 M M 0 1 M M
9 80 57 69 M 0 4 0.00 M M 5.5 10 170 M M 0 M M
10 84 58 71 M 0 6 0.00 M M 5.5 13 210 M M 1 M M
11 67 52 60 M 5 0 0.05 M M 11.3 18 300 M M 8 1 27 320
12 67 52 60 M 5 0 0.01 M M 11.9 22 310 M M 9 31 310
13 79 55 67 M 0 2 0.00 M M 7.3 14 290 M M 2 M M
14 81 52 67 M 0 2 0.00 M M 4.3 8 170 M M 0 M M
15 82 56 69 M 0 4 0.00 M M 6.8 12 180 M M 0 M M
16 83 58 71 M 0 6 0.00 M M 8.2 16 170 M M 1 25 200
17 86 63 75 M 0 10 T M M 11.6 21 190 M M 1 30 190
18 87 64 76 M 0 11 1.67 M M 10.8 44 40 M M 3 13 59 30
19 83 65 74 M 0 9 0.19 M M 5.5 16 160 M M 6 13 22 160
20 94 65 80 M 0 15 0.00 M M 9.8 17 220 M M 0 27 230
21 86 62 74 M 0 9 T M M 12.9 24 290 M M 1 37 280
22 68 47 58 M 7 0 0.00 M M 12.1 18 360 M M 0 24 20
23 60 45 53 M 12 0 0.24 M M 7.7 16 130 M M 5 3 M M
24 78 50 64 M 1 0 0.00 M M 9.4 15 250 M M 4 21 250
25 73 58 66 M 0 1 0.00 M M 14.3 21 300 M M 3 31 300
26 66 47 57 M 8 0 0.00 M M 13.1 23 290 M M 0 33 310
27 65 41 53 M 12 0 0.00 M M 10.9 18 320 M M 0 30 340
28 65 40 53 M 12 0 0.00 M M 7.1 12 20 M M 1 17 340
29 66 38 52 M 13 0 0.00 M M 5.0 8 100 M M 0 M M
30 69 39 54 M 11 0 0.00 M M 6.7 12 50 M M 0 18 50
================================================================================
SM 2307 1665 86 131 2.30 M 258.3 M 75
================================================================================
AV 76.9 55.5 8.6 FASTST M M 3 MAX(MPH)
MISC ----> 44 40 59 30
================================================================================
NOTES:
# LAST OF SEVERAL OCCURRENCES
COLUMN 17 PEAK WIND IN M.P.H.
PRELIMINARY LOCAL CLIMATOLOGICAL DATA (WS FORM: F-6) , PAGE 2
STATION: BLOOMINGTON IL AIRPORT
MONTH: SEPTEMBER
YEAR: 2022
LATITUDE: 40 28 N
LONGITUDE: 88 56 W
[TEMPERATURE DATA] [PRECIPITATION DATA] SYMBOLS USED IN COLUMN 16
AVERAGE MONTHLY: 66.2 TOTAL FOR MONTH: 2.30 1 = FOG OR MIST
DPTR FM NORMAL: 0.0 DPTR FM NORMAL: M 2 = FOG REDUCING VISIBILITY
HIGHEST: 94 ON 20 GRTST 24HR 1.67 ON 18-18 TO 1/4 MILE OR LESS
LOWEST: 38 ON 29 3 = THUNDER
SNOW, ICE PELLETS, HAIL 4 = ICE PELLETS
TOTAL MONTH: M 5 = HAIL
GRTST 24HR M ON M 6 = FREEZING RAIN OR DRIZZLE
GRTST DEPTH: M ON M 7 = DUSTSTORM OR SANDSTORM:
VSBY 1/2 MILE OR LESS
8 = SMOKE OR HAZE
[NO. OF DAYS WITH] [WEATHER - DAYS WITH] 9 = BLOWING SNOW
X = TORNADO
MAX 32 OR BELOW: 0 0.01 INCH OR MORE: 7
MAX 90 OR ABOVE: 1 0.10 INCH OR MORE: 4
MIN 32 OR BELOW: 0 0.50 INCH OR MORE: 1
MIN 0 OR BELOW: 0 1.00 INCH OR MORE: 1
[HDD (BASE 65) ]
TOTAL THIS MO. 86 CLEAR (SCALE 0-3) 22
DPTR FM NORMAL M PTCLDY (SCALE 4-7) 5
TOTAL FM JUL 1 86 CLOUDY (SCALE 8-10) 3
DPTR FM NORMAL M
[CDD (BASE 65) ]
TOTAL THIS MO. 131
DPTR FM NORMAL M [PRESSURE DATA]
TOTAL FM JAN 1 1084 HIGHEST SLP M ON M
DPTR FM NORMAL M LOWEST SLP M ON M
[REMARKS]
#FINAL-09-22#