000
CXUS55 KOHX 011110
CF6BNA
PRELIMINARY LOCAL CLIMATOLOGICAL DATA (WS FORM: F-6)
STATION: NASHVILLE
MONTH: JULY
YEAR: 2023
LATITUDE: 36 7 N
LONGITUDE: 86 41 W
TEMPERATURE IN F: :PCPN: SNOW: WIND :SUNSHINE: SKY :PK WND
================================================================================
1 2 3 4 5 6A 6B 7 8 9 10 11 12 13 14 15 16 17 18
12Z AVG MX 2MIN
DY MAX MIN AVG DEP HDD CDD WTR SNW DPTH SPD SPD DIR MIN PSBL S-S WX SPD DR
================================================================================
1 90 68 79 -1 0 14 0.51 0.0 0 6.7 37 290 M M 7 138 67 300
2 95 72 84 4 0 19 0.01 0.0 0 9.8 25 180 M M 7 3 35 180
3 92 75 84 4 0 19 0.00 0.0 0 6.0 12 270 M M 6 17 350
4 92 73 83 3 0 18 0.62 0.0 0 4.0 12 340 M M 7 138 17 330
5 92 72 82 2 0 17 0.01 0.0 0 2.9 9 100 M M 6 16 190
6 93 74 84 4 0 19 0.27 0.0 0 3.5 25 300 M M 6 138 40 310
7 92 74 83 3 0 18 0.00 0.0 0 3.3 9 320 M M 7 26 240
8 90 71 81 1 0 16 0.42 0.0 0 4.6 24 340 M M 8 13 34 350
9 80 70 75 -6 0 10 0.12 0.0 0 3.8 9 340 M M 9 18 27 300
10 87 66 77 -4 0 12 0.00 0.0 0 4.9 13 360 M M 1 1 M M
11 89 63 76 -5 0 11 0.00 0.0 0 1.9 8 150 M M 2 13 240
12 92 66 79 -2 0 14 0.00 0.0 0 4.9 14 190 M M 3 19 220
13 92 77 85 4 0 20 T 0.0 0 5.9 14 230 M M 7 3 19 230
14 91 75 83 2 0 18 0.00 0.0 0 3.3 8 180 M M 7 11 190
15 89 74 82 1 0 17 0.59 0.0 0 6.2 21 280 M M 8 1 28 290
16 89 72 81 0 0 16 0.00 0.0 0 4.9 13 330 M M 1 8 25 290
17 90 68 79 -2 0 14 0.00 0.0 0 4.0 18 360 M M 5 18 29 350
18 91 70 81 0 0 16 1.15 0.0 0 5.8 26 290 M M 7 138 41 290
19 80 69 75 -6 0 10 0.93 0.0 0 7.3 17 200 M M 8 13 24 200
20 88 73 81 0 0 16 0.18 0.0 0 6.6 28 10 M M 7 13 37 20
21 90 71 81 0 0 16 0.00 0.0 0 6.3 16 330 M M 7 1 25 360
22 86 70 78 -3 0 13 0.00 0.0 0 4.9 14 10 M M 6 24 350
23 88 67 78 -3 0 13 0.00 0.0 0 3.1 10 320 M M 3 26 300
24 91 67 79 -2 0 14 0.02 0.0 0 4.4 23 320 M M 4 3 33 320
25 93 70 82 1 0 17 0.00 0.0 0 5.6 12 270 M M 3 17 240
26 92 74 83 2 0 18 0.01 0.0 0 6.9 13 190 M M 7 8 21 190
27 96 76 86 5 0 21 0.01 0.0 0 6.5 13 220 M M 4 19 260
28 98 75 87 6 0 22 0.00 0.0 0 3.9 10 200 M M 3 16 250
29 97 73 85 4 0 20 1.11 0.0 0 5.8 26 350 M M 6 138 39 10
30 90 72 81 0 0 16 0.02 0.0 0 4.9 17 360 M M 5 1 28 350
31 92 70 81 0 0 16 0.00 0.0 0 5.6 14 360 M M 4 31 350
================================================================================
SM 2807 2207 0 500 5.98 0.0 158.2 M 171
================================================================================
AV 90.5 71.2 5.1 FASTST M M 6 MAX(MPH)
MISC ----> 37 290 67 300
================================================================================
NOTES:
# LAST OF SEVERAL OCCURRENCES
COLUMN 17 PEAK WIND IN M.P.H.
PRELIMINARY LOCAL CLIMATOLOGICAL DATA (WS FORM: F-6) , PAGE 2
STATION: NASHVILLE
MONTH: JULY
YEAR: 2023
LATITUDE: 36 7 N
LONGITUDE: 86 41 W
[TEMPERATURE DATA] [PRECIPITATION DATA] SYMBOLS USED IN COLUMN 16
AVERAGE MONTHLY: 80.9 TOTAL FOR MONTH: 5.98 1 = FOG OR MIST
DPTR FM NORMAL: 0.2 DPTR FM NORMAL: 1.82 2 = FOG REDUCING VISIBILITY
HIGHEST: 98 ON 28 GRTST 24HR 2.08 ON 18-19 TO 1/4 MILE OR LESS
LOWEST: 63 ON 11 3 = THUNDER
SNOW, ICE PELLETS, HAIL 4 = ICE PELLETS
TOTAL MONTH: 0.0 INCH 5 = HAIL
GRTST 24HR 0.0 6 = FREEZING RAIN OR DRIZZLE
GRTST DEPTH: 0 7 = DUSTSTORM OR SANDSTORM:
VSBY 1/2 MILE OR LESS
8 = SMOKE OR HAZE
[NO. OF DAYS WITH] [WEATHER - DAYS WITH] 9 = BLOWING SNOW
X = TORNADO
MAX 32 OR BELOW: 0 0.01 INCH OR MORE: 16
MAX 90 OR ABOVE: 22 0.10 INCH OR MORE: 10
MIN 32 OR BELOW: 0 0.50 INCH OR MORE: 6
MIN 0 OR BELOW: 0 1.00 INCH OR MORE: 2
[HDD (BASE 65) ]
TOTAL THIS MO. 0 CLEAR (SCALE 0-3) 4
DPTR FM NORMAL 0 PTCLDY (SCALE 4-7) 26
TOTAL FM JUL 1 0 CLOUDY (SCALE 8-10) 1
DPTR FM NORMAL 0
[CDD (BASE 65) ]
TOTAL THIS MO. 500
DPTR FM NORMAL 13 [PRESSURE DATA]
TOTAL FM JAN 1 1077 HIGHEST SLP 30.19 ON 19
DPTR FM NORMAL -14 LOWEST SLP 29.78 ON 8
[REMARKS]
#FINAL-07-23#