000
CXUS56 KBOI 011002
CF6BNO
PRELIMINARY LOCAL CLIMATOLOGICAL DATA (WS FORM: F-6)
STATION: BURNS OR
MONTH: OCTOBER
YEAR: 2022
LATITUDE: 43 34 N
LONGITUDE: 118 57 W
TEMPERATURE IN F: :PCPN: SNOW: WIND :SUNSHINE: SKY :PK WND
================================================================================
1 2 3 4 5 6A 6B 7 8 9 10 11 12 13 14 15 16 17 18
12Z AVG MX 2MIN
DY MAX MIN AVG DEP HDD CDD WTR SNW DPTH SPD SPD DIR MIN PSBL S-S WX SPD DR
================================================================================
1 72 31 52 0 13 0 0.00 M M 3.9 12 300 M M 0 15 90
2 76 34 55 4 10 0 0.00 M M 4.7 14 210 M M 0 18 210
3 79 37 58 7 7 0 0.00 M M 3.6 10 300 M M 0 13 220
4 81 34 58 8 7 0 0.00 M M 4.1 10 150 M M 0 13 140
5 81 38 60 10 5 0 0.00 M M 6.9 16 90 M M 0 25 70
6 83 30 57 7 8 0 0.00 M M 4.4 10 310 M M 0 8 14 170
7 83 32 58 9 7 0 0.00 0.0 0 4.6 9 310 M M 0 8 14 130
8 82 32 57 8 8 0 0.00 M M 3.9 14 10 M M 0 17 10
9 79 33 56 8 9 0 0.00 M M 5.7 13 340 M M 0 16 340
10 79 27 53 5 12 0 0.00 M M 4.6 15 320 M M 0 21 310
11 74 34 54 7 11 0 0.00 M M 4.7 12 320 M M 0 16 320
12 78 28 53 6 12 0 0.00 M M 3.0 9 310 M M 0 10 300
13 79 34 57 10 8 0 T M M 3.5 10 40 M M 0 11 310
14 80 27 54 8 11 0 0.00 M M 3.8 12 300 M M 0 14 200
15 78 27 53 7 12 0 0.00 M M 5.5 17 90 M M 0 8 23 90
16 75 30 53 8 12 0 T M M 7.8 20 80 M M 0 8 27 70
17 78 29 54 9 11 0 T M M 5.4 12 100 M M 0 16 110
18 77 27 52 8 13 0 T M M 4.6 10 290 M M 0 12 300
19 79 26 53 9 12 0 0.00 M M 3.5 10 230 M M 0 14 200
20 79 23 51 7 14 0 0.00 M M 4.4 20 330 M M 0 27 340
21 64 32 48 5 17 0 0.05 M M 10.8 28 260 M M 4 8 37 270
22 48 26 37 -6 28 0 0.03 M M 12.3 28 300 M M 7 1 40 280
23 47 17 32 -11 33 0 0.00 M M 7.4 21 320 M M 4 26 320
24 57 16 37 -5 28 0 0.02 M M 5.9 26 260 M M 7 35 240
25 51 22 37 -5 28 0 0.01 M M 7.2 24 280 M M 2 33 280
26 50 19 35 -7 30 0 0.01 M M 10.3 26 300 M M 5 36 290
27 51 11 31 -10 34 0 0.00 M M 4.3 10 60 M M 0 13 180
28 55 21 38 -3 27 0 0.00 M M 3.3 10 210 M M 0 12 210
29 62 25 44 3 21 0 0.00 M M 3.3 13 250 M M 3 17 290
30 60 18 39 -1 26 0 0.00 M M 2.7 14 240 M M 1 20 240
31 68 26 47 7 18 0 0.00 M M 4.4 13 310 M M 2 16 320
================================================================================
SM 2185 846 492 0 0.12 0.0 164.5 M 35
================================================================================
AV 70.5 27.3 5.3 FASTST M M 1 MAX(MPH)
MISC ----> # 28 260 40 280
================================================================================
NOTES:
# LAST OF SEVERAL OCCURRENCES
COLUMN 17 PEAK WIND IN M.P.H.
PRELIMINARY LOCAL CLIMATOLOGICAL DATA (WS FORM: F-6) , PAGE 2
STATION: BURNS OR
MONTH: OCTOBER
YEAR: 2022
LATITUDE: 43 34 N
LONGITUDE: 118 57 W
[TEMPERATURE DATA] [PRECIPITATION DATA] SYMBOLS USED IN COLUMN 16
AVERAGE MONTHLY: 48.9 TOTAL FOR MONTH: 0.12 1 = FOG OR MIST
DPTR FM NORMAL: 3.3 DPTR FM NORMAL: -0.65 2 = FOG REDUCING VISIBILITY
HIGHEST: 83 ON 7, 6 GRTST 24HR 0.07 ON 21-22 TO 1/4 MILE OR LESS
LOWEST: 11 ON 27 3 = THUNDER
SNOW, ICE PELLETS, HAIL 4 = ICE PELLETS
TOTAL MONTH: 0.0 INCH 5 = HAIL
GRTST 24HR 0.0 6 = FREEZING RAIN OR DRIZZLE
GRTST DEPTH: 0 7 = DUSTSTORM OR SANDSTORM:
VSBY 1/2 MILE OR LESS
8 = SMOKE OR HAZE
[NO. OF DAYS WITH] [WEATHER - DAYS WITH] 9 = BLOWING SNOW
X = TORNADO
MAX 32 OR BELOW: 0 0.01 INCH OR MORE: 5
MAX 90 OR ABOVE: 0 0.10 INCH OR MORE: 0
MIN 32 OR BELOW: 24 0.50 INCH OR MORE: 0
MIN 0 OR BELOW: 0 1.00 INCH OR MORE: 0
[HDD (BASE 65) ]
TOTAL THIS MO. 492 CLEAR (SCALE 0-3) 26
DPTR FM NORMAL -111 PTCLDY (SCALE 4-7) 5
TOTAL FM JUL 1 643 CLOUDY (SCALE 8-10) 0
DPTR FM NORMAL -283
[CDD (BASE 65) ]
TOTAL THIS MO. 0
DPTR FM NORMAL 0 [PRESSURE DATA]
TOTAL FM JAN 1 566 HIGHEST SLP 30.43 ON 19
DPTR FM NORMAL 264 LOWEST SLP 29.46 ON 22
[REMARKS]
#FINAL-10-22#