000
CXUS56 KBOI 011002
CF6BNO
PRELIMINARY LOCAL CLIMATOLOGICAL DATA (WS FORM: F-6)
STATION: BURNS OR
MONTH: APRIL
YEAR: 2020
LATITUDE: 43 34 N
LONGITUDE: 118 57 W
TEMPERATURE IN F: :PCPN: SNOW: WIND :SUNSHINE: SKY :PK WND
================================================================================
1 2 3 4 5 6A 6B 7 8 9 10 11 12 13 14 15 16 17 18
12Z AVG MX 2MIN
DY MAX MIN AVG DEP HDD CDD WTR SNW DPTH SPD SPD DIR MIN PSBL S-S WX SPD DR
================================================================================
1 42 21 32 -9 33 0 0.02 M M 6.2 20 310 M M 3 25 300
2 44 18 31 -10 34 0 0.00 M M 4.6 14 220 M M 3 18 240
3 48 20 34 -7 31 0 T M M 6.2 16 250 M M 3 23 240
4 47 18 33 -8 32 0 0.19 M M 4.4 16 210 M M 5 12 20 220
5 47 30 39 -2 26 0 0.11 M M 5.8 17 110 M M 8 12 20 110
6 57 30 44 3 21 0 T M M 5.1 16 290 M M 3 20 280
7 62 28 45 4 20 0 0.00 M M 5.0 13 10 M M 0 15 10
8 68 28 48 6 17 0 0.00 M M 7.3 16 90 M M 0 23 90
9 74 26 50 8 15 0 0.00 M M 6.2 14 350 M M 0 18 350
10 73 30 52 10 13 0 0.00 M M 6.7 17 320 M M 0 22 340
11 63 31 47 5 18 0 0.00 M M 13.6 31 330 M M 2 36 330
12 54 22 38 -4 27 0 0.00 M M 8.3 22 320 M M 0 31 330
13 54 20 37 -5 28 0 0.00 M M 9.4 20 360 M M 0 24 10
14 64 17 41 -1 24 0 0.00 M M 8.3 22 330 M M 1 26 330
15 58 32 45 2 20 0 T M M 12.0 29 320 M M 7 36 330
16 57 23 40 -3 25 0 0.00 M M 7.2 20 80 M M 0 28 70
17 64 18 41 -2 24 0 0.00 M M 6.4 15 110 M M 0 22 110
18 67 19 43 0 22 0 0.00 M M 9.1 22 330 M M 3 29 230
19 63 32 48 4 17 0 0.00 M M 7.9 14 280 M M 1 18 180
20 68 26 47 3 18 0 0.00 M M 4.6 15 320 M M 0 17 320
21 69 38 54 10 11 0 0.00 M M 9.0 21 300 M M 4 27 320
22 59 28 44 0 21 0 0.08 M M 7.7 23 240 M M 5 27 260
23 58 35 47 2 18 0 0.03 M M 10.9 28 330 M M 5 35 320
24 62 34 48 3 17 0 0.02 M M 5.5 15 270 M M 7 20 280
25 69 32 51 6 14 0 0.00 M M 7.6 24 310 M M 3 1 30 310
26 72 35 54 8 11 0 0.00 M M 6.3 14 200 M M 1 20 210
27 70 39 55 9 10 0 T M M 11.7 26 260 M M 5 32 260
28 75 33 54 8 11 0 0.00 M M 5.2 12 70 M M 0 14 260
29 80 47 64 18 1 0 0.04 M M 6.9 22 260 M M 2 3 32 260
30 64 38 51 4 14 0 0.02 M M 9.7 28 290 M M 5 33 310
================================================================================
SM 1852 848 593 0 0.51 M 224.8 M 76
================================================================================
AV 61.7 28.3 7.5 FASTST M M 3 MAX(MPH)
MISC ----> 31 330 # 36 330
================================================================================
NOTES:
# LAST OF SEVERAL OCCURRENCES
COLUMN 17 PEAK WIND IN M.P.H.
PRELIMINARY LOCAL CLIMATOLOGICAL DATA (WS FORM: F-6) , PAGE 2
STATION: BURNS OR
MONTH: APRIL
YEAR: 2020
LATITUDE: 43 34 N
LONGITUDE: 118 57 W
[TEMPERATURE DATA] [PRECIPITATION DATA] SYMBOLS USED IN COLUMN 16
AVERAGE MONTHLY: 45.0 TOTAL FOR MONTH: 0.51 1 = FOG OR MIST
DPTR FM NORMAL: 1.8 DPTR FM NORMAL: -0.42 2 = FOG REDUCING VISIBILITY
HIGHEST: 80 ON 29 GRTST 24HR 0.27 ON 4- 5 TO 1/4 MILE OR LESS
LOWEST: 17 ON 14 3 = THUNDER
SNOW, ICE PELLETS, HAIL 4 = ICE PELLETS
TOTAL MONTH: M 5 = HAIL
GRTST 24HR M ON M 6 = FREEZING RAIN OR DRIZZLE
GRTST DEPTH: M ON M 7 = DUSTSTORM OR SANDSTORM:
VSBY 1/2 MILE OR LESS
8 = SMOKE OR HAZE
[NO. OF DAYS WITH] [WEATHER - DAYS WITH] 9 = BLOWING SNOW
X = TORNADO
MAX 32 OR BELOW: 0 0.01 INCH OR MORE: 8
MAX 90 OR ABOVE: 0 0.10 INCH OR MORE: 2
MIN 32 OR BELOW: 22 0.50 INCH OR MORE: 0
MIN 0 OR BELOW: 0 1.00 INCH OR MORE: 0
[HDD (BASE 65) ]
TOTAL THIS MO. 593 CLEAR (SCALE 0-3) 18
DPTR FM NORMAL -62 PTCLDY (SCALE 4-7) 12
TOTAL FM JUL 1 6550 CLOUDY (SCALE 8-10) 0
DPTR FM NORMAL -489
[CDD (BASE 65) ]
TOTAL THIS MO. 0
DPTR FM NORMAL 0 [PRESSURE DATA]
TOTAL FM JAN 1 0 HIGHEST SLP 30.39 ON 14
DPTR FM NORMAL 0 LOWEST SLP 29.59 ON 5
[REMARKS]
#FINAL-04-20#