000
CXUS55 KRIW 011110
CF6BPI
PRELIMINARY LOCAL CLIMATOLOGICAL DATA (WS FORM: F-6)
STATION: BIG PINEY WY
MONTH: NOVEMBER
YEAR: 2022
LATITUDE: 42 34 N
LONGITUDE: 110 6 W
TEMPERATURE IN F: :PCPN: SNOW: WIND :SUNSHINE: SKY :PK WND
================================================================================
1 2 3 4 5 6A 6B 7 8 9 10 11 12 13 14 15 16 17 18
12Z AVG MX 2MIN
DY MAX MIN AVG DEP HDD CDD WTR SNW DPTH SPD SPD DIR MIN PSBL S-S WX SPD DR
================================================================================
1 54 19 37 6 28 0 0.00 M M 7.5 22 190 M M 2 27 190
2 38 18 28 -3 37 0 0.10 M M 8.9 21 250 M M 9 12 25 200
3 33 11 22 -8 43 0 0.00 M M 5.0 14 210 M M 4 19 230
4 35 9 22 -8 43 0 0.00 M M 5.5 15 360 M M 3 19 350
5 43 20 32 2 33 0 T M M 14.8 38 310 M M 8 1 49 310
6 37 7 22 -7 43 0 0.00 M M 6.2 14 180 M M 3 18 190
7 45 25 35 6 30 0 0.10 M M 6.8 21 200 M M 8 1 28 220
8 45 30 38 10 27 0 0.13 M M 8.8 29 240 M M 8 1 42 230
9 35 19 27 -1 38 0 0.01 M M 8.2 20 230 M M 8 1 25 220
10 25 12 19 -8 46 0 T M M 11.4 21 330 M M 7 1 28 340
11 32 2 17 -10 48 0 0.00 M M 4.2 13 50 M M 0 16 20
12 29 2 16 -10 49 0 0.00 M M 2.0 8 40 M M 0 9 30
13 35 4 20 -6 45 0 0.00 M M 3.7 10 210 M M 3 14 340
14 33 6 20 -5 45 0 0.00 M M 10.0 26 360 M M 2 35 350
15 31 5 18 -7 47 0 0.00 M M 11.1 22 360 M M 0 29 20
16 36 7 22 -2 43 0 0.00 M M 7.1 20 340 M M 0 25 340
17 23 5 14 -10 51 0 0.10 M M 4.6 13 150 M M 7 12 17 150
18 16 -15 1 -22 64 0 T M M 3.8 9 60 M M 3 1 11 210
19 22 -15 4 -19 61 0 0.00 M M 4.1 10 80 M M 0 12 340
20 37 -9 14 -8 51 0 0.00 M M 2.9 12 340 M M 0 13 340
21 37 -6 16 -6 49 0 0.00 M M 3.3 9 190 M M 0 12 220
22 37 0 19 -2 46 0 0.00 M M 3.0 7 340 M M 0 9 360
23 36 11 24 3 41 0 0.00 M M 12.2 31 340 M M 3 42 320
24 37 6 22 2 43 0 0.00 M M 3.5 14 340 M M 0 20 350
25 40 4 22 2 43 0 0.00 M M 1.9 10 60 M M 0 10 70
26 31 9 20 1 45 0 T M M 5.0 20 340 M M 3 26 340
27 32 5 19 0 46 0 0.00 M M 6.6 20 260 M M 6 26 260
28 26 5 16 -2 49 0 0.01 M M 9.5 23 270 M M 9 1 30 280
29 22 -8 7 -11 58 0 T M M 6.5 20 290 M M 3 1 25 270
30 24 -11 7 -10 58 0 T M M 2.1 12 350 M M 4 12 350
================================================================================
SM 1006 177 1350 0 0.45 M 190.2 M 103
================================================================================
AV 33.5 5.9 6.3 FASTST M M 3 MAX(MPH)
MISC ----> 38 310 49 310
================================================================================
NOTES:
# LAST OF SEVERAL OCCURRENCES
COLUMN 17 PEAK WIND IN M.P.H.
PRELIMINARY LOCAL CLIMATOLOGICAL DATA (WS FORM: F-6) , PAGE 2
STATION: BIG PINEY WY
MONTH: NOVEMBER
YEAR: 2022
LATITUDE: 42 34 N
LONGITUDE: 110 6 W
[TEMPERATURE DATA] [PRECIPITATION DATA] SYMBOLS USED IN COLUMN 16
AVERAGE MONTHLY: 19.7 TOTAL FOR MONTH: 0.45 1 = FOG OR MIST
DPTR FM NORMAL: -4.7 DPTR FM NORMAL: 0.19 2 = FOG REDUCING VISIBILITY
HIGHEST: 54 ON 1 GRTST 24HR 0.14 ON 8- 9 TO 1/4 MILE OR LESS
LOWEST: -15 ON 19,18 3 = THUNDER
SNOW, ICE PELLETS, HAIL 4 = ICE PELLETS
TOTAL MONTH: M 5 = HAIL
GRTST 24HR M ON M 6 = FREEZING RAIN OR DRIZZLE
GRTST DEPTH: M ON M 7 = DUSTSTORM OR SANDSTORM:
VSBY 1/2 MILE OR LESS
8 = SMOKE OR HAZE
[NO. OF DAYS WITH] [WEATHER - DAYS WITH] 9 = BLOWING SNOW
X = TORNADO
MAX 32 OR BELOW: 12 0.01 INCH OR MORE: 6
MAX 90 OR ABOVE: 0 0.10 INCH OR MORE: 4
MIN 32 OR BELOW: 30 0.50 INCH OR MORE: 0
MIN 0 OR BELOW: 7 1.00 INCH OR MORE: 0
[HDD (BASE 65) ]
TOTAL THIS MO. 1350 CLEAR (SCALE 0-3) 18
DPTR FM NORMAL 132 PTCLDY (SCALE 4-7) 9
TOTAL FM JUL 1 2440 CLOUDY (SCALE 8-10) 3
DPTR FM NORMAL -313
[CDD (BASE 65) ]
TOTAL THIS MO. 0
DPTR FM NORMAL 0 [PRESSURE DATA]
TOTAL FM JAN 1 67 HIGHEST SLP 30.78 ON 19
DPTR FM NORMAL 37 LOWEST SLP 29.50 ON 9
[REMARKS]
#FINAL-11-22#