000
CXUS55 KRIW 011600
CLMBPI
CLIMATE REPORT
NATIONAL WEATHER SERVICE RIVERTON WY
1000 AM MDT SAT JUL 01 2023
...................................
...THE BIG PINEY WY CLIMATE SUMMARY FOR THE MONTH OF JUNE 2023...
CLIMATE NORMAL PERIOD: 1991 TO 2020
CLIMATE RECORD PERIOD: 1976 TO 2023
WEATHER OBSERVED NORMAL DEPART LAST YEAR`S
VALUE DATE(S) VALUE FROM VALUE
NORMAL
..............................................................
TEMPERATURE (F)
RECORD
HIGH 93 06/28/2013
LOW 13 06/04/1984
HIGHEST 77 06/30
LOWEST 33 06/21
06/24
AVG. MAXIMUM 67.2 72.3 -5.1
AVG. MINIMUM 40.0 36.1 3.9
MEAN 53.6 54.2 -0.6
DAYS MAX >= 90 0
DAYS MAX <= 32 0
DAYS MIN <= 32 0
DAYS MIN <= 0 0
PRECIPITATION (INCHES)
RECORD
MAXIMUM 3.71 2009
MINIMUM T 2013
TOTALS 2.54 1.01 1.53 0.19
DAILY AVG. 0.08 0.03 0.05
DAYS >= .01 20
DAYS >= .10 7
DAYS >= .50 1
DAYS >= 1.00 0
GREATEST
24 HR. TOTAL 0.72 06/01 TO 06/02
STORM TOTAL 0.64
DEGREE DAYS
HEATING TOTAL 335 325 10
SINCE 7/1 11319 10403 916
COOLING TOTAL 0 1 -1
SINCE 1/1 0 1 -1
..............................................................
WIND (MPH)
AVERAGE WIND SPEED 7.4
RESULTANT WIND SPEED/DIRECTION 2/330
HIGHEST WIND SPEED/DIRECTION 38/240 DATE 06/05
HIGHEST GUST SPEED/DIRECTION 54/230 DATE 06/05
SKY COVER
POSSIBLE SUNSHINE (PERCENT) MM
AVERAGE SKY COVER 0.38
NUMBER OF DAYS FAIR 14
NUMBER OF DAYS PC 14
NUMBER OF DAYS CLOUDY 2
AVERAGE RH (PERCENT) 68
WEATHER CONDITIONS. NUMBER OF DAYS WITH
THUNDERSTORM 16 MIXED PRECIP 0
HEAVY RAIN 2 RAIN 5
LIGHT RAIN 22 FREEZING RAIN 0
LT FREEZING RAIN 0 HAIL 0
HEAVY SNOW 0 SNOW 0
LIGHT SNOW 0 SLEET 0
FOG 11 FOG W/VIS <= 1/4 MILE 0
HAZE 0
- INDICATES NEGATIVE NUMBERS.
R INDICATES RECORD WAS SET OR TIED.
MM INDICATES DATA IS MISSING.
T INDICATES TRACE AMOUNT.
$$