000
CXUS54 KLCH 010830
CF6BPT
PRELIMINARY LOCAL CLIMATOLOGICAL DATA (WS FORM: F-6)
STATION: BEAUMONT PORT ARTHUR
MONTH: APRIL
YEAR: 2022
LATITUDE: 29 57 N
LONGITUDE: 94 1 W
TEMPERATURE IN F: :PCPN: SNOW: WIND :SUNSHINE: SKY :PK WND
================================================================================
1 2 3 4 5 6A 6B 7 8 9 10 11 12 13 14 15 16 17 18
12Z AVG MX 2MIN
DY MAX MIN AVG DEP HDD CDD WTR SNW DPTH SPD SPD DIR MIN PSBL S-S WX SPD DR
================================================================================
1 76 50 63 -3 2 0 0.00 0.0 M 9.6 17 100 M M 0 24 90
2 81 58 70 3 0 5 0.00 0.0 M 6.1 15 10 M M 5 20 20
3 82 56 69 2 0 4 0.00 0.0 M 8.1 20 150 M M 0 1 26 140
4 80 62 71 4 0 6 0.19 0.0 M 12.5 18 120 M M 8 1 26 130
5 82 70 76 9 0 11 0.00 0.0 M 9.9 16 210 M M 8 18 24 190
6 88 64 76 9 0 11 0.00 0.0 M 12.4 26 340 M M 6 1 36 350
7 76 50 63 -5 2 0 0.00 0.0 M 13.3 31 310 M M 0 43 310
8 74 46 60 -8 5 0 0.00 0.0 M 11.6 28 310 M M 2 41 310
9 78 42 60 -8 5 0 0.00 0.0 M 8.2 20 170 M M 0 25 170
10 80 62 71 3 0 6 0.00 0.0 M 17.8 35 160 M M 2 47 160
11 82 66 74 6 0 9 0.06 0.0 0 15.4 31 140 M M 9 13 41 150
12 77 70 74 6 0 9 T 0.0 M 16.2 29 150 M M 9 13 39 140
13 79 67 73 4 0 8 0.03 0.0 M 15.5 29 160 M M 9 18 40 150
14 83 60 72 3 0 7 0.00 0.0 M 13.2 22 80 M M 1 30 80
15 78 64 71 2 0 6 0.01 0.0 M 11.5 22 140 M M 9 1 28 140
16 85 70 78 9 0 13 0.00 0.0 M 10.5 20 190 M M 7 1 26 200
17 84 71 78 8 0 13 0.00 0.0 M 9.1 20 170 M M 7 1 26 190
18 77 61 69 -1 0 4 0.00 0.0 M 12.5 21 20 M M 3 27 50
19 74 55 65 -5 0 0 0.00 0.0 M 15.8 28 110 M M 1 37 110
20 80 69 75 5 0 10 T 0.0 M 17.3 29 160 M M 9 39 140
21 82 71 77 7 0 12 T 0.0 M 14.6 22 120 M M 5 31 130
22 82 71 77 6 0 12 0.00 0.0 M 15.6 24 130 M M 5 32 140
23 83 69 76 5 0 11 0.00 0.0 M 16.7 26 140 M M 5 37 140
24 84 71 78 7 0 13 0.00 0.0 M 15.6 24 180 M M 6 31 160
25 87 63 75 4 0 10 0.56 0.0 M 9.6 37 10 M M 8 13 45 10
26 81 63 72 0 0 7 0.00 0.0 M 10.1 17 40 M M 4 24 50
27 81 57 69 -3 0 4 0.00 0.0 M 7.2 14 60 M M 0 23 120
28 82 60 71 -1 0 6 0.00 0.0 M 7.2 16 120 M M 0 23 160
29 82 62 72 0 0 7 0.00 0.0 M 11.7 20 170 M M 3 26 140
30 85 70 78 6 0 13 T 0.0 M 11.3 20 160 M M 5 27 170
================================================================================
SM 2425 1870 14 217 0.85 0.0 366.1 M 136
================================================================================
AV 80.8 62.3 12.2 FASTST M M 5 MAX(MPH)
MISC ----> 37 10 47 160
================================================================================
NOTES:
# LAST OF SEVERAL OCCURRENCES
COLUMN 17 PEAK WIND IN M.P.H.
PRELIMINARY LOCAL CLIMATOLOGICAL DATA (WS FORM: F-6) , PAGE 2
STATION: BEAUMONT PORT ARTHUR
MONTH: APRIL
YEAR: 2022
LATITUDE: 29 57 N
LONGITUDE: 94 1 W
[TEMPERATURE DATA] [PRECIPITATION DATA] SYMBOLS USED IN COLUMN 16
AVERAGE MONTHLY: 71.6 TOTAL FOR MONTH: 0.85 1 = FOG OR MIST
DPTR FM NORMAL: 2.3 DPTR FM NORMAL: -3.07 2 = FOG REDUCING VISIBILITY
HIGHEST: 88 ON 6 GRTST 24HR 0.56 ON 25-25 TO 1/4 MILE OR LESS
LOWEST: 42 ON 9 3 = THUNDER
SNOW, ICE PELLETS, HAIL 4 = ICE PELLETS
TOTAL MONTH: 0.0 INCH 5 = HAIL
GRTST 24HR 0.0 6 = FREEZING RAIN OR DRIZZLE
GRTST DEPTH: 0 7 = DUSTSTORM OR SANDSTORM:
VSBY 1/2 MILE OR LESS
8 = SMOKE OR HAZE
[NO. OF DAYS WITH] [WEATHER - DAYS WITH] 9 = BLOWING SNOW
X = TORNADO
MAX 32 OR BELOW: 0 0.01 INCH OR MORE: 5
MAX 90 OR ABOVE: 0 0.10 INCH OR MORE: 2
MIN 32 OR BELOW: 0 0.50 INCH OR MORE: 1
MIN 0 OR BELOW: 0 1.00 INCH OR MORE: 0
[HDD (BASE 65) ]
TOTAL THIS MO. 14 CLEAR (SCALE 0-3) 12
DPTR FM NORMAL -18 PTCLDY (SCALE 4-7) 13
TOTAL FM JUL 1 1138 CLOUDY (SCALE 8-10) 5
DPTR FM NORMAL -122
[CDD (BASE 65) ]
TOTAL THIS MO. 217
DPTR FM NORMAL 55 [PRESSURE DATA]
TOTAL FM JAN 1 298 HIGHEST SLP 30.26 ON 26
DPTR FM NORMAL 23 LOWEST SLP 29.59 ON 5
[REMARKS]
#FINAL-04-22#