000
CXUS54 KBRO 010800
CF6BRO
PRELIMINARY LOCAL CLIMATOLOGICAL DATA (WS FORM: F-6)
STATION: BROWNSVILLE
MONTH: OCTOBER
YEAR: 2021
LATITUDE: 25 53 N
LONGITUDE: 97 26 W
TEMPERATURE IN F: :PCPN: SNOW: WIND :SUNSHINE: SKY :PK WND
================================================================================
1 2 3 4 5 6A 6B 7 8 9 10 11 12 13 14 15 16 17 18
12Z AVG MX 2MIN
DY MAX MIN AVG DEP HDD CDD WTR SNW DPTH SPD SPD DIR MIN PSBL S-S WX SPD DR
================================================================================
1 88 72 80 -1 0 15 8.09 0.0 0 9.7 30 90 M M 5 13 46 340
2 89 73 81 0 0 16 0.00 0.0 0 6.0 14 60 M M 1 17 70
3 91 76 84 3 0 19 T 0.0 0 5.8 15 70 M M 1 21 360
4 91 78 85 5 0 20 0.02 0.0 0 6.0 16 40 M M 2 23 30
5 92 70 81 1 0 16 0.00 0.0 0 5.8 15 30 M M 0 23 40
6 90 66 78 -2 0 13 0.00 0.0 0 3.8 14 70 M M 0 18 60
7 90 69 80 0 0 15 0.00 0.0 0 4.5 13 50 M M 0 20 60
8 91 67 79 -1 0 14 0.00 0.0 0 4.1 14 100 M M 0 19 90
9 91 67 79 -1 0 14 0.00 0.0 0 5.8 15 130 M M 1 1 21 140
10 93 80 87 8 0 22 0.00 0.0 0 18.1 31 160 M M 2 40 160
11 93 82 88 9 0 23 0.00 0.0 0 12.6 23 170 M M 4 8 32 170
12 93 82 88 9 0 23 0.00 0.0 0 15.6 28 150 M M 3 37 140
13 91 81 86 7 0 21 0.00 0.0 0 16.8 30 160 M M 5 43 160
14 91 80 86 8 0 21 0.02 0.0 0 12.5 22 150 M M 5 29 150
15 93 77 85 7 0 20 0.00 0.0 0 7.3 15 120 M M 1 20 120
16 80 63 72 -6 0 7 1.04 0.0 0 11.1 21 330 M M 7 13 36 360
17 82 63 73 -5 0 8 0.00 0.0 0 7.2 14 340 M M 1 19 70
18 84 62 73 -5 0 8 0.00 0.0 0 3.0 13 90 M M 0 17 90
19 89 65 77 0 0 12 0.00 0.0 0 6.7 16 110 M M 2 25 140
20 91 73 82 5 0 17 0.00 0.0 0 7.2 16 110 M M 4 24 100
21 91 69 80 3 0 15 0.00 0.0 0 4.9 16 60 M M 0 22 50
22 91 72 82 5 0 17 0.00 0.0 0 5.1 15 100 M M 1 21 100
23 90 70 80 4 0 15 0.00 0.0 0 8.0 26 150 M M 1 34 140
24 92 74 83 7 0 18 0.00 0.0 0 5.9 15 140 M M 2 1 20 140
25 93 72 83 7 0 18 0.00 0.0 0 6.2 14 130 M M 2 1 19 120
26 91 79 85 9 0 20 0.00 0.0 0 13.7 25 150 M M 5 33 140
27 94 71 83 8 0 18 0.00 0.0 0 11.9 24 340 M M 3 18 33 330
28 87 58 73 -2 0 8 0.00 0.0 0 6.8 18 320 M M 0 28 310
29 86 55 71 -4 0 6 0.00 0.0 0 6.6 20 330 M M 0 30 300
30 89 55 72 -3 0 7 0.00 0.0 0 3.8 15 110 M M 0 19 110
31 M M M M M M M M M M M M M M M M M
================================================================================
SM 2697 2121 0 466 9.17 0.0 242.5 M 58
================================================================================
AV 89.9 70.7 8.1 FASTST M M 2 MAX(MPH)
MISC ----> 31 160 46 340
================================================================================
NOTES:
# LAST OF SEVERAL OCCURRENCES
COLUMN 17 PEAK WIND IN M.P.H.
PRELIMINARY LOCAL CLIMATOLOGICAL DATA (WS FORM: F-6) , PAGE 2
STATION: BROWNSVILLE
MONTH: OCTOBER
YEAR: 2021
LATITUDE: 25 53 N
LONGITUDE: 97 26 W
[TEMPERATURE DATA] [PRECIPITATION DATA] SYMBOLS USED IN COLUMN 16
AVERAGE MONTHLY: 80.3 TOTAL FOR MONTH: 9.17 1 = FOG OR MIST
DPTR FM NORMAL: 2.4 DPTR FM NORMAL: 5.34 2 = FOG REDUCING VISIBILITY
HIGHEST: 94 ON 27 GRTST 24HR 8.09 ON 1- 1 TO 1/4 MILE OR LESS
LOWEST: 55 ON 30,29 3 = THUNDER
SNOW, ICE PELLETS, HAIL 4 = ICE PELLETS
TOTAL MONTH: 0.0 INCH 5 = HAIL
GRTST 24HR 0.0 6 = FREEZING RAIN OR DRIZZLE
GRTST DEPTH: 0 7 = DUSTSTORM OR SANDSTORM:
VSBY 1/2 MILE OR LESS
8 = SMOKE OR HAZE
[NO. OF DAYS WITH] [WEATHER - DAYS WITH] 9 = BLOWING SNOW
X = TORNADO
MAX 32 OR BELOW: 0 0.01 INCH OR MORE: 4
MAX 90 OR ABOVE: 21 0.10 INCH OR MORE: 2
MIN 32 OR BELOW: 0 0.50 INCH OR MORE: 2
MIN 0 OR BELOW: 0 1.00 INCH OR MORE: 2
[HDD (BASE 65) ]
TOTAL THIS MO. 0 CLEAR (SCALE 0-3) 23
DPTR FM NORMAL -5 PTCLDY (SCALE 4-7) 7
TOTAL FM JUL 1 0 CLOUDY (SCALE 8-10) 0
DPTR FM NORMAL 0
[CDD (BASE 65) ]
TOTAL THIS MO. 466
DPTR FM NORMAL 60 [PRESSURE DATA]
TOTAL FM JAN 1 4183 HIGHEST SLP M ON M
DPTR FM NORMAL -45 LOWEST SLP 29.59 ON 27
[REMARKS]
#FINAL-10-21#