000
CXUS54 KLIX 011430
CLMBTR
CLIMATE REPORT
NATIONAL WEATHER SERVICE NEW ORLEANS
930 AM CDT SAT JUL 01 2023
...................................
...THE BATON ROUGE CLIMATE SUMMARY FOR THE MONTH OF JUNE 2023...
CLIMATE NORMAL PERIOD: 1991 TO 2020
CLIMATE RECORD PERIOD: 1894 TO 2023
WEATHER OBSERVED NORMAL DEPART LAST YEAR`S
VALUE DATE(S) VALUE FROM VALUE DATE(S)
NORMAL
................................................................
TEMPERATURE (F)
RECORD
HIGH 103 06/02/2011
06/30/1954
06/29/1914
LOW 53 06/01/1984
HIGHEST 101 06/30 MM MM 99 06/23
06/24
06/25
LOWEST 67 06/06 MM MM 69 06/02
06/03
06/05
AVG. MAXIMUM 94.9 90.5 4.4 94.4
AVG. MINIMUM 74.1 71.5 2.6 73.4
MEAN 84.5 81.0 3.5 83.9
DAYS MAX >= 90 28 20.0 8.0 27
DAYS MAX <= 32 0 0.0 0.0 0
DAYS MIN <= 32 0 0.0 0.0 0
DAYS MIN <= 0 0 0.0 0.0 0
PRECIPITATION (INCHES)
RECORD
MAXIMUM 23.18 1989
MINIMUM T 1930
TOTALS 3.53 6.45 -2.92 3.25
DAILY AVG. 0.12 0.21 -0.10 0.11
DAYS >= .01 12 11.6 0.4 7
DAYS >= .10 8 8.2 -0.2 4
DAYS >= .50 2 3.9 -1.9 1
DAYS >= 1.00 1 1.9 -0.9 1
GREATEST
24 HR. TOTAL 1.66 06/03 TO 06/04 2.02 06/29 TO 06/30
SNOWFALL (INCHES)
RECORDS
TOTAL MM MM
24 HR TOTAL MM
SNOW DEPTH MM MM
TOTALS 0.0 0.0 0.0 0.0
SINCE 7/1 0.0 0.2 -0.2 MM
SNOWDEPTH AVG. MM MM
DAYS >= TRACE 0 0.0 0.0 0
DAYS >= 1.0 0 0.0 0.0 0
GREATEST
SNOW DEPTH MM MM MM
24 HR TOTAL MM MM
DEGREE DAYS
HEATING TOTAL 0 0 0 0
SINCE 7/1 1104 1535 -431 MM
COOLING TOTAL 589 480 109 573
SINCE 1/1 1502 1052 450 MM
................................................................
WIND (MPH)
AVERAGE WIND SPEED 6.2
HIGHEST WIND SPEED/DIRECTION 47/360 DATE 06/17
HIGHEST GUST SPEED/DIRECTION 66/350 DATE 06/17
SKY COVER
POSSIBLE SUNSHINE (PERCENT) MM
AVERAGE SKY COVER 0.22
NUMBER OF DAYS FAIR 26
NUMBER OF DAYS PC 4
NUMBER OF DAYS CLOUDY 0
AVERAGE RH (PERCENT) 70
WEATHER CONDITIONS. NUMBER OF DAYS WITH
THUNDERSTORM 19 MIXED PRECIP 0
HEAVY RAIN 8 RAIN 7
LIGHT RAIN 12 FREEZING RAIN 0
LT FREEZING RAIN 0 HAIL 0
HEAVY SNOW 0 SNOW 0
LIGHT SNOW 0 SLEET 0
FOG 8 FOG W/VIS <= 1/4 MILE 0
HAZE 5
- INDICATES NEGATIVE NUMBERS.
R INDICATES RECORD WAS SET OR TIED.
MM INDICATES DATA IS MISSING.
T INDICATES TRACE AMOUNT.
$$