000
CXAK56 PAFG 011713
CF6BTT
PRELIMINARY LOCAL CLIMATOLOGICAL DATA (WS FORM: F-6)
STATION: BETTLES AK
MONTH: NOVEMBER
YEAR: 2021
LATITUDE: 66 55 N
LONGITUDE: 151 31 W
TEMPERATURE IN F: :PCPN: SNOW: WIND :SUNSHINE: SKY :PK WND
================================================================================
1 2 3 4 5 6A 6B 7 8 9 10 11 12 13 14 15 16 17 18
12Z AVG MX 2MIN
DY MAX MIN AVG DEP HDD CDD WTR SNW DPTH SPD SPD DIR MIN PSBL S-S WX SPD DR
================================================================================
1 33 19 26 18 39 0 0.12 M 10 3.6 9 190 M M 10 1 14 200
2 23 19 21 14 44 0 0.00 M 11 5.5 10 320 M M 10 1 14 350
3 28 23 26 20 39 0 0.00 M 12 1.7 7 330 M M 10 1 9 330
4 31 25 28 22 37 0 0.00 M 11 7.0 13 20 M M 8 19 10
5 35 21 28 23 37 0 0.00 M 11 4.8 15 60 M M 9 1 22 60
6 29 24 27 23 38 0 0.00 M 12 1.0 6 140 M M 10 16 8 140
7 24 6 15 11 50 0 0.00 M 14 0.3 7 140 M M 9 1 10 130
8 10 -11 0 -3 65 0 0.00 M 15 2.6 12 20 M M 1 1 15 20
9 6 -7 0 -2 65 0 0.00 0.0 14 7.5 12 20 M M 5 17 20
10 6 -11 -2 -4 67 0 0.00 0.0 13 4.3 10 320 M M 3 8 13 320
11 -5 -24 -14 -15 79 0 0.00 0.0 13 2.3 7 350 M M 2 9 20
12 -15 -27 -21 -22 86 0 0.00 0.0 13 0.0 6 30 M M 1 1 6 30
13 -19 -30 -24 -24 89 0 0.00 0.0 13 0.0 3 60 M M 1 4 80
14 -23 -32 -27 -27 92 0 0.00 M 13 0.1 5 40 M M 2 1 6 40
15 -27 -34 -30 -30 95 0 0.00 M 13 0.1 5 20 M M 3 1 5 20
16 -19 -35 -27 -26 92 0 0.00 M 12 0.0 3 140 M M 7 1 4 180
17 1 -19 -9 -8 74 0 0.00 0.0 12 4.8 16 10 M M 4 23 10
18 -2 -21 -11 -9 76 0 0.00 M 12 2.5 13 20 M M 3 16 30
19 -10 -27 -18 -16 83 0 0.00 M 12 0.5 6 170 M M 5 7 180
20 -9 -29 -19 -17 84 0 0.00 M 12 2.0 10 350 M M 0 12 330
21 3 -30 -13 -11 78 0 0.00 M 12 3.4 12 30 M M 3 15 30
22 0 -12 -6 -3 71 0 0.00 M 12 7.4 17 10 M M 1 22 30
23 6 -11 -2 1 67 0 0.00 M 12 6.4 15 40 M M 7 1 21 20
24 7 -12 -2 1 67 0 0.00 M 12 6.0 13 50 M M 8 1 21 40
25 -10 -19 -14 -11 79 0 0.00 M 12 6.0 10 350 M M 3 15 320
26 -5 -11 -8 -5 73 0 0.00 M 12 4.7 8 340 M M 10 1 12 330
27 -6 -12 -9 -6 74 0 0.00 M 12 5.9 12 350 M M 10 1 16 360
28 -9 -21 -15 -11 80 0 0.00 M 12 5.8 12 20 M M 3 15 10
29 -19 -25 -22 -18 87 0 0.00 0.0 12 6.3 10 350 M M 0 13 350
30 -4 -21 -12 -8 77 0 0.00 0.0 12 5.7 10 310 M M 6 13 330
================================================================================
SM 60 -344 2084 0 0.12 0.0 108.2 M 154
================================================================================
AV 2.0-11.5 3.6 FASTST M M 5 MAX(MPH)
MISC ----> 17 10 23 10
================================================================================
NOTES:
# LAST OF SEVERAL OCCURRENCES
COLUMN 17 PEAK WIND IN M.P.H.
PRELIMINARY LOCAL CLIMATOLOGICAL DATA (WS FORM: F-6) , PAGE 2
STATION: BETTLES AK
MONTH: NOVEMBER
YEAR: 2021
LATITUDE: 66 55 N
LONGITUDE: 151 31 W
[TEMPERATURE DATA] [PRECIPITATION DATA] SYMBOLS USED IN COLUMN 16
AVERAGE MONTHLY: -4.7 TOTAL FOR MONTH: 0.12 1 = FOG OR MIST
DPTR FM NORMAL: -5.0 DPTR FM NORMAL: -1.03 2 = FOG REDUCING VISIBILITY
HIGHEST: 35 ON 5 GRTST 24HR 0.12 ON 1- 1 TO 1/4 MILE OR LESS
LOWEST: -35 ON 16 3 = THUNDER
SNOW, ICE PELLETS, HAIL 4 = ICE PELLETS
TOTAL MONTH: 0.0 INCH 5 = HAIL
GRTST 24HR 0.0 6 = FREEZING RAIN OR DRIZZLE
GRTST DEPTH: 15 ON 8 7 = DUSTSTORM OR SANDSTORM:
VSBY 1/2 MILE OR LESS
8 = SMOKE OR HAZE
[NO. OF DAYS WITH] [WEATHER - DAYS WITH] 9 = BLOWING SNOW
X = TORNADO
MAX 32 OR BELOW: 28 0.01 INCH OR MORE: 1
MAX 90 OR ABOVE: 0 0.10 INCH OR MORE: 1
MIN 32 OR BELOW: 30 0.50 INCH OR MORE: 0
MIN 0 OR BELOW: 23 1.00 INCH OR MORE: 0
[HDD (BASE 65) ]
TOTAL THIS MO. 2084 CLEAR (SCALE 0-3) 14
DPTR FM NORMAL 143 PTCLDY (SCALE 4-7) 7
TOTAL FM JUL 1 4549 CLOUDY (SCALE 8-10) 9
DPTR FM NORMAL -25
[CDD (BASE 65) ]
TOTAL THIS MO. 0
DPTR FM NORMAL 0 [PRESSURE DATA]
TOTAL FM JAN 1 38 HIGHEST SLP 30.39 ON 19
DPTR FM NORMAL 3 LOWEST SLP 29.31 ON 3
[REMARKS]
#FINAL-11-21#