000
CXUS51 KBTV 011411
CLMBTV
CLIMATE REPORT
NATIONAL WEATHER SERVICE BURLINGTON VT
1011 AM EDT THU JUN 01 2023
...................................
...THE BURLINGTON VT CLIMATE SUMMARY FOR THE MONTH OF MAY 2023...
CLIMATE NORMAL PERIOD: 1991 TO 2020
CLIMATE RECORD PERIOD: 1884 TO 2023
WEATHER OBSERVED NORMAL DEPART LAST YEAR`S
VALUE DATE(S) VALUE FROM VALUE DATE(S)
NORMAL
................................................................
TEMPERATURE (F)
RECORD
HIGH 95 05/27/2020
LOW 24 05/03/1966
HIGHEST 89 05/28 67 22 89 05/12
05/31
05/21
LOWEST 29 05/18 45 -16 34 05/01
AVG. MAXIMUM 70.3 69.0 1.3 73.8
AVG. MINIMUM 44.9 47.8 -2.9 50.6
MEAN 57.6 58.4 -0.8 62.2
DAYS MAX >= 90 0 0.4 -0.4 0
DAYS MAX <= 32 0 0.0 0.0 0
DAYS MIN <= 32 1 0.9 0.1 0
DAYS MIN <= 0 0 0.0 0.0 0
PRECIPITATION (INCHES)
RECORD
MAXIMUM 8.74 2013
MINIMUM 0.29 1977
TOTALS 1.97 3.76 -1.79 2.93
DAILY AVG. 0.06 0.12 -0.06 0.09
DAYS >= .01 8 13.6 -5.6 10
DAYS >= .10 5 8.1 -3.1 9
DAYS >= .50 1 2.4 -1.4 1
DAYS >= 1.00 0 0.8 -0.8 0
GREATEST
24 HR. TOTAL 1.08 04/30 TO 05/01 0.80 05/16 TO 05/17
STORM TOTAL 0.88 0.73
(MM/DD(HH)) MM
SNOWFALL (INCHES)
RECORDS
TOTAL 3.9 MM
TOTALS T 0.0 0.0 0.0
SINCE 7/1 72.8 87.5 -14.7 MM
SNOWDEPTH AVG. 0 0
DAYS >= 1.0 0 0.0 0.0 0
GREATEST
SNOW DEPTH 0 0 MM
24 HR TOTAL MM MM
DEGREE DAYS
HEATING TOTAL 251 236 15 164
SINCE 7/1 6047 6913 -866 MM
COOLING TOTAL 29 32 -3 84
SINCE 1/1 39 36 3 MM
................................................................
WIND (MPH)
AVERAGE WIND SPEED 7.5
HIGHEST WIND SPEED/DIRECTION 29/330 DATE 05/16
HIGHEST GUST SPEED/DIRECTION 37/200 DATE 05/19
SKY COVER
POSSIBLE SUNSHINE (PERCENT) MM
AVERAGE SKY COVER 0.45
NUMBER OF DAYS FAIR 15
NUMBER OF DAYS PC 9
NUMBER OF DAYS CLOUDY 7
AVERAGE RH (PERCENT) 57
WEATHER CONDITIONS. NUMBER OF DAYS WITH
THUNDERSTORM 0 MIXED PRECIP 0
HEAVY RAIN 4 RAIN 4
LIGHT RAIN 10 FREEZING RAIN 0
LT FREEZING RAIN 0 HAIL 0
HEAVY SNOW 0 SNOW 0
LIGHT SNOW 1 SLEET 0
FOG 6 FOG W/VIS <= 1/4 MILE 1
HAZE 1
- INDICATES NEGATIVE NUMBERS.
R INDICATES RECORD WAS SET OR TIED.
MM INDICATES DATA IS MISSING.
T INDICATES TRACE AMOUNT.
$$