000
CXUS51 KBTV 011546
CLMBTV
CLIMATE REPORT
NATIONAL WEATHER SERVICE BURLINGTON VT
1146 AM EDT WED NOV 01 2023
...................................
...THE BURLINGTON VT CLIMATE SUMMARY FOR THE MONTH OF OCTOBER 2023...
CLIMATE NORMAL PERIOD: 1991 TO 2020
CLIMATE RECORD PERIOD: 1884 TO 2023
WEATHER OBSERVED NORMAL DEPART LAST YEAR`S
VALUE DATE(S) VALUE FROM VALUE DATE(S)
NORMAL
................................................................
TEMPERATURE (F)
RECORD
HIGH 86 10/04/2023
LOW 15 10/20/1972
HIGHEST 86R 10/04 57 29 78 10/26
LOWEST 30 10/31 39 -9 31 10/28
10/29
10/30
AVG. MAXIMUM 63.0 58.9 4.1 63.1
AVG. MINIMUM 48.0 41.8 6.2 41.5
MEAN 55.5 50.3 5.2 52.3
DAYS MAX >= 90 0 0.0 0.0 0
DAYS MAX <= 32 0 0.0 0.0 0
DAYS MIN <= 32 1 6.2 -5.2 3
DAYS MIN <= 0 0 0.0 0.0 0
PRECIPITATION (INCHES)
RECORD
MAXIMUM 8.50 2019
MINIMUM 0.15 1924
TOTALS 6.41 3.83 2.58 2.62
DAILY AVG. 0.21 0.12 0.09 0.08
DAYS >= .01 12 12.9 -0.9 11
DAYS >= .10 5 7.9 -2.9 6
DAYS >= .50 3 2.3 0.7 2
DAYS >= 1.00 2 1.1 0.9 1
GREATEST
24 HR. TOTAL 2.95 10/07 TO 10/08 1.75 10/13 TO 10/14
STORM TOTAL 2.80 1.21
(MM/DD(HH)) MM
SNOWFALL (INCHES)
RECORDS
TOTAL 5.1 MM
TOTALS 0.0 0.3 -0.3 0.0
SINCE 7/1 0.0 0.3 -0.3 MM
SNOWDEPTH AVG. 0 0
DAYS >= 1.0 0 0.1 -0.1 0
GREATEST
SNOW DEPTH 0 0 MM
24 HR TOTAL 0 MM
DEGREE DAYS
HEATING TOTAL 310 459 -149 394
SINCE 7/1 391 613 -222 MM
COOLING TOTAL 22 5 17 6
SINCE 1/1 722 656 66 MM
................................................................
WIND (MPH)
AVERAGE WIND SPEED 6.6
HIGHEST WIND SPEED/DIRECTION 24/200 DATE 10/08
24/340 10/28
HIGHEST GUST SPEED/DIRECTION 33/200 DATE 10/08
SKY COVER
POSSIBLE SUNSHINE (PERCENT) MM
AVERAGE SKY COVER 0.71
NUMBER OF DAYS FAIR 5
NUMBER OF DAYS PC 9
NUMBER OF DAYS CLOUDY 17
AVERAGE RH (PERCENT) 71
WEATHER CONDITIONS. NUMBER OF DAYS WITH
THUNDERSTORM 0 MIXED PRECIP 0
HEAVY RAIN 2 RAIN 4
LIGHT RAIN 19 FREEZING RAIN 0
LT FREEZING RAIN 0 HAIL 0
HEAVY SNOW 0 SNOW 0
LIGHT SNOW 0 SLEET 0
FOG 14 FOG W/VIS <= 1/4 MILE 1
HAZE 1
- INDICATES NEGATIVE NUMBERS.
R INDICATES RECORD WAS SET OR TIED.
MM INDICATES DATA IS MISSING.
T INDICATES TRACE AMOUNT.
$$