000
CXUS54 KLZK 011330
CF6BVX
PRELIMINARY LOCAL CLIMATOLOGICAL DATA (WS FORM: F-6)
STATION: BATESVILLE REGIONAL AIRPORT
MONTH: NOVEMBER
YEAR: 2022
LATITUDE: 35 43 N
LONGITUDE: 91 39 W
TEMPERATURE IN F: :PCPN: SNOW: WIND :SUNSHINE: SKY :PK WND
================================================================================
1 2 3 4 5 6A 6B 7 8 9 10 11 12 13 14 15 16 17 18
12Z AVG MX 2MIN
DY MAX MIN AVG DEP HDD CDD WTR SNW DPTH SPD SPD DIR MIN PSBL S-S WX SPD DR
================================================================================
1 76 47 62 7 3 0 0.00 M M 2.8 8 210 M M 0 1 M M
2 77 52 65 10 0 0 0.00 M M 3.9 8 150 M M 1 M M
3 79 50 65 11 0 0 0.00 M M 4.7 9 160 M M 2 16 190
4 76 63 70 16 0 5 1.80 M M 10.4 20 220 M M 6 13 32 220
5 66 47 57 3 8 0 0.18 M M 8.4 23 240 M M 4 13 28 240
6 74 46 60 7 5 0 0.00 M M 5.3 10 140 M M 1 16 170
7 64 57 61 8 4 0 0.00 M M 5.0 8 70 M M 10 1 M M
8 77 55 66 14 0 1 T M M 2.3 8 110 M M 5 M M
9 82 52 67 15 0 2 0.00 M M 4.0 9 200 M M 0 M M
10 74 50 62 10 3 0 0.00 M M 5.6 12 100 M M 0 M M
11 56 35 46 -5 19 0 0.14 M M 6.0 12 320 M M 7 1 20 320
12 42 24 33 -18 32 0 0.09 M M 5.4 9 320 M M 4 1 18 330
13 43 20 32 -18 33 0 0.00 M M 4.0 10 50 M M 0 M M
14 45 22 34 -16 31 0 0.15 M M 2.6 8 100 M M 4 1 M M
15 43 33 38 -12 27 0 0.01 M M 4.5 9 300 M M 9 1 M M
16 51 27 39 -10 26 0 0.00 M M 5.1 13 250 M M 1 24 310
17 49 24 37 -12 28 0 0.00 M M 3.4 8 280 M M 0 M M
18 42 31 37 -11 28 0 T M M 4.9 8 310 M M 7 16 99
19 48 29 39 -9 26 0 0.00 M M 5.8 16 230 M M 4 18 240
20 44 22 33 -14 32 0 0.00 M M 3.0 8 90 M M 0 M M
21 56 22 39 -8 26 0 0.00 M M 3.5 7 220 M M 0 M M
22 64 33 49 3 16 0 0.00 M M 2.6 7 110 M M 2 M M
23 65 34 50 4 15 0 0.02 M M 2.3 10 140 M M 3 8 M M
24 52 48 50 4 15 0 0.90 M M 2.9 16 110 M M 10 1 M M
25 59 41 50 5 15 0 0.01 M M 2.8 8 10 M M 7 1 M M
26 54 38 46 1 19 0 0.55 M M 3.4 14 90 M M 7 1 17 240
27 56 44 50 6 15 0 T M M 9.0 20 240 M M 7 28 240
28 59 38 49 5 16 0 0.00 M M 3.7 8 140 M M 2 1 M M
29 65 43 54 10 11 0 0.04 M M 6.6 16 320 M M 6 1 31 330
30 47 29 38 -5 27 0 M M M 6.7 17 310 M M 1 33 320
================================================================================
SM 1785 1156 480 8 3.89 M 140.7 M 110
================================================================================
AV 59.5 38.5 4.7 FASTST M M 4 MAX(MPH)
MISC ----> 23 240 33 320
================================================================================
NOTES:
# LAST OF SEVERAL OCCURRENCES
COLUMN 17 PEAK WIND IN M.P.H.
PRELIMINARY LOCAL CLIMATOLOGICAL DATA (WS FORM: F-6) , PAGE 2
STATION: BATESVILLE REGIONAL AIRPORT
MONTH: NOVEMBER
YEAR: 2022
LATITUDE: 35 43 N
LONGITUDE: 91 39 W
[TEMPERATURE DATA] [PRECIPITATION DATA] SYMBOLS USED IN COLUMN 16
AVERAGE MONTHLY: 49.0 TOTAL FOR MONTH: 3.89 1 = FOG OR MIST
DPTR FM NORMAL: -0.2 DPTR FM NORMAL: -1.17 2 = FOG REDUCING VISIBILITY
HIGHEST: 82 ON 9 GRTST 24HR 1.98 ON 4- 5 TO 1/4 MILE OR LESS
LOWEST: 20 ON 13 3 = THUNDER
SNOW, ICE PELLETS, HAIL 4 = ICE PELLETS
TOTAL MONTH: M 5 = HAIL
GRTST 24HR M ON M 6 = FREEZING RAIN OR DRIZZLE
GRTST DEPTH: M ON M 7 = DUSTSTORM OR SANDSTORM:
VSBY 1/2 MILE OR LESS
8 = SMOKE OR HAZE
[NO. OF DAYS WITH] [WEATHER - DAYS WITH] 9 = BLOWING SNOW
X = TORNADO
MAX 32 OR BELOW: 0 0.01 INCH OR MORE: 11
MAX 90 OR ABOVE: 0 0.10 INCH OR MORE: 6
MIN 32 OR BELOW: 10 0.50 INCH OR MORE: 3
MIN 0 OR BELOW: 0 1.00 INCH OR MORE: 1
[HDD (BASE 65) ]
TOTAL THIS MO. 480 CLEAR (SCALE 0-3) 15
DPTR FM NORMAL 1 PTCLDY (SCALE 4-7) 12
TOTAL FM JUL 1 639 CLOUDY (SCALE 8-10) 3
DPTR FM NORMAL -57
[CDD (BASE 65) ]
TOTAL THIS MO. 8
DPTR FM NORMAL 3 [PRESSURE DATA]
TOTAL FM JAN 1 2046 HIGHEST SLP 30.57 ON 20
DPTR FM NORMAL 303 LOWEST SLP 29.50 ON 27
[REMARKS]
#FINAL-11-22#