000
CXUS54 KLZK 011130
CF6BVX
PRELIMINARY LOCAL CLIMATOLOGICAL DATA (WS FORM: F-6)
STATION: BATESVILLE REGIONAL AIRPORT
MONTH: SEPTEMBER
YEAR: 2021
LATITUDE: 35 43 N
LONGITUDE: 91 39 W
TEMPERATURE IN F: :PCPN: SNOW: WIND :SUNSHINE: SKY :PK WND
================================================================================
1 2 3 4 5 6A 6B 7 8 9 10 11 12 13 14 15 16 17 18
12Z AVG MX 2MIN
DY MAX MIN AVG DEP HDD CDD WTR SNW DPTH SPD SPD DIR MIN PSBL S-S WX SPD DR
================================================================================
1 92 71 82 5 0 17 M M M 6.2 12 70 M M 3 M M
2 90 64 77 1 0 12 0.00 M M 4.6 12 100 M M 0 M M
3 90 62 76 0 0 11 M M M 3.0 10 120 M M 2 8 M M
4 96 73 85 9 0 20 0.00 0.0 0 6.7 13 240 M M 1 M M
5 86 64 75 -1 0 10 0.51 0.0 0 3.9 9 20 M M 5 1 M M
6 87 60 74 -1 0 9 M M M 3.5 7 170 M M 0 M M
7 90 58 74 -1 0 9 M M M 3.6 9 220 M M 0 M M
8 89 65 77 3 0 12 M M M 5.5 10 20 M M 2 21 20
9 88 58 73 -1 0 8 0.00 0.0 M 4.7 9 30 M M 0 M M
10 89 57 73 -1 0 8 0.00 0.0 0 5.0 12 150 M M 0 16 180
11 89 71 80 7 0 15 M M M 7.9 12 180 M M 0 21 210
12 87 67 77 4 0 12 0.00 0.0 0 5.2 10 130 M M 0 16 99
13 90 68 79 6 0 14 0.00 0.0 0 5.4 12 160 M M 1 18 160
14 91 73 82 10 0 17 0.00 0.0 0 5.2 10 200 M M 6 M M
15 89 68 79 7 0 14 0.61 M M 4.0 13 100 M M 4 1 25 330
16 86 65 76 5 0 11 M M M 4.6 12 100 M M 5 1 M M
17 86 67 77 6 0 12 0.04 M M 3.5 12 40 M M 6 1 18 60
18 88 71 80 9 0 15 0.19 M M 3.3 21 90 M M 8 1 29 90
19 82 70 76 6 0 11 0.01 M M 3.3 8 90 M M 7 M M
20 89 68 79 9 0 14 M M M 5.1 10 130 M M 4 12 M M
21 76 60 68 -1 0 3 0.21 M M 4.4 14 310 M M 6 1 18 310
22 76 54 65 -4 0 0 M M M 5.9 10 310 M M 1 17 320
23 78 48 63 -5 2 0 M M M 3.3 7 320 M M 0 M M
24 81 46 64 -4 1 0 M M M 3.2 12 240 M M 0 M M
25 83 56 70 2 0 5 M M M 3.2 6 99 M M 0 M M
26 88 50 69 2 0 4 M M M 3.7 9 150 M M 0 M M
27 89 67 78 11 0 13 M M M 6.7 10 190 M M 0 M M
28 90 64 77 11 0 12 M M M 4.3 9 210 M M 2 18 190
29 86 71 79 13 0 14 T M M 5.2 14 130 M M 6 17 120
30 78 70 74 8 0 9 0.73 M M 6.6 13 100 M M 9 1 16 130
================================================================================
SM 2599 1906 3 311 2.30 0.0 140.6 M 78
================================================================================
AV 86.6 63.5 4.7 FASTST M M 3 MAX(MPH)
MISC ----> 21 90 29 90
================================================================================
NOTES:
# LAST OF SEVERAL OCCURRENCES
COLUMN 17 PEAK WIND IN M.P.H.
PRELIMINARY LOCAL CLIMATOLOGICAL DATA (WS FORM: F-6) , PAGE 2
STATION: BATESVILLE REGIONAL AIRPORT
MONTH: SEPTEMBER
YEAR: 2021
LATITUDE: 35 43 N
LONGITUDE: 91 39 W
[TEMPERATURE DATA] [PRECIPITATION DATA] SYMBOLS USED IN COLUMN 16
AVERAGE MONTHLY: 75.1 TOTAL FOR MONTH: 2.30 1 = FOG OR MIST
DPTR FM NORMAL: 3.6 DPTR FM NORMAL: -1.42 2 = FOG REDUCING VISIBILITY
HIGHEST: 96 ON 4 GRTST 24HR 0.73 ON 30-30 TO 1/4 MILE OR LESS
LOWEST: 46 ON 24 3 = THUNDER
SNOW, ICE PELLETS, HAIL 4 = ICE PELLETS
TOTAL MONTH: 0.0 INCH 5 = HAIL
GRTST 24HR 0.0 6 = FREEZING RAIN OR DRIZZLE
GRTST DEPTH: 0 7 = DUSTSTORM OR SANDSTORM:
VSBY 1/2 MILE OR LESS
8 = SMOKE OR HAZE
[NO. OF DAYS WITH] [WEATHER - DAYS WITH] 9 = BLOWING SNOW
X = TORNADO
MAX 32 OR BELOW: 0 0.01 INCH OR MORE: 7
MAX 90 OR ABOVE: 8 0.10 INCH OR MORE: 5
MIN 32 OR BELOW: 0 0.50 INCH OR MORE: 3
MIN 0 OR BELOW: 0 1.00 INCH OR MORE: 0
[HDD (BASE 65) ]
TOTAL THIS MO. 3 CLEAR (SCALE 0-3) 18
DPTR FM NORMAL -24 PTCLDY (SCALE 4-7) 11
TOTAL FM JUL 1 3 CLOUDY (SCALE 8-10) 1
DPTR FM NORMAL -22
[CDD (BASE 65) ]
TOTAL THIS MO. 311
DPTR FM NORMAL 89 [PRESSURE DATA]
TOTAL FM JAN 1 1801 HIGHEST SLP 30.24 ON 22
DPTR FM NORMAL 107 LOWEST SLP 29.75 ON 1
[REMARKS]
#FINAL-09-21#