000
CXUS54 KLZK 011130
CF6BVX
PRELIMINARY LOCAL CLIMATOLOGICAL DATA (WS FORM: F-6)
STATION: BATESVILLE REGIONAL AIRPORT
MONTH: APRIL
YEAR: 2021
LATITUDE: 35 43 N
LONGITUDE: 91 39 W
TEMPERATURE IN F: :PCPN: SNOW: WIND :SUNSHINE: SKY :PK WND
================================================================================
1 2 3 4 5 6A 6B 7 8 9 10 11 12 13 14 15 16 17 18
12Z AVG MX 2MIN
DY MAX MIN AVG DEP HDD CDD WTR SNW DPTH SPD SPD DIR MIN PSBL S-S WX SPD DR
================================================================================
1 57 33 45 -9 20 0 0.00 M M 6.3 10 100 M M 0 20 320
2 56 27 42 -13 23 0 0.00 M M 4.7 12 90 M M 0 M M
3 69 33 51 -4 14 0 0.00 M M 4.7 12 210 M M 0 M M
4 76 44 60 5 5 0 0.00 M M 4.7 8 200 M M 0 21 200
5 78 50 64 8 1 0 0.00 M M 5.9 14 180 M M 4 20 200
6 78 58 68 12 0 3 0.00 M M 8.0 14 160 M M 3 21 160
7 74 54 64 8 1 0 0.23 M M 9.7 15 170 M M 7 13 26 170
8 74 46 60 3 5 0 0.00 M M 10.1 20 230 M M 1 32 240
9 85 57 71 14 0 6 0.16 M M 5.0 13 190 M M 2 36 210
10 67 50 59 2 6 0 0.10 M M 9.5 17 300 M M 4 13 28 310
11 78 48 63 5 2 0 0.00 M M 8.4 15 230 M M 0 22 230
12 81 54 68 10 0 3 T M M 6.2 12 80 M M 1 M M
13 71 51 61 3 4 0 0.08 M M 6.0 14 30 M M 6 18 40
14 62 49 56 -2 9 0 0.53 M M 3.5 8 40 M M 9 1 M M
15 66 50 58 -1 7 0 T M M 4.6 9 40 M M 3 M M
16 61 49 55 -4 10 0 0.06 M M 4.1 13 90 M M 9 8 M M
17 61 44 53 -6 12 0 0.00 M M 4.7 10 290 M M 8 M M
18 64 40 52 -8 13 0 T M M 4.0 17 290 M M 3 29 290
19 72 37 55 -5 10 0 0.00 M M 3.6 9 240 M M 0 M M
20 67 31 49 -11 16 0 T M M 6.4 15 320 M M 3 32 340
21 61 29 45 -16 20 0 0.00 M M 4.2 12 280 M M 0 21 280
22 64 34 49 -12 16 0 T M M 4.0 10 110 M M 1 8 M M
23 67 47 57 -4 8 0 0.95 M M 6.0 9 100 M M 10 13 M M
24 61 50 56 -6 9 0 0.68 M M 5.6 9 30 M M 8 1 17 99
25 74 42 58 -4 7 0 0.00 0.0 0 3.8 9 180 M M 1 12 M M
26 80 56 68 6 0 3 0.00 0.0 0 8.8 14 170 M M 0 21 170
27 77 62 70 8 0 5 0.00 0.0 0 9.9 17 210 M M 4 24 210
28 76 69 73 10 0 8 0.13 M M 6.3 12 200 M M 6 13 22 200
29 75 57 66 3 0 1 2.22 M M 6.7 21 270 M M 7 13 29 270
30 80 50 65 2 0 0 0.00 M M 2.7 8 50 M M 0 8 M M
================================================================================
SM 2112 1401 218 29 5.14 0.0 177.9 M 100
================================================================================
AV 70.4 46.7 5.9 FASTST M M 3 MAX(MPH)
MISC ----> 21 270 36 210
================================================================================
NOTES:
# LAST OF SEVERAL OCCURRENCES
COLUMN 17 PEAK WIND IN M.P.H.
PRELIMINARY LOCAL CLIMATOLOGICAL DATA (WS FORM: F-6) , PAGE 2
STATION: BATESVILLE REGIONAL AIRPORT
MONTH: APRIL
YEAR: 2021
LATITUDE: 35 43 N
LONGITUDE: 91 39 W
[TEMPERATURE DATA] [PRECIPITATION DATA] SYMBOLS USED IN COLUMN 16
AVERAGE MONTHLY: 58.6 TOTAL FOR MONTH: 5.14 1 = FOG OR MIST
DPTR FM NORMAL: -0.3 DPTR FM NORMAL: 0.46 2 = FOG REDUCING VISIBILITY
HIGHEST: 85 ON 9 GRTST 24HR 2.30 ON 28-29 TO 1/4 MILE OR LESS
LOWEST: 27 ON 2 3 = THUNDER
SNOW, ICE PELLETS, HAIL 4 = ICE PELLETS
TOTAL MONTH: 0.0 INCH 5 = HAIL
GRTST 24HR 0.0 6 = FREEZING RAIN OR DRIZZLE
GRTST DEPTH: 0 7 = DUSTSTORM OR SANDSTORM:
VSBY 1/2 MILE OR LESS
8 = SMOKE OR HAZE
[NO. OF DAYS WITH] [WEATHER - DAYS WITH] 9 = BLOWING SNOW
X = TORNADO
MAX 32 OR BELOW: 0 0.01 INCH OR MORE: 10
MAX 90 OR ABOVE: 0 0.10 INCH OR MORE: 8
MIN 32 OR BELOW: 3 0.50 INCH OR MORE: 4
MIN 0 OR BELOW: 0 1.00 INCH OR MORE: 1
[HDD (BASE 65) ]
TOTAL THIS MO. 218 CLEAR (SCALE 0-3) 16
DPTR FM NORMAL 4 PTCLDY (SCALE 4-7) 10
TOTAL FM JUL 1 3423 CLOUDY (SCALE 8-10) 4
DPTR FM NORMAL -318
[CDD (BASE 65) ]
TOTAL THIS MO. 29
DPTR FM NORMAL -4 [PRESSURE DATA]
TOTAL FM JAN 1 32 HIGHEST SLP 30.59 ON 2
DPTR FM NORMAL -6 LOWEST SLP 29.52 ON 10
[REMARKS]
#FINAL-04-21#