629
CXUS54 KLZK 011230
CF6BVX
PRELIMINARY LOCAL CLIMATOLOGICAL DATA (WS FORM: F-6)
STATION: BATESVILLE REGIONAL AIRPORT
MONTH: JANUARY
YEAR: 2021
LATITUDE: 35 43 N
LONGITUDE: 91 39 W
TEMPERATURE IN F: :PCPN: SNOW: WIND :SUNSHINE: SKY :PK WND
================================================================================
1 2 3 4 5 6A 6B 7 8 9 10 11 12 13 14 15 16 17 18
12Z AVG MX 2MIN
DY MAX MIN AVG DEP HDD CDD WTR SNW DPTH SPD SPD DIR MIN PSBL S-S WX SPD DR
================================================================================
1 47 34 41 4 24 0 0.90 M M 8.1 25 230 M M 10 1 30 230
2 38 29 34 -3 31 0 0.01 M M 2.3 10 280 M M 9 1 16 280
3 53 26 40 3 25 0 0.00 M M 3.8 10 190 M M 0 M M
4 59 29 44 7 21 0 0.00 M M 3.3 8 310 M M 3 12 M M
5 55 31 43 6 22 0 0.00 M M 5.3 9 110 M M 0 M M
6 45 29 37 1 28 0 T M M 4.3 13 70 M M 5 1 17 70
7 42 34 38 2 27 0 0.02 M M 8.4 13 30 M M 10 21 50
8 39 31 35 -1 30 0 0.00 M M 5.9 9 340 M M 8 17 99
9 36 34 35 -1 30 0 0.00 M M 3.5 6 99 M M 10 M M
10 34 31 33 -3 32 0 0.00 M M 4.1 7 99 M M 10 M M
11 38 21 30 -6 35 0 0.00 M M 3.0 8 20 M M 5 M M
12 51 20 36 0 29 0 0.00 M M 3.8 10 230 M M 0 M M
13 55 25 40 4 25 0 0.00 M M 5.7 16 210 M M 0 30 220
14 61 38 50 13 15 0 0.00 M M 8.1 14 290 M M 2 23 310
15 45 34 40 3 25 0 T M M 11.6 21 250 M M 6 1 37 250
16 49 31 40 3 25 0 0.00 M M 7.0 14 280 M M 6 23 290
17 54 32 43 6 22 0 0.00 M M 6.2 16 270 M M 4 31 270
18 57 30 44 7 21 0 0.00 M M 5.2 15 250 M M 2 M M
19 56 39 48 11 17 0 0.00 M M 5.4 7 310 M M 1 M M
20 48 28 38 1 27 0 0.08 M M 5.5 16 200 M M 4 24 210
21 54 38 46 9 19 0 0.04 M M 2.2 9 240 M M 3 1 M M
22 54 35 45 8 20 0 0.00 M M 5.0 9 70 M M 0 1 M M
23 42 26 34 -3 31 0 0.00 M M 6.3 12 90 M M 5 16 60
24 59 40 50 13 15 0 0.13 M M 5.2 13 200 M M 9 1 M M
25 51 43 47 10 18 0 1.91 0.0 0 4.2 13 70 M M 10 123 18 30
26 51 37 44 7 21 0 0.01 M M 4.3 9 300 M M 2 12 M M
27 38 32 35 -2 30 0 0.18 M M 5.8 13 300 M M 10 1 18 300
28 41 26 34 -4 31 0 0.00 0.0 0 4.2 9 100 M M 4 M M
29 50 25 38 0 27 0 0.00 M M 4.9 10 150 M M 2 M M
30 59 43 51 13 14 0 0.25 M M 9.9 15 230 M M 8 1 28 210
31 55 37 46 8 19 0 0.08 M M 9.7 15 330 M M 8 32 310
================================================================================
SM 1516 988 756 0 3.61 0.0 172.1 M 156
================================================================================
AV 48.9 31.9 5.6 FASTST M M 5 MAX(MPH)
MISC ----> 25 230 37 250
================================================================================
NOTES:
# LAST OF SEVERAL OCCURRENCES
COLUMN 17 PEAK WIND IN M.P.H.
PRELIMINARY LOCAL CLIMATOLOGICAL DATA (WS FORM: F-6) , PAGE 2
STATION: BATESVILLE REGIONAL AIRPORT
MONTH: JANUARY
YEAR: 2021
LATITUDE: 35 43 N
LONGITUDE: 91 39 W
[TEMPERATURE DATA] [PRECIPITATION DATA] SYMBOLS USED IN COLUMN 16
AVERAGE MONTHLY: 40.4 TOTAL FOR MONTH: 3.61 1 = FOG OR MIST
DPTR FM NORMAL: 3.5 DPTR FM NORMAL: 0.21 2 = FOG REDUCING VISIBILITY
HIGHEST: 61 ON 14 GRTST 24HR 1.92 ON 24-25 TO 1/4 MILE OR LESS
LOWEST: 20 ON 12 3 = THUNDER
SNOW, ICE PELLETS, HAIL 4 = ICE PELLETS
TOTAL MONTH: 0.0 INCH 5 = HAIL
GRTST 24HR 0.0 6 = FREEZING RAIN OR DRIZZLE
GRTST DEPTH: 0 7 = DUSTSTORM OR SANDSTORM:
VSBY 1/2 MILE OR LESS
8 = SMOKE OR HAZE
[NO. OF DAYS WITH] [WEATHER - DAYS WITH] 9 = BLOWING SNOW
X = TORNADO
MAX 32 OR BELOW: 0 0.01 INCH OR MORE: 11
MAX 90 OR ABOVE: 0 0.10 INCH OR MORE: 5
MIN 32 OR BELOW: 18 0.50 INCH OR MORE: 2
MIN 0 OR BELOW: 0 1.00 INCH OR MORE: 1
[HDD (BASE 65) ]
TOTAL THIS MO. 756 CLEAR (SCALE 0-3) 11
DPTR FM NORMAL -117 PTCLDY (SCALE 4-7) 10
TOTAL FM JUL 1 2026 CLOUDY (SCALE 8-10) 10
DPTR FM NORMAL -343
[CDD (BASE 65) ]
TOTAL THIS MO. 0
DPTR FM NORMAL 0 [PRESSURE DATA]
TOTAL FM JAN 1 0 HIGHEST SLP 30.73 ON 28
DPTR FM NORMAL 0 LOWEST SLP 29.55 ON 25
[REMARKS]
#FINAL-01-21#