000
CXUS54 KLZK 011230
CF6BVX
PRELIMINARY LOCAL CLIMATOLOGICAL DATA (WS FORM: F-6)
STATION: BATESVILLE REGIONAL AIRPORT
MONTH: DECEMBER
YEAR: 2020
LATITUDE: 35 43 N
LONGITUDE: 91 39 W
TEMPERATURE IN F: :PCPN: SNOW: WIND :SUNSHINE: SKY :PK WND
================================================================================
1 2 3 4 5 6A 6B 7 8 9 10 11 12 13 14 15 16 17 18
12Z AVG MX 2MIN
DY MAX MIN AVG DEP HDD CDD WTR SNW DPTH SPD SPD DIR MIN PSBL S-S WX SPD DR
================================================================================
1 52 19 36 -7 29 0 0.00 M M 2.5 6 130 M M 0 M M
2 54 26 40 -2 25 0 T M M 4.6 14 90 M M 3 M M
3 46 38 42 0 23 0 0.02 M M 3.0 9 230 M M 9 M M
4 54 36 45 3 20 0 0.00 M M 4.8 9 280 M M 4 16 280
5 65 30 48 7 17 0 0.00 M M 2.3 6 99 M M 0 M M
6 58 37 48 7 17 0 0.00 M M 5.0 8 320 M M 0 M M
7 54 30 42 1 23 0 0.00 M M 3.0 8 300 M M 0 M M
8 61 28 45 5 20 0 0.00 M M 2.8 7 270 M M 0 1 M M
9 73 34 54 14 11 0 0.00 M M 3.1 7 230 M M 0 M M
10 75 36 56 16 9 0 0.00 0.0 0 3.9 12 220 M M 0 M M
11 62 49 56 16 9 0 0.99 M M 6.2 18 230 M M 6 18 25 220
12 58 42 50 11 15 0 M M M 5.9 12 260 M M 8 18 240
13 42 32 37 -2 28 0 0.94 M M 3.9 8 30 M M 10 1 M M
14 44 26 35 -4 30 0 0.01 M M 4.8 10 350 M M 4 20 320
15 32 23 28 -11 37 0 T M M 3.9 10 100 M M 7 1 M M
16 36 24 30 -8 35 0 0.00 M M 5.2 12 320 M M 7 1 17 320
17 45 21 33 -5 32 0 M M M 3.3 6 100 M M 1 1 M M
18 54 30 42 4 23 0 0.00 M M 6.3 12 170 M M 0 17 170
19 47 41 44 6 21 0 0.04 M M 3.9 10 210 M M 10 12 18 210
20 49 35 42 4 23 0 M M M 3.2 8 160 M M 6 12 M M
21 69 35 52 14 13 0 M M M 5.9 13 260 M M 0 17 270
22 62 36 49 11 16 0 M M M 5.7 14 120 M M 0 M M
23 62 33 48 11 17 0 0.33 M M 7.9 15 310 M M 7 1 31 320
24 37 24 31 -6 34 0 M M M 10.0 18 280 M M 1 28 280
25 39 18 29 -8 36 0 M M M 5.5 10 290 M M 0 18 300
26 63 28 46 9 19 0 M M M 6.8 12 200 M M 0 17 200
27 62 41 52 15 13 0 M M M 8.4 13 220 M M 4 30 190
28 54 36 45 8 20 0 M M M 4.8 8 40 M M 0 M M
29 39 32 36 -1 29 0 T M M 5.1 12 80 M M 7 18 M M
30 56 35 46 9 19 0 1.16 M M 5.6 13 320 M M 10 1 20 330
31 36 33 35 -2 30 0 0.34 M M 6.6 12 50 M M 10 1 16 50
================================================================================
SM 1640 988 693 0 3.83 0.0 153.8 M 114
================================================================================
AV 52.9 31.9 5.0 FASTST M M 4 MAX(MPH)
MISC ----> # 18 230 31 320
================================================================================
NOTES:
# LAST OF SEVERAL OCCURRENCES
COLUMN 17 PEAK WIND IN M.P.H.
PRELIMINARY LOCAL CLIMATOLOGICAL DATA (WS FORM: F-6) , PAGE 2
STATION: BATESVILLE REGIONAL AIRPORT
MONTH: DECEMBER
YEAR: 2020
LATITUDE: 35 43 N
LONGITUDE: 91 39 W
[TEMPERATURE DATA] [PRECIPITATION DATA] SYMBOLS USED IN COLUMN 16
AVERAGE MONTHLY: 42.4 TOTAL FOR MONTH: 3.83 1 = FOG OR MIST
DPTR FM NORMAL: 3.4 DPTR FM NORMAL: -0.92 2 = FOG REDUCING VISIBILITY
HIGHEST: 75 ON 10 GRTST 24HR 1.17 ON 30-31 TO 1/4 MILE OR LESS
LOWEST: 18 ON 25 3 = THUNDER
SNOW, ICE PELLETS, HAIL 4 = ICE PELLETS
TOTAL MONTH: 0.0 INCH 5 = HAIL
GRTST 24HR 0.0 6 = FREEZING RAIN OR DRIZZLE
GRTST DEPTH: 0 7 = DUSTSTORM OR SANDSTORM:
VSBY 1/2 MILE OR LESS
8 = SMOKE OR HAZE
[NO. OF DAYS WITH] [WEATHER - DAYS WITH] 9 = BLOWING SNOW
X = TORNADO
MAX 32 OR BELOW: 1 0.01 INCH OR MORE: 8
MAX 90 OR ABOVE: 0 0.10 INCH OR MORE: 5
MIN 32 OR BELOW: 15 0.50 INCH OR MORE: 3
MIN 0 OR BELOW: 0 1.00 INCH OR MORE: 1
[HDD (BASE 65) ]
TOTAL THIS MO. 693 CLEAR (SCALE 0-3) 16
DPTR FM NORMAL -113 PTCLDY (SCALE 4-7) 10
TOTAL FM JUL 1 1270 CLOUDY (SCALE 8-10) 5
DPTR FM NORMAL -232
[CDD (BASE 65) ]
TOTAL THIS MO. 0
DPTR FM NORMAL 0 [PRESSURE DATA]
TOTAL FM JAN 1 1700 HIGHEST SLP 30.47 ON 29
DPTR FM NORMAL -43 LOWEST SLP 29.70 ON 23
[REMARKS]
#FINAL-12-20#