000
CXUS54 KLZK 011130
CF6BVX
PRELIMINARY LOCAL CLIMATOLOGICAL DATA (WS FORM: F-6)
STATION: Batesville Regional Airport
MONTH: SEPTEMBER
YEAR: 2020
LATITUDE: 35 43 N
LONGITUDE: 91 39 W
TEMPERATURE IN F: :PCPN: SNOW: WIND :SUNSHINE: SKY :PK WND
================================================================================
1 2 3 4 5 6A 6B 7 8 9 10 11 12 13 14 15 16 17 18
12Z AVG MX 2MIN
DY MAX MIN AVG DEP HDD CDD WTR SNW DPTH SPD SPD DIR MIN PSBL S-S WX SPD DR
================================================================================
1 79 70 75 -2 0 10 1.39 M M 3.1 6 250 M M 5 13 M M
2 80 71 76 0 0 11 2.14 M M 1.8 7 130 M M 7 13 M M
3 82 69 76 0 0 11 0.01 M M 3.3 9 270 M M 4 1 M M
4 84 65 75 -1 0 10 0.00 M M 3.9 10 90 M M 1 1 M M
5 89 62 76 0 0 11 0.00 M M 2.2 7 110 M M 0 M M
6 89 64 77 2 0 12 0.00 M M 3.6 8 190 M M 0 M M
7 91 69 80 5 0 15 0.00 M M 6.4 15 240 M M 0 M M
8 89 70 80 6 0 15 0.00 M M 4.6 8 130 M M 0 M M
9 90 67 79 5 0 14 0.00 M M 3.2 12 80 M M 1 1 M M
10 89 66 78 4 0 13 0.00 M M 2.1 7 80 M M 0 12 M M
11 90 67 79 6 0 14 0.00 M M 3.3 8 100 M M 2 1 M M
12 90 67 79 6 0 14 0.00 M M 1.9 8 280 M M 3 12 M M
13 85 70 78 5 0 13 0.00 M M 4.2 8 70 M M 4 1 M M
14 85 63 74 2 0 9 0.00 M M 5.1 12 50 M M 3 17 50
15 86 61 74 2 0 9 0.00 M M 4.6 10 90 M M 0 8 M M
16 87 65 76 5 0 11 0.00 M M 2.3 6 40 M M 5 M M
17 84 66 75 4 0 10 0.00 M M 3.8 8 20 M M 2 1 M M
18 78 57 68 -3 0 3 0.00 M M 4.7 10 50 M M 0 1 17 50
19 75 50 63 -7 2 0 0.00 M M 4.6 9 70 M M 0 16 30
20 79 51 65 -5 0 0 0.00 M M 4.3 10 30 M M 4 M M
21 79 53 66 -3 0 1 0.00 M M 5.0 10 70 M M 1 16 100
22 66 61 64 -5 1 0 0.21 M M 3.4 7 80 M M 8 1 M M
23 62 59 61 -7 4 0 0.42 M M 6.5 14 100 M M 10 1 M M
24 69 57 63 -5 2 0 0.01 M M 3.7 7 30 M M 10 1 M M
25 78 60 69 1 0 4 0.00 M M 3.4 8 170 M M 4 M M
26 76 61 69 2 0 4 0.00 M M 6.4 16 210 M M 3 24 210
27 83 60 72 5 0 7 0.16 M M 5.9 14 300 M M 4 1 25 300
28 72 53 63 -3 2 0 0.49 M M 6.8 13 300 M M 4 20 310
29 71 47 59 -7 6 0 0.00 M M 4.4 15 270 M M 0 21 270
30 84 53 69 3 0 4 0.00 M M 7.0 14 220 M M 0 20 220
================================================================================
SM 2441 1854 17 225 4.83 M 125.5 M 85
================================================================================
AV 81.4 61.8 4.2 FASTST M M 3 MAX(MPH)
MISC ----> # 16 210 # 25 300
================================================================================
NOTES:
# LAST OF SEVERAL OCCURRENCES
COLUMN 17 PEAK WIND IN M.P.H.
PRELIMINARY LOCAL CLIMATOLOGICAL DATA (WS FORM: F-6) , PAGE 2
STATION: Batesville Regional Airport
MONTH: SEPTEMBER
YEAR: 2020
LATITUDE: 35 43 N
LONGITUDE: 91 39 W
[TEMPERATURE DATA] [PRECIPITATION DATA] SYMBOLS USED IN COLUMN 16
AVERAGE MONTHLY: 71.6 TOTAL FOR MONTH: 4.83 1 = FOG OR MIST
DPTR FM NORMAL: 0.1 DPTR FM NORMAL: 1.11 2 = FOG REDUCING VISIBILITY
HIGHEST: 91 ON 7 GRTST 24HR 2.14 ON 2- 2 TO 1/4 MILE OR LESS
LOWEST: 47 ON 29 3 = THUNDER
SNOW, ICE PELLETS, HAIL 4 = ICE PELLETS
TOTAL MONTH: M 5 = HAIL
GRTST 24HR M ON M 6 = FREEZING RAIN OR DRIZZLE
GRTST DEPTH: M ON M 7 = DUSTSTORM OR SANDSTORM:
VSBY 1/2 MILE OR LESS
8 = SMOKE OR HAZE
[NO. OF DAYS WITH] [WEATHER - DAYS WITH] 9 = BLOWING SNOW
X = TORNADO
MAX 32 OR BELOW: 0 0.01 INCH OR MORE: 8
MAX 90 OR ABOVE: 4 0.10 INCH OR MORE: 6
MIN 32 OR BELOW: 0 0.50 INCH OR MORE: 2
MIN 0 OR BELOW: 0 1.00 INCH OR MORE: 2
[HDD (BASE 65) ]
TOTAL THIS MO. 17 CLEAR (SCALE 0-3) 18
DPTR FM NORMAL -10 PTCLDY (SCALE 4-7) 10
TOTAL FM JUL 1 17 CLOUDY (SCALE 8-10) 2
DPTR FM NORMAL -10
[CDD (BASE 65) ]
TOTAL THIS MO. 225
DPTR FM NORMAL 3 [PRESSURE DATA]
TOTAL FM JAN 1 1651 HIGHEST SLP 30.34 ON 5
DPTR FM NORMAL -43 LOWEST SLP 29.73 ON 27
[REMARKS]
#FINAL-09-20#