000
CXUS54 KLZK 011230
CF6BVX
PRELIMINARY LOCAL CLIMATOLOGICAL DATA (WS FORM: F-6)
STATION: BATESVILLE REGIONAL AIRPORT
MONTH: SEPTEMBER
YEAR: 2023
LATITUDE: 35 43 N
LONGITUDE: 91 39 W
TEMPERATURE IN F: :PCPN: SNOW: WIND :SUNSHINE: SKY :PK WND
================================================================================
1 2 3 4 5 6A 6B 7 8 9 10 11 12 13 14 15 16 17 18
12Z AVG MX 2MIN
DY MAX MIN AVG DEP HDD CDD WTR SNW DPTH SPD SPD DIR MIN PSBL S-S WX SPD DR
================================================================================
1 86 57 72 -5 0 7 0.00 M M 3.0 8 80 M M 0 M M
2 91 60 76 0 0 11 0.00 M M 5.2 10 90 M M 1 M M
3 88 73 81 5 0 16 0.00 M M 5.2 12 90 M M 5 M M
4 94 71 83 7 0 18 0.67 M M 4.9 14 120 M M 2 13 23 90
5 89 71 80 4 0 15 0.00 M M 5.7 10 200 M M 6 1 M M
6 92 68 80 5 0 15 0.42 M M 4.7 9 310 M M 2 13 M M
7 87 64 76 1 0 11 0.00 M M 1.2 5 330 M M 0 1 M M
8 84 62 73 -1 0 8 0.02 M M 4.7 10 80 M M 1 18 17 330
9 82 60 71 -3 0 6 T M M 3.9 9 20 M M 1 1 M M
10 86 58 72 -2 0 7 0.00 M M 3.7 9 50 M M 0 M M
11 86 59 73 0 0 8 0.00 M M 1.9 6 99 M M 0 M M
12 75 62 69 -4 0 4 0.06 M M 2.2 7 80 M M 7 1 M M
13 83 58 71 -2 0 6 0.00 M M 3.5 10 80 M M 1 12 M M
14 83 55 69 -3 0 4 0.00 M M 4.6 13 80 M M 0 18 80
15 82 55 69 -3 0 4 0.00 M M 4.1 6 350 M M 0 M M
16 85 57 71 0 0 6 0.00 M M 3.9 7 99 M M 2 M M
17 83 58 71 0 0 6 0.00 M M 5.2 12 290 M M 1 8 20 310
18 84 53 69 -2 0 4 0.00 M M 3.0 6 100 M M 0 1 M M
19 90 57 74 4 0 9 0.00 M M 5.6 9 150 M M 0 M M
20 78 62 70 0 0 5 0.05 M M 2.6 7 80 M M 4 1 M M
21 92 60 76 7 0 11 0.00 M M 4.4 10 110 M M 1 1 M M
22 83 65 74 5 0 9 0.00 M M 3.4 12 260 M M 3 12 M M
23 92 62 77 9 0 12 0.00 M M 4.4 10 120 M M 2 12 M M
24 87 66 77 9 0 12 0.32 M M 3.9 7 280 M M 5 1 M M
25 89 66 78 10 0 13 0.00 M M 2.5 6 310 M M 2 1 M M
26 92 65 79 12 0 14 0.00 M M 2.9 6 270 M M 0 M M
27 93 62 78 11 0 13 0.00 M M 1.4 9 190 M M 0 M M
28 93 64 79 13 0 14 0.00 M M 3.0 10 240 M M 0 M M
29 94 67 81 15 0 16 0.00 M M 4.4 9 160 M M 0 17 160
30 95 63 79 13 0 14 0.00 M M 2.2 10 90 M M 0 M M
================================================================================
SM 2618 1860 0 298 1.54 M 111.3 M 46
================================================================================
AV 87.3 62.0 3.7 FASTST M M 2 MAX(MPH)
MISC ----> 14 120 23 90
================================================================================
NOTES:
# LAST OF SEVERAL OCCURRENCES
COLUMN 17 PEAK WIND IN M.P.H.
PRELIMINARY LOCAL CLIMATOLOGICAL DATA (WS FORM: F-6) , PAGE 2
STATION: BATESVILLE REGIONAL AIRPORT
MONTH: SEPTEMBER
YEAR: 2023
LATITUDE: 35 43 N
LONGITUDE: 91 39 W
[TEMPERATURE DATA] [PRECIPITATION DATA] SYMBOLS USED IN COLUMN 16
AVERAGE MONTHLY: 74.6 TOTAL FOR MONTH: 1.54 1 = FOG OR MIST
DPTR FM NORMAL: 3.1 DPTR FM NORMAL: -2.18 2 = FOG REDUCING VISIBILITY
HIGHEST: 95 ON 30 GRTST 24HR 0.67 ON 4- 4 TO 1/4 MILE OR LESS
LOWEST: 53 ON 18 3 = THUNDER
SNOW, ICE PELLETS, HAIL 4 = ICE PELLETS
TOTAL MONTH: M 5 = HAIL
GRTST 24HR M ON M 6 = FREEZING RAIN OR DRIZZLE
GRTST DEPTH: M ON M 7 = DUSTSTORM OR SANDSTORM:
VSBY 1/2 MILE OR LESS
8 = SMOKE OR HAZE
[NO. OF DAYS WITH] [WEATHER - DAYS WITH] 9 = BLOWING SNOW
X = TORNADO
MAX 32 OR BELOW: 0 0.01 INCH OR MORE: 6
MAX 90 OR ABOVE: 11 0.10 INCH OR MORE: 3
MIN 32 OR BELOW: 0 0.50 INCH OR MORE: 1
MIN 0 OR BELOW: 0 1.00 INCH OR MORE: 0
[HDD (BASE 65) ]
TOTAL THIS MO. 0 CLEAR (SCALE 0-3) 24
DPTR FM NORMAL -27 PTCLDY (SCALE 4-7) 6
TOTAL FM JUL 1 0 CLOUDY (SCALE 8-10) 0
DPTR FM NORMAL -25
[CDD (BASE 65) ]
TOTAL THIS MO. 298
DPTR FM NORMAL 76 [PRESSURE DATA]
TOTAL FM JAN 1 1928 HIGHEST SLP 30.17 ON 10
DPTR FM NORMAL 234 LOWEST SLP 29.86 ON 23
[REMARKS]
#FINAL-09-23#