000
CXUS53 KLMK 010710
CF6BWG
PRELIMINARY LOCAL CLIMATOLOGICAL DATA (WS FORM: F-6)
STATION: BOWLING GREEN KY
MONTH: MARCH
YEAR: 2021
LATITUDE: 36 58 N
LONGITUDE: 86 26 W
TEMPERATURE IN F: :PCPN: SNOW: WIND :SUNSHINE: SKY :PK WND
================================================================================
1 2 3 4 5 6A 6B 7 8 9 10 11 12 13 14 15 16 17 18
12Z AVG MX 2MIN
DY MAX MIN AVG DEP HDD CDD WTR SNW DPTH SPD SPD DIR MIN PSBL S-S WX SPD DR
================================================================================
1 57 37 47 3 18 0 0.16 0.0 0 5.4 13 340 M M 3 1 24 340
2 51 30 41 -3 24 0 0.00 0.0 0 3.2 12 40 M M 0 16 50
3 62 28 45 1 20 0 0.00 0.0 0 3.4 14 220 M M 0 25 210
4 67 34 51 6 14 0 0.00 0.0 0 4.3 12 40 M M 0 17 20
5 50 31 41 -4 24 0 0.00 0.0 0 8.3 18 40 M M 0 26 40
6 54 30 42 -3 23 0 0.00 0.0 0 3.8 16 50 M M 0 26 30
7 61 28 45 -1 20 0 0.00 0.0 0 1.4 10 40 M M 0 15 330
8 67 29 48 2 17 0 0.00 0.0 0 3.6 17 210 M M 0 23 200
9 70 33 52 6 13 0 0.00 0.0 0 5.6 16 180 M M 0 23 190
10 71 52 62 16 3 0 0.00 0.0 0 12.4 23 200 M M 0 35 210
11 73 61 67 20 0 2 0.01 0.0 0 13.3 23 200 M M 9 32 170
12 62 53 58 11 7 0 0.26 0.0 0 3.9 9 30 M M 10 1 14 20
13 58 44 51 3 14 0 0.06 0.0 0 5.6 13 30 M M 8 1 18 40
14 57 43 50 2 15 0 0.00 0.0 0 9.6 20 80 M M 7 27 60
15 63 48 56 8 9 0 0.40 0.0 0 9.0 20 80 M M 7 1 30 80
16 75 50 63 15 2 0 0.00 0.0 0 6.1 15 240 M M 1 1 20 240
17 62 49 56 7 9 0 0.78 0.0 0 6.4 17 180 M M 4 13 25 180
18 64 45 55 6 10 0 0.10 0.0 0 10.4 20 270 M M 9 1 30 270
19 55 39 47 -2 18 0 0.00 0.0 0 11.2 21 40 M M 5 32 50
20 65 32 49 -1 16 0 0.00 0.0 0 4.4 15 70 M M 0 19 50
21 68 33 51 1 14 0 0.00 0.0 0 1.6 9 90 M M 0 12 60
22 71 41 56 6 9 0 0.00 0.0 0 3.1 14 190 M M 3 21 140
23 68 53 61 10 4 0 T 0.0 0 10.6 25 170 M M 6 38 150
24 75 53 64 13 1 0 0.00 0.0 0 8.4 18 210 M M 4 26 210
25 75 49 62 11 3 0 1.00 0.0 0 9.4 23 160 M M 6 13 36 250
26 69 49 59 7 6 0 0.00 0.0 0 5.0 14 240 M M 2 23 240
27 68 46 57 5 8 0 0.36 0.0 0 8.0 22 170 M M 6 13 30 160
28 65 39 52 0 13 0 1.25 0.0 0 10.5 24 280 M M 5 13 37 280
29 63 33 48 -4 17 0 0.00 0.0 0 2.5 12 180 M M M 16 130
30 76 39 58 5 7 0 0.94 0.0 0 9.9 23 180 M M 3 1 32 180
31 62 41 52 -1 13 0 0.13 0.0 0 7.8 16 20 M M 7 1 28 30
================================================================================
SM 2004 1272 371 2 5.45 0.0 208.1 M 105
================================================================================
AV 64.6 41.0 6.7 FASTST M M 4 MAX(MPH)
MISC ----> 25 170 38 150
================================================================================
NOTES:
# LAST OF SEVERAL OCCURRENCES
COLUMN 17 PEAK WIND IN M.P.H.
PRELIMINARY LOCAL CLIMATOLOGICAL DATA (WS FORM: F-6) , PAGE 2
STATION: BOWLING GREEN KY
MONTH: MARCH
YEAR: 2021
LATITUDE: 36 58 N
LONGITUDE: 86 26 W
[TEMPERATURE DATA] [PRECIPITATION DATA] SYMBOLS USED IN COLUMN 16
AVERAGE MONTHLY: 52.8 TOTAL FOR MONTH: 5.45 1 = FOG OR MIST
DPTR FM NORMAL: 4.4 DPTR FM NORMAL: 1.04 2 = FOG REDUCING VISIBILITY
HIGHEST: 76 ON 30 GRTST 24HR 3.83 ON 28- 1 TO 1/4 MILE OR LESS
LOWEST: 28 ON 7, 3 3 = THUNDER
SNOW, ICE PELLETS, HAIL 4 = ICE PELLETS
TOTAL MONTH: 0.0 INCH 5 = HAIL
GRTST 24HR 0.0 6 = FREEZING RAIN OR DRIZZLE
GRTST DEPTH: 0 7 = DUSTSTORM OR SANDSTORM:
VSBY 1/2 MILE OR LESS
8 = SMOKE OR HAZE
[NO. OF DAYS WITH] [WEATHER - DAYS WITH] 9 = BLOWING SNOW
X = TORNADO
MAX 32 OR BELOW: 0 0.01 INCH OR MORE: 12
MAX 90 OR ABOVE: 0 0.10 INCH OR MORE: 10
MIN 32 OR BELOW: 7 0.50 INCH OR MORE: 4
MIN 0 OR BELOW: 0 1.00 INCH OR MORE: 2
[HDD (BASE 65) ]
TOTAL THIS MO. 371 CLEAR (SCALE 0-3) 15
DPTR FM NORMAL -149 PTCLDY (SCALE 4-7) 12
TOTAL FM JUL 1 3418 CLOUDY (SCALE 8-10) 4
DPTR FM NORMAL -300
[CDD (BASE 65) ]
TOTAL THIS MO. 2
DPTR FM NORMAL -3 [PRESSURE DATA]
TOTAL FM JAN 1 2 HIGHEST SLP M ON M
DPTR FM NORMAL -3 LOWEST SLP 29.52 ON 18
[REMARKS]
#FINAL-03-21#