000
CXUS51 KLWX 010820
CF6BWI
PRELIMINARY LOCAL CLIMATOLOGICAL DATA (WS FORM: F-6)
STATION: BALTIMORE MD
MONTH: JANUARY
YEAR: 2022
LATITUDE: 39 10 N
LONGITUDE: 76 40 W
TEMPERATURE IN F: :PCPN: SNOW: WIND :SUNSHINE: SKY :PK WND
================================================================================
1 2 3 4 5 6A 6B 7 8 9 10 11 12 13 14 15 16 17 18
12Z AVG MX 2MIN
DY MAX MIN AVG DEP HDD CDD WTR SNW DPTH SPD SPD DIR MIN PSBL S-S WX SPD DR
================================================================================
1 58 51 55 20 10 0 0.75 0.0 0 3.0 21 290 M M 10 12 28 290
2 65 44 55 20 10 0 0.10 0.0 0 8.1 23 310 M M 10 1 33 300
3 44 20 32 -3 33 0 0.95 6.8 1 8.9 20 20 M M 7 12348 33 10
4 35 15 25 -10 40 0 0.00 0.0 5 2.2 9 200 M M 3 13 200
5 41 23 32 -3 33 0 0.00 0.0 4 3.3 9 230 M M 9 1 17 210
6 41 28 35 0 30 0 0.00 0.0 2 5.9 14 70 M M 8 1 20 40
7 35 20 28 -7 37 0 0.21 3.0 5 13.8 25 270 M M 6 12 35 280
8 33 18 26 -9 39 0 0.00 0.0 2 4.8 13 300 M M 1 24 280
9 44 29 37 3 28 0 0.35 0.0 2 4.0 16 280 M M 8 1 22 280
10 43 26 35 1 30 0 T 0.0 0 14.6 29 290 M M 6 39 280
11 28 20 24 -10 41 0 T T 0 6.9 17 300 M M 3 27 300
12 47 19 33 -1 32 0 0.00 0.0 0 4.0 15 230 M M 5 23 250
13 47 27 37 3 28 0 0.00 0.0 0 2.7 8 70 M M 9 14 50
14 49 30 40 6 25 0 0.00 0.0 0 9.7 20 330 M M 6 34 320
15 30 18 24 -10 41 0 0.00 0.0 0 7.9 15 340 M M 5 27 10
16 42 15 29 -5 36 0 1.31 2.0 0 12.0 31 40 M M 6 146 45 70
17 45 33 39 5 26 0 0.04 T 1 17.0 33 270 M M 9 1 49 280
18 41 25 33 -1 32 0 0.00 0.0 0 10.7 23 280 M M 6 37 270
19 55 26 41 7 24 0 T 0.0 0 7.2 16 210 M M 8 29 200
20 46 25 36 2 29 0 0.40 T 0 6.9 15 350 M M 8 1 23 10
21 26 17 22 -12 43 0 0.00 0.0 0 8.8 14 10 M M 7 25 350
22 34 15 25 -9 40 0 0.00 0.0 0 4.3 13 30 M M 4 17 40
23 40 18 29 -5 36 0 0.00 0.0 0 3.0 12 240 M M 8 18 190
24 42 27 35 1 30 0 0.00 0.0 0 4.4 14 120 M M 7 22 110
25 49 29 39 5 26 0 0.00 0.0 0 5.9 18 310 M M 8 27 310
26 34 18 26 -8 39 0 0.00 0.0 0 5.6 16 290 M M 2 24 310
27 36 13 25 -9 40 0 0.00 0.0 0 3.0 12 240 M M 3 19 140
28 38 30 34 0 31 0 0.13 1.0 0 4.4 13 10 M M 10 1 18 10
29 31 20 26 -8 39 0 0.03 0.5 2 14.1 25 290 M M 6 1 34 290
30 31 14 23 -11 42 0 0.00 0.0 1 6.0 16 300 M M 6 24 290
31 37 23 30 -4 35 0 0.00 0.0 1 6.9 13 50 M M 6 19 20
================================================================================
SM 1267 736 1005 0 4.27 13.3 220.0 M 200
================================================================================
AV 40.9 23.7 7.1 FASTST M M 6 MAX(MPH)
MISC ----> 33 270 49 280
================================================================================
NOTES:
# LAST OF SEVERAL OCCURRENCES
COLUMN 17 PEAK WIND IN M.P.H.
PRELIMINARY LOCAL CLIMATOLOGICAL DATA (WS FORM: F-6) , PAGE 2
STATION: BALTIMORE MD
MONTH: JANUARY
YEAR: 2022
LATITUDE: 39 10 N
LONGITUDE: 76 40 W
[TEMPERATURE DATA] [PRECIPITATION DATA] SYMBOLS USED IN COLUMN 16
AVERAGE MONTHLY: 32.3 TOTAL FOR MONTH: 4.27 1 = FOG OR MIST
DPTR FM NORMAL: -2.0 DPTR FM NORMAL: 1.19 2 = FOG REDUCING VISIBILITY
HIGHEST: 65 ON 2 GRTST 24HR 1.31 ON 16-16 TO 1/4 MILE OR LESS
LOWEST: 13 ON 27 3 = THUNDER
SNOW, ICE PELLETS, HAIL 4 = ICE PELLETS
TOTAL MONTH: 13.3 INCHES 5 = HAIL
GRTST 24HR 6.8 ON 3- 3 6 = FREEZING RAIN OR DRIZZLE
GRTST DEPTH: 5 ON 7, 4 7 = DUSTSTORM OR SANDSTORM:
VSBY 1/2 MILE OR LESS
8 = SMOKE OR HAZE
[NO. OF DAYS WITH] [WEATHER - DAYS WITH] 9 = BLOWING SNOW
X = TORNADO
MAX 32 OR BELOW: 5 0.01 INCH OR MORE: 10
MAX 90 OR ABOVE: 0 0.10 INCH OR MORE: 8
MIN 32 OR BELOW: 28 0.50 INCH OR MORE: 3
MIN 0 OR BELOW: 0 1.00 INCH OR MORE: 1
[HDD (BASE 65) ]
TOTAL THIS MO. 1005 CLEAR (SCALE 0-3) 5
DPTR FM NORMAL 54 PTCLDY (SCALE 4-7) 19
TOTAL FM JUL 1 2268 CLOUDY (SCALE 8-10) 7
DPTR FM NORMAL -344
[CDD (BASE 65) ]
TOTAL THIS MO. 0
DPTR FM NORMAL 0 [PRESSURE DATA]
TOTAL FM JAN 1 0 HIGHEST SLP 30.69 ON 8
DPTR FM NORMAL 0 LOWEST SLP 29.09 ON 17
[REMARKS]
#FINAL-01-22#