000
CXUS55 KPIH 011359
CF6BYI
PRELIMINARY LOCAL CLIMATOLOGICAL DATA (WS FORM: F-6)
STATION: BURLEY ID
MONTH: MARCH
YEAR: 2020
LATITUDE: 42 32 N
LONGITUDE: 113 46 W
TEMPERATURE IN F: :PCPN: SNOW: WIND :SUNSHINE: SKY :PK WND
================================================================================
1 2 3 4 5 6A 6B 7 8 9 10 11 12 13 14 15 16 17 18
12Z AVG MX 2MIN
DY MAX MIN AVG DEP HDD CDD WTR SNW DPTH SPD SPD DIR MIN PSBL S-S WX SPD DR
================================================================================
1 43 26 35 0 30 0 0.04 M M 6.0 14 240 M M 8 1 17 30
2 45 24 35 0 30 0 0.00 M M 14.2 25 250 M M 1 31 260
3 54 29 42 6 23 0 0.00 M M 12.2 24 260 M M 3 33 250
4 57 29 43 7 22 0 0.00 M M 12.1 23 280 M M 0 32 280
5 68 23 46 10 19 0 0.00 M M 7.9 21 210 M M 0 26 210
6 68 30 49 12 16 0 0.00 M M 8.6 29 190 M M 0 35 220
7 60 37 49 12 16 0 0.04 M M 14.0 28 200 M M 4 36 280
8 52 32 42 5 23 0 0.00 M M 6.4 16 250 M M 7 21 260
9 49 31 40 2 25 0 T M M 6.6 16 250 M M 8 21 260
10 55 24 40 2 25 0 0.00 M M 4.5 12 250 M M 1 18 230
11 62 23 43 5 22 0 0.00 M M 8.1 21 260 M M 0 29 260
12 50 24 37 -1 28 0 0.00 M M 12.6 25 250 M M 0 32 250
13 53 16 35 -4 30 0 0.00 M M 7.4 30 200 M M 0 38 210
14 47 37 42 3 23 0 0.59 M M 13.1 35 240 M M 9 1 43 240
15 52 33 43 4 22 0 0.02 M M 6.3 16 60 M M 8 19 50
16 58 37 48 8 17 0 0.00 M M 12.0 18 50 M M 6 25 70
17 62 39 51 11 14 0 0.02 M M 9.4 21 210 M M 8 26 200
18 49 33 41 1 24 0 0.09 M M 6.2 21 260 M M 8 1 27 280
19 50 32 41 1 24 0 T M M 3.9 10 280 M M 9 14 250
20 56 34 45 5 20 0 0.00 M M 6.0 17 200 M M 4 22 200
21 56 36 46 5 19 0 T M M 10.4 20 210 M M 5 24 210
22 57 31 44 3 21 0 0.00 M M 9.0 21 240 M M 0 30 240
23 58 32 45 4 20 0 T M M 8.3 23 270 M M 7 30 320
24 51 30 41 0 24 0 0.04 M M 7.5 21 230 M M 6 33 250
25 47 31 39 -3 26 0 0.01 M M 9.2 18 260 M M 6 26 270
26 46 26 36 -6 29 0 0.00 M M 11.6 20 260 M M 2 30 260
27 44 22 33 -9 32 0 0.00 M M 10.2 21 250 M M 4 26 250
28 50 31 41 -1 24 0 0.00 M M 10.4 22 250 M M 6 25 250
29 52 31 42 0 23 0 T M M 8.3 23 200 M M 9 29 200
30 57 32 45 2 20 0 T M M 9.2 23 280 M M 7 29 270
31 56 35 46 3 19 0 0.18 M M 10.6 31 210 M M 10 8 40 200
================================================================================
SM 1664 930 710 0 1.03 M 282.2 M 146
================================================================================
AV 53.7 30.0 9.1 FASTST M M 5 MAX(MPH)
MISC ----> # 35 240 # 43 240
================================================================================
NOTES:
# LAST OF SEVERAL OCCURRENCES
PRECIPITATION SUSPECT DURING FREEZING/FROZEN EVENTS
COLUMN 17 PEAK WIND IN M.P.H.
PRELIMINARY LOCAL CLIMATOLOGICAL DATA (WS FORM: F-6) , PAGE 2
STATION: BURLEY ID
MONTH: MARCH
YEAR: 2020
LATITUDE: 42 32 N
LONGITUDE: 113 46 W
[TEMPERATURE DATA] [PRECIPITATION DATA] SYMBOLS USED IN COLUMN 16
AVERAGE MONTHLY: 41.8 TOTAL FOR MONTH: 1.03 1 = FOG OR MIST
DPTR FM NORMAL: 2.5 DPTR FM NORMAL: 0.00 2 = FOG REDUCING VISIBILITY
HIGHEST: 68 ON 6, 5 GRTST 24HR 0.59 ON 14-14 TO 1/4 MILE OR LESS
LOWEST: 16 ON 13 3 = THUNDER
SNOW, ICE PELLETS, HAIL 4 = ICE PELLETS
TOTAL MONTH: M 5 = HAIL
GRTST 24HR M ON M 6 = FREEZING RAIN OR DRIZZLE
GRTST DEPTH: M ON M 7 = DUSTSTORM OR SANDSTORM:
VSBY 1/2 MILE OR LESS
8 = SMOKE OR HAZE
[NO. OF DAYS WITH] [WEATHER - DAYS WITH] 9 = BLOWING SNOW
X = TORNADO
MAX 32 OR BELOW: 0 0.01 INCH OR MORE: 9
MAX 90 OR ABOVE: 0 0.10 INCH OR MORE: 2
MIN 32 OR BELOW: 22 0.50 INCH OR MORE: 1
MIN 0 OR BELOW: 0 1.00 INCH OR MORE: 0
[HDD (BASE 65) ]
TOTAL THIS MO. 710 CLEAR (SCALE 0-3) 10
DPTR FM NORMAL -87 PTCLDY (SCALE 4-7) 16
TOTAL FM JUL 1 5425 CLOUDY (SCALE 8-10) 5
DPTR FM NORMAL -394
[CDD (BASE 65) ]
TOTAL THIS MO. 0
DPTR FM NORMAL 0 [PRESSURE DATA]
TOTAL FM JAN 1 0 HIGHEST SLP 30.32 ON 5
DPTR FM NORMAL 0 LOWEST SLP 29.55 ON 14
[REMARKS]
5TH: HIGH OF 68 TIES OLD RECORD SET IN 1968.
6TH: HIGH OF 68 BREAKS OLD RECORD OF 64 SET IN 1986.
14TH: RAINFALL OF 0.59 INCHES BREAKS OLD RECORD OF 0.48 SET IN 1946.
#FINAL-03-20#